{"id":1278,"date":"2018-02-20T16:56:54","date_gmt":"2018-02-20T16:56:54","guid":{"rendered":"http:\/\/www.phys.uaic.ro\/?page_id=1278"},"modified":"2025-01-29T11:27:39","modified_gmt":"2025-01-29T09:27:39","slug":"jijie-roxana-doctorat","status":"publish","type":"page","link":"https:\/\/www.phys.uaic.ro\/old\/index.php\/scoala-doctorala\/sustineri-teze-doctorat\/jijie-roxana-doctorat\/","title":{"rendered":"Sus\u021binerea tezei de doctorat a drd. Jijie Roxana pe 27.10.2016"},"content":{"rendered":"<p>La data de 27.10.2016, ora 11:00, \u00een sala L1, dna JIJIE I. ROXANA va sus\u0163ine, \u00een \u015fedin\u0163\u0103 public\u0103, teza de doctorat cu titlul<\/p>\n<p><b>SYNTHESIS AND CHARACTERIZATION OF COMPLEX NANO-STRUCTURES AT THE INTERFACE WITH BIOLOGICAL MEDIUM \/ SINTEZA \u015eI CARACTERIZAREA DE STRUCTURI POLIMERE COMPLEXE LA INTERFA\u0162A CU MEDIUL BIOLOGIC<\/b><\/p>\n<p>\u00een vederea ob\u0163inerii titlului \u015ftiin\u0163ific de doctor \u00een domeniul FIZIC\u0102.<\/p>\n<p>Comisia de doctorat are urm\u0103toarea componen\u0163\u0103:<\/p>\n<ul>\n<li><b>Pre\u015fedinte<\/b>:\n<ul>\n<li>Prof. univ. Dr. Diana Mihaela Mardare, Universitatea Alexandru Ioan Cuza, Ia\u0219i [ CV ]<\/li>\n<\/ul>\n<\/li>\n<\/ul>\n<ul>\n<li><b>Conduc\u0103tor \u015ftiin\u0163ific<\/b>:\n<ul>\n<li>Prof. Univ. Dr. Nicoleta Dumitra\u015fcu, Universitatea Alexandru Ioan Cuza, Ia\u015fi [ CV en ]<\/li>\n<li>Research Director CNRS Dr. Rabah Boukherroub [ CV en ]<\/li>\n<\/ul>\n<\/li>\n<\/ul>\n<ul>\n<li><b>Referen\u0163i<\/b>:\n<ul>\n<li>Research Director CNRS Dr. Jean-Olivier Durand [ CV en ]<\/li>\n<li>C.S.I Dr. Gheorghe Dinescu, Institutul Na\u0163ional de Fizica Laserilor, Plasm\u0103 \u015fi Radia\u0163ii, M\u0103gurele, Bucure\u015fti [ CV en ]<\/li>\n<li>C.S.I Dr. Mariana Pinteal\u0103, Institutul de Chimie Macromolecular\u0103 Petru Poni, Ia\u015fi [ CV ]<\/li>\n<\/ul>\n<\/li>\n<\/ul>\n<p>Teza poate fi consultat\u0103 la Biblioteca Facult\u0103\u0163ii de Fizic\u0103.<\/p>\n<p>Rezumatul tezei de doctorat<\/p>\n<p>Rezumatul tezei de doctorat in engleza<\/p>\n","protected":false},"excerpt":{"rendered":"<p>La data de 27.10.2016, ora 11:00, \u00een sala L1, dna JIJIE I. ROXANA va sus\u0163ine, \u00een \u015fedin\u0163\u0103 public\u0103, teza de doctorat cu titlul SYNTHESIS AND CHARACTERIZATION OF COMPLEX NANO-STRUCTURES AT THE INTERFACE WITH BIOLOGICAL MEDIUM \/ SINTEZA \u015eI CARACTERIZAREA DE STRUCTURI POLIMERE COMPLEXE LA INTERFA\u0162A CU MEDIUL BIOLOGIC \u00een vederea ob\u0163inerii titlului \u015ftiin\u0163ific de doctor \u00een domeniul FIZIC\u0102.\u2026 <span class=\"read-more\"><a href=\"https:\/\/www.phys.uaic.ro\/old\/index.php\/scoala-doctorala\/sustineri-teze-doctorat\/jijie-roxana-doctorat\/\">Read More &raquo;<\/a><\/span><\/p>\n","protected":false},"author":3,"featured_media":0,"parent":158,"menu_order":0,"comment_status":"closed","ping_status":"closed","template":"","meta":{"footnotes":""},"class_list":["post-1278","page","type-page","status-publish","hentry"],"_links":{"self":[{"href":"https:\/\/www.phys.uaic.ro\/old\/index.php\/wp-json\/wp\/v2\/pages\/1278","targetHints":{"allow":["GET"]}}],"collection":[{"href":"https:\/\/www.phys.uaic.ro\/old\/index.php\/wp-json\/wp\/v2\/pages"}],"about":[{"href":"https:\/\/www.phys.uaic.ro\/old\/index.php\/wp-json\/wp\/v2\/types\/page"}],"author":[{"embeddable":true,"href":"https:\/\/www.phys.uaic.ro\/old\/index.php\/wp-json\/wp\/v2\/users\/3"}],"replies":[{"embeddable":true,"href":"https:\/\/www.phys.uaic.ro\/old\/index.php\/wp-json\/wp\/v2\/comments?post=1278"}],"version-history":[{"count":0,"href":"https:\/\/www.phys.uaic.ro\/old\/index.php\/wp-json\/wp\/v2\/pages\/1278\/revisions"}],"up":[{"embeddable":true,"href":"https:\/\/www.phys.uaic.ro\/old\/index.php\/wp-json\/wp\/v2\/pages\/158"}],"wp:attachment":[{"href":"https:\/\/www.phys.uaic.ro\/old\/index.php\/wp-json\/wp\/v2\/media?parent=1278"}],"curies":[{"name":"wp","href":"https:\/\/api.w.org\/{rel}","templated":true}]}}