{"id":136,"date":"2018-02-14T12:37:30","date_gmt":"2018-02-14T12:37:30","guid":{"rendered":"http:\/\/www.phys.uaic.ro\/?page_id=136"},"modified":"2020-11-28T22:37:54","modified_gmt":"2020-11-28T22:37:54","slug":"centre-grupuri-cercetare","status":"publish","type":"page","link":"https:\/\/www.phys.uaic.ro\/old\/index.php\/cercetare\/centre-grupuri-cercetare\/","title":{"rendered":"Centre \/ grupuri de cercetare"},"content":{"rendered":"<h3>Centre<\/h3>\n<ul>\n<li><a href=\"ce-carpath\">Centrul de excelen\u021b\u0103 CARPATH &#8211; Centrul de cercet\u0103ri aplicate \u00een fizic\u0103 \u0219i tehnologii avansate<\/a><\/li>\n<\/ul>\n<ul>\n<li><a href=\"cc-fizica-materiei-condensate\">Centrul de cercet\u0103ri avansate experimentale \u0219i teoretice \u00een fizica materiei condensate<\/a><\/li>\n<\/ul>\n<ul>\n<li><a href=\"cc-iparc\">Centrul de cercet\u0103ri avansate \u00een fizica plasmei din Ia\u0219i ( IPARC )<\/a><\/li>\n<\/ul>\n<ul>\n<li><a href=\"cc-stiintele-vietii\">Centrul de cercet\u0103ri avansate \u00een \u0219tiin\u021bele vie\u021bii \u0219i nano\u0219tiin\u021be<\/a><\/li>\n<\/ul>\n<h3>Grupuri<\/h3>\n<ul>\n<li><a href=\"gc-biofizica-moleculara\">Grupul de cercetare \u00een biofizic\u0103 molecular\u0103 \u0219i fizica medical\u0103<\/a><\/li>\n<\/ul>\n<ul>\n<li><a href=\"gc-electronica-fizica\">Grupul de cercetare \u00een electronic\u0103 fizic\u0103 \u0219i microunde<\/a><\/li>\n<\/ul>\n<ul>\n<li><a href=\"gc-fizica-dielectricilor\">Grupul de cercetare \u00een fizica dielectricilor, feroelectricilor \u0219i multiferoicilor<\/a><\/li>\n<\/ul>\n<ul>\n<li><a href=\"gc-energii-inalte\">Grupul de cercetare \u00een fizica energiilor \u00eenalte<\/a><\/li>\n<\/ul>\n<ul>\n<li><a href=\"gc-magnetism\">Grupul de cercetare &#8211; Magnetism-modelare<\/a><\/li>\n<\/ul>\n<ul>\n<li><a href=\"gc-materiale-magnetice\">Grupul de materiale magnetice pentru aplica\u021bii tehnologice<\/a><\/li>\n<\/ul>\n<ul>\n<li><a href=\"gc-fizica-materiei-condensate\">Grupul de cercetare \u00een fizica materiei condensate \u0219i aplica\u021bii func\u021bionale avansate<\/a><\/li>\n<\/ul>\n<ul>\n<li><a href=\"gc-sisteme-complexe\">Grupul de cercetare a sistemelor complexe, autoorganizare, spectroscopie \u0219i laseri<\/a><\/li>\n<\/ul>\n<ul>\n<li><a href=\"gc-fizica-teoretica\">Grupul de cercetare \u00een fizic\u0103 teoretic\u0103<\/a><\/li>\n<\/ul>\n","protected":false},"excerpt":{"rendered":"<p>Centre Centrul de excelen\u021b\u0103 CARPATH &#8211; Centrul de cercet\u0103ri aplicate \u00een fizic\u0103 \u0219i tehnologii avansate Centrul de cercet\u0103ri avansate experimentale \u0219i teoretice \u00een fizica materiei condensate Centrul de cercet\u0103ri avansate \u00een fizica plasmei din Ia\u0219i ( IPARC ) Centrul de cercet\u0103ri avansate \u00een \u0219tiin\u021bele vie\u021bii \u0219i nano\u0219tiin\u021be Grupuri Grupul de cercetare \u00een biofizic\u0103 molecular\u0103 \u0219i fizica medical\u0103 Grupul\u2026 <span class=\"read-more\"><a href=\"https:\/\/www.phys.uaic.ro\/old\/index.php\/cercetare\/centre-grupuri-cercetare\/\">Read More &raquo;<\/a><\/span><\/p>\n","protected":false},"author":3,"featured_media":0,"parent":50,"menu_order":0,"comment_status":"closed","ping_status":"closed","template":"","meta":{"footnotes":""},"class_list":["post-136","page","type-page","status-publish","hentry"],"_links":{"self":[{"href":"https:\/\/www.phys.uaic.ro\/old\/index.php\/wp-json\/wp\/v2\/pages\/136","targetHints":{"allow":["GET"]}}],"collection":[{"href":"https:\/\/www.phys.uaic.ro\/old\/index.php\/wp-json\/wp\/v2\/pages"}],"about":[{"href":"https:\/\/www.phys.uaic.ro\/old\/index.php\/wp-json\/wp\/v2\/types\/page"}],"author":[{"embeddable":true,"href":"https:\/\/www.phys.uaic.ro\/old\/index.php\/wp-json\/wp\/v2\/users\/3"}],"replies":[{"embeddable":true,"href":"https:\/\/www.phys.uaic.ro\/old\/index.php\/wp-json\/wp\/v2\/comments?post=136"}],"version-history":[{"count":0,"href":"https:\/\/www.phys.uaic.ro\/old\/index.php\/wp-json\/wp\/v2\/pages\/136\/revisions"}],"up":[{"embeddable":true,"href":"https:\/\/www.phys.uaic.ro\/old\/index.php\/wp-json\/wp\/v2\/pages\/50"}],"wp:attachment":[{"href":"https:\/\/www.phys.uaic.ro\/old\/index.php\/wp-json\/wp\/v2\/media?parent=136"}],"curies":[{"name":"wp","href":"https:\/\/api.w.org\/{rel}","templated":true}]}}