{"id":13730,"date":"2021-09-02T19:58:49","date_gmt":"2021-09-02T19:58:49","guid":{"rendered":"https:\/\/www.phys.uaic.ro\/?page_id=13730"},"modified":"2024-10-25T11:47:15","modified_gmt":"2024-10-25T08:47:15","slug":"vaideanu-dorin-doctorat","status":"publish","type":"page","link":"https:\/\/www.phys.uaic.ro\/old\/index.php\/scoala-doctorala\/sustineri-teze-doctorat\/vaideanu-dorin-doctorat\/","title":{"rendered":"Sus\u021binerea tezei de doctorat a drd. V\u0103ideanu Dorin pe 29.09.2021"},"content":{"rendered":"<p>La data de 29.09.2021, ora 17:00, pe platforma Cisco Webex, dl V\u0102IDEANU DORIN va sus\u0163ine, \u00een \u015fedin\u0163\u0103 public\u0103 online, teza de doctorat cu titlul<\/p>\n<p><b>CONTRIBU\u0162II EXPERIMENTALE \u015eI TEORETICE PRIVIND PROPRIET\u0102\u0162ILE \u015eI COMPORTAMENTUL LEMNULUI LICHID \u00ceN FORMA DE PREZENTARE ARBOBLEND V2 <\/b><\/p>\n<p>\u00een vederea ob\u0163inerii titlului \u015ftiin\u0163ific de doctor \u00een domeniul FIZIC\u0102.<\/p>\n<p>CV V\u0103ideanu Dorin<\/p>\n<p>Comisia de doctorat are urm\u0103toarea componen\u0163\u0103:<\/p>\n<ul>\n<li><b>Pre\u015fedinte<\/b>:\n<ul>\n<li>Prof. univ. Dr. Diana Mihaela Mardare, Universitatea Alexandru Ioan Cuza din Ia\u0219i [ CV ]<\/li>\n<\/ul>\n<\/li>\n<\/ul>\n<ul>\n<li><b>Conduc\u0103tor \u015ftiin\u0163ific<\/b>:\n<ul>\n<li>Prof. univ. Dr. Maricel Agop, Universitatea Alexandru Ioan Cuza din Ia\u0219i [ <a href=\"https:\/\/www.phys.uaic.ro\/wp-content\/uploads\/2023\/03\/CV-2021-AGOP-ro.pdf\" target=\"_blank\" rel=\"noopener\">CV<\/a> ]<\/li>\n<\/ul>\n<\/li>\n<\/ul>\n<ul>\n<li><b>Referen\u0163i<\/b>:\n<ul>\n<li>Prof. univ. Dr. habil. Liviu Leontie, Universitatea Alexandru Ioan Cuza din Ia\u0219i [ <a href=\"https:\/\/www.phys.uaic.ro\/wp-content\/uploads\/2024\/09\/CV-plus-Anexa-Leontie-Liviu-RO-2024.pdf\" target=\"_blank\" rel=\"noopener\">CV<\/a> ]<\/li>\n<li>Prof.univ.dr. Dumitru Nedelcu, Universitatea Tehnic\u0103 Gh. Asachi Ia\u015fi [ CV ]<\/li>\n<li>Prof.univ.dr. Viorel Puiu P\u0103un, Universitatea Politehnic\u0103 Bucure\u015fti [ <a href=\"https:\/\/www.phys.uaic.ro\/wp-content\/uploads\/2022\/09\/Viorel-Puiu_PAUN_CV_SDSA_2020.pdf\" target=\"_blank\" rel=\"noopener\">CV<\/a> ]<\/li>\n<\/ul>\n<\/li>\n<\/ul>\n<p>Persoanele care doresc s\u0103 vizioneze sus\u021binerea trebuie s\u0103 se conecteze la platforma Cisco Webex \u00eentr-unul din modurile:<\/p>\n<ul>\n<li>link direct din browser\n<ul style=\"list-style-type: none;\">\n<li>https:\/\/uaic.webex.com\/uaic\/j.php?MTID=m32ac4db02413417d53031b865c047ef0<\/li>\n<\/ul>\n<\/li>\n<li>direct din aplica\u0163ie\n<ul style=\"list-style-type: none;\">\n<li><b>Meeting number (access code): 2730 140 3390<\/b><\/li>\n<li><b>Meeting password: v2A3MqPNrN7<\/b><\/li>\n<\/ul>\n<\/li>\n<\/ul>\n<p>\u00cent\u00e2lnirea este programat\u0103 s\u0103 \u00eenceap\u0103 la 17:00.<\/p>\n<p><b><span style=\"color: #ff0000;\">Aten\u021bie! \u00cent\u00e2lnirea este \u00eenregistrat\u0103 audio-video, autentificarea dumneavoastr\u0103 se consider\u0103 acordul pentru \u00eenregistrare.<\/span><\/b><\/p>\n<p>Teza poate fi consultat\u0103 la Biblioteca Facult\u0103\u0163ii de Fizic\u0103.<\/p>\n<ul>\n<li>Rezumatul tezei de doctorat<\/li>\n<\/ul>\n","protected":false},"excerpt":{"rendered":"<p>La data de 29.09.2021, ora 17:00, pe platforma Cisco Webex, dl V\u0102IDEANU DORIN va sus\u0163ine, \u00een \u015fedin\u0163\u0103 public\u0103 online, teza de doctorat cu titlul CONTRIBU\u0162II EXPERIMENTALE \u015eI TEORETICE PRIVIND PROPRIET\u0102\u0162ILE \u015eI COMPORTAMENTUL LEMNULUI LICHID \u00ceN FORMA DE PREZENTARE ARBOBLEND V2 \u00een vederea ob\u0163inerii titlului \u015ftiin\u0163ific de doctor \u00een domeniul FIZIC\u0102. CV V\u0103ideanu Dorin Comisia de doctorat are urm\u0103toarea\u2026 <span class=\"read-more\"><a href=\"https:\/\/www.phys.uaic.ro\/old\/index.php\/scoala-doctorala\/sustineri-teze-doctorat\/vaideanu-dorin-doctorat\/\">Read More &raquo;<\/a><\/span><\/p>\n","protected":false},"author":3,"featured_media":0,"parent":158,"menu_order":0,"comment_status":"closed","ping_status":"closed","template":"","meta":{"footnotes":""},"class_list":["post-13730","page","type-page","status-publish","hentry"],"_links":{"self":[{"href":"https:\/\/www.phys.uaic.ro\/old\/index.php\/wp-json\/wp\/v2\/pages\/13730","targetHints":{"allow":["GET"]}}],"collection":[{"href":"https:\/\/www.phys.uaic.ro\/old\/index.php\/wp-json\/wp\/v2\/pages"}],"about":[{"href":"https:\/\/www.phys.uaic.ro\/old\/index.php\/wp-json\/wp\/v2\/types\/page"}],"author":[{"embeddable":true,"href":"https:\/\/www.phys.uaic.ro\/old\/index.php\/wp-json\/wp\/v2\/users\/3"}],"replies":[{"embeddable":true,"href":"https:\/\/www.phys.uaic.ro\/old\/index.php\/wp-json\/wp\/v2\/comments?post=13730"}],"version-history":[{"count":0,"href":"https:\/\/www.phys.uaic.ro\/old\/index.php\/wp-json\/wp\/v2\/pages\/13730\/revisions"}],"up":[{"embeddable":true,"href":"https:\/\/www.phys.uaic.ro\/old\/index.php\/wp-json\/wp\/v2\/pages\/158"}],"wp:attachment":[{"href":"https:\/\/www.phys.uaic.ro\/old\/index.php\/wp-json\/wp\/v2\/media?parent=13730"}],"curies":[{"name":"wp","href":"https:\/\/api.w.org\/{rel}","templated":true}]}}