{"id":15083,"date":"2022-02-05T14:28:42","date_gmt":"2022-02-05T14:28:42","guid":{"rendered":"https:\/\/www.phys.uaic.ro\/?page_id=15083"},"modified":"2022-02-14T13:29:33","modified_gmt":"2022-02-14T13:29:33","slug":"restante-si-mariri-14-20-februarie-2022","status":"publish","type":"page","link":"https:\/\/www.phys.uaic.ro\/old\/index.php\/restante-si-mariri-14-20-februarie-2022\/","title":{"rendered":"Restan\u021be \u0219i m\u0103riri: 14-20 februarie 2022"},"content":{"rendered":"<h1><b>M\u0103riri<\/b><\/h1>\n<p>Studen\u021bii care doresc s\u0103 fie reevalua\u021bi \u00een vederea m\u0103ririi notei vor completa o cerere (prevedere expres\u0103 a Regulamentelor de studii) dup\u0103 urm\u0103torul model: <a href=\"https:\/\/www.phys.uaic.ro\/old\/wp-content\/uploads\/2022\/01\/cerere_marire_nota.pdf\">cerere_marire_nota <\/a><img decoding=\"async\" style=\"vertical-align: top; width: 20px; height: 20px;\" src=\"http:\/\/www.phys.uaic.ro\/wp\/imagini\/pdf-icon.png\" alt=\"pdf\" \/>. Cererea, dup\u0103 datare \u0219i semnare, va fi scanat\u0103\/fotografiat\u0103, trimis\u0103 pe adresa <span style=\"color: blue;\">fizica@uaic.ro<\/span>\u00a0\u0219i pe adresa cadrului didactic p\u00e2n\u0103 la data de <span style=\"color: #ff0000;\"><strong>9 februarie 2022<\/strong><\/span>.<\/p>\n<h1><b>Restan\u021be<\/b><\/h1>\n<p>Studen\u021bii care au restan\u021be vor putea sus\u021bine examenele doar dac\u0103:<\/p>\n<ul>\n<li>au completat o cerere \u00een acest sens (<a href=\"https:\/\/www.phys.uaic.ro\/old\/wp-content\/uploads\/2022\/01\/cerere-restante.pdf\">cerere restante (format pdf)<\/a> <img decoding=\"async\" style=\"vertical-align: top; width: 20px; height: 20px;\" src=\"http:\/\/www.phys.uaic.ro\/wp\/imagini\/pdf-icon.png\" alt=\"pdf\" \/> \u0219i <a href=\"https:\/\/www.phys.uaic.ro\/old\/wp-content\/uploads\/2022\/01\/cerere-restante.docx\">cerere restante (format docx)<\/a>\u00a0\u00a0<img decoding=\"async\" style=\"vertical-align: top; width: 20px; height: 20px;\" src=\"http:\/\/www.phys.uaic.ro\/wp\/imagini\/doc-icon.png\" alt=\"doc\" \/>) p\u00e2n\u0103 la data de <span style=\"color: #ff0000;\"><strong>9 februarie 2022<span style=\"color: #000000;\">, <\/span><\/strong><span style=\"color: #000000;\">trimis\u0103 pe adresa <\/span><span style=\"color: #000000;\"><span style=\"color: #3366ff;\">fizica@uaic.ro<\/span>\u00a0\u0219i pe adresa cadrului didactic<\/span><\/span>;<\/li>\n<li>au f\u0103cut dovada achit\u0103rii taxei pentru refacerea activit\u0103\u021bii didactice (pentru sus\u021binerea unei restan\u021be din anul precedent).<\/li>\n<li>taxa pentru refacerea activit\u0103\u021bii didactice se achit\u0103 la orice sucursal\u0103 BRD, specific\u00e2nd codurile:\n<ul>\n<li style=\"list-style-type: none;\">\n<ul>\n<li>pentru studiile de licen\u0163\u0103: 1261 \u0219i 35<\/li>\n<li>pentru studiile de master: 2407 \u0219i 35.<\/li>\n<\/ul>\n<\/li>\n<\/ul>\n<\/li>\n<\/ul>\n<p>Studen\u021bii care au restan\u021be din anul curent \u0219i au sus\u021binut un examen cel mult o dat\u0103 \u0219i nu l-au promovat nu vor pl\u0103ti tax\u0103 de reexaminare (Art.50. Orice student beneficiaz\u0103, la Universitatea \u201eAlexandru Ioan Cuza\u201d din Ia\u0219i, de posibilitatea de a se prezenta, \u00een mod gratuit, la dou\u0103 evalu\u0103ri finale (inclusiv la colocviile de practic\u0103) pentru fiecare disciplin\u0103 studiat\u0103 pe parcursul anului universitar conform planului de \u00eenv\u0103\u021b\u0103m\u00e2nt din anul universitar \u00een care s-a \u00eenscris.)<\/p>\n<h1>Program\u0103ri<\/h1>\n<p><a href=\"https:\/\/www.phys.uaic.ro\/old\/wp-content\/uploads\/2022\/02\/PROGRAMAREA_EXAMENELOR_restante_LICENTA_febr_2022.pdf\">Programarea examenelor pentru restan\u021be \u0219i m\u0103riri licen\u021b\u0103 \u2013 14.02.2022-20.02.2022 <i class=\"fas fa-file-pdf \"><\/i><\/a><\/p>\n<p><a href=\"https:\/\/www.phys.uaic.ro\/old\/wp-content\/uploads\/2022\/02\/PROGRAMAREA-EXAMENELOR-restante-MASTER-febr-2022_0902.pdf\">Programarea examenelor pentru restan\u021be \u0219i m\u0103riri master \u2013 14.02.2022-20.02.2022 <i class=\"fas fa-file-pdf \"><\/i><\/a><\/p>\n<p><a href=\"https:\/\/www.phys.uaic.ro\/old\/wp-content\/uploads\/2022\/02\/Programarea_restante_14feb20feb2022.pdf\">Programarea examenelor pentru restan\u021be \u0219i m\u0103riri licen\u021b\u0103 Extensiunea B\u0103l\u021bi &#8211; 14.02.2022-20.02.2022\u00a0<\/a> <i class=\"fas fa-file-pdf \"><\/i><\/p>\n","protected":false},"excerpt":{"rendered":"<p>M\u0103riri Studen\u021bii care doresc s\u0103 fie reevalua\u021bi \u00een vederea m\u0103ririi notei vor completa o cerere (prevedere expres\u0103 a Regulamentelor de studii) dup\u0103 urm\u0103torul model: cerere_marire_nota . Cererea, dup\u0103 datare \u0219i semnare, va fi scanat\u0103\/fotografiat\u0103, trimis\u0103 pe adresa fizica@uaic.ro\u00a0\u0219i pe adresa cadrului didactic p\u00e2n\u0103 la data de 9 februarie 2022. Restan\u021be Studen\u021bii care au restan\u021be vor putea sus\u021bine examenele\u2026 <span class=\"read-more\"><a href=\"https:\/\/www.phys.uaic.ro\/old\/index.php\/restante-si-mariri-14-20-februarie-2022\/\">Read More &raquo;<\/a><\/span><\/p>\n","protected":false},"author":3,"featured_media":0,"parent":0,"menu_order":0,"comment_status":"closed","ping_status":"closed","template":"","meta":{"footnotes":""},"class_list":["post-15083","page","type-page","status-publish","hentry"],"_links":{"self":[{"href":"https:\/\/www.phys.uaic.ro\/old\/index.php\/wp-json\/wp\/v2\/pages\/15083","targetHints":{"allow":["GET"]}}],"collection":[{"href":"https:\/\/www.phys.uaic.ro\/old\/index.php\/wp-json\/wp\/v2\/pages"}],"about":[{"href":"https:\/\/www.phys.uaic.ro\/old\/index.php\/wp-json\/wp\/v2\/types\/page"}],"author":[{"embeddable":true,"href":"https:\/\/www.phys.uaic.ro\/old\/index.php\/wp-json\/wp\/v2\/users\/3"}],"replies":[{"embeddable":true,"href":"https:\/\/www.phys.uaic.ro\/old\/index.php\/wp-json\/wp\/v2\/comments?post=15083"}],"version-history":[{"count":0,"href":"https:\/\/www.phys.uaic.ro\/old\/index.php\/wp-json\/wp\/v2\/pages\/15083\/revisions"}],"wp:attachment":[{"href":"https:\/\/www.phys.uaic.ro\/old\/index.php\/wp-json\/wp\/v2\/media?parent=15083"}],"curies":[{"name":"wp","href":"https:\/\/api.w.org\/{rel}","templated":true}]}}