{"id":1526,"date":"2018-02-21T16:58:54","date_gmt":"2018-02-21T16:58:54","guid":{"rendered":"http:\/\/www.phys.uaic.ro\/?page_id=1526"},"modified":"2024-05-09T08:07:18","modified_gmt":"2024-05-09T05:07:18","slug":"doctor-honoris-causa","status":"publish","type":"page","link":"https:\/\/www.phys.uaic.ro\/old\/index.php\/organizare\/titluri-onorifice\/doctor-honoris-causa\/","title":{"rendered":""},"content":{"rendered":"<p style=\"text-align: center; font-size: 16px;\">Lista personalit\u0103\u0163ilor c\u0103rora li s-a acordat titlul de<br \/>\n<span style=\"font-size: 18px;\"><b>Doctor Honoris Causa<\/b><\/span><br \/>\nal Universit\u0103\u0163ii Alexandru Ioan Cuza din Ia\u015fi<br \/>\nla propunerea Facult\u0103\u021bii de Fizic\u0103<\/p>\n<ol>\n<li>Prof. univ. dr. <b>Camille GUTTON<\/b>, Universitatea din Nancy, mai 1938<\/li>\n<li>Prof. univ. dr. <b>Aim\u00e9 COTTON<\/b>, Universitatea din Paris (Sorbona), Fran\u021ba, mai 1938<\/li>\n<li>Acad. Prof. univ. dr. <b>Horia HULUBEI<\/b>, Universitatea din Bucure\u0219ti, Rom\u00e2nia, 23 noiembrie 1966<\/li>\n<li>Prof. univ. dr. <b>Toshitaka NABESHIMA<\/b>, Universitatea Nagoya, Japonia, 3 noiembrie 1998<\/li>\n<li>Prof. univ. dr. <b>Radu B\u0102LESCU<\/b>, Universitatea Liber\u0103 din Bruxelles, Belgia, 26 septembrie 2000<\/li>\n<li>Prof. univ. dr. <b>Basarab NICOLESCU<\/b>, Centrul Na\u0163ional al Cercet\u0103rii \u015etiin\u0163ifice, Paris, Fran\u0163a, 26 octombrie 2000<\/li>\n<li>Prof. univ. dr. <a href=\"https:\/\/www.uaic.ro\/wp-content\/uploads\/2013\/12\/Laudatio_-Roman-Wolfgang-Schrittwieser_RO_final.pdf\"><b>Roman Wolfgang SCHRITTWIESER<\/b><\/a>, Universitatea din Innsbruck, Austria, 29 aprilie 2015<\/li>\n<li>Prof. univ. dr. <a href=\"http:\/\/www.uaic.ro\/wp-content\/uploads\/2013\/12\/Laudatio_-Rolf-HEMPELMANN_RO_final.pdf\"><b>Rolf HEMPELMANN<\/b><\/a>, Universitatea din Saarland, Saarbr\u00fccken, Germania, 18 mai 2017<\/li>\n<li>Dr. <a href=\"https:\/\/www.uaic.ro\/wp-content\/uploads\/2023\/05\/Laudatio_Dumitru-Prunariu_FINAL.pdf\"><b>Dumitru Dorin PRUNARIU<\/b><\/a>, 22 mai 2023<\/li>\n<\/ol>\n","protected":false},"excerpt":{"rendered":"<p>Lista personalit\u0103\u0163ilor c\u0103rora li s-a acordat titlul de Doctor Honoris Causa al Universit\u0103\u0163ii Alexandru Ioan Cuza din Ia\u015fi la propunerea Facult\u0103\u021bii de Fizic\u0103 Prof. univ. dr. Camille GUTTON, Universitatea din Nancy, mai 1938 Prof. univ. dr. Aim\u00e9 COTTON, Universitatea din Paris (Sorbona), Fran\u021ba, mai 1938 Acad. Prof. univ. dr. Horia HULUBEI, Universitatea din Bucure\u0219ti, Rom\u00e2nia, 23 noiembrie 1966\u2026 <span class=\"read-more\"><a href=\"https:\/\/www.phys.uaic.ro\/old\/index.php\/organizare\/titluri-onorifice\/doctor-honoris-causa\/\">Read More &raquo;<\/a><\/span><\/p>\n","protected":false},"author":3,"featured_media":0,"parent":1521,"menu_order":0,"comment_status":"closed","ping_status":"closed","template":"","meta":{"footnotes":""},"class_list":["post-1526","page","type-page","status-publish","hentry"],"_links":{"self":[{"href":"https:\/\/www.phys.uaic.ro\/old\/index.php\/wp-json\/wp\/v2\/pages\/1526","targetHints":{"allow":["GET"]}}],"collection":[{"href":"https:\/\/www.phys.uaic.ro\/old\/index.php\/wp-json\/wp\/v2\/pages"}],"about":[{"href":"https:\/\/www.phys.uaic.ro\/old\/index.php\/wp-json\/wp\/v2\/types\/page"}],"author":[{"embeddable":true,"href":"https:\/\/www.phys.uaic.ro\/old\/index.php\/wp-json\/wp\/v2\/users\/3"}],"replies":[{"embeddable":true,"href":"https:\/\/www.phys.uaic.ro\/old\/index.php\/wp-json\/wp\/v2\/comments?post=1526"}],"version-history":[{"count":0,"href":"https:\/\/www.phys.uaic.ro\/old\/index.php\/wp-json\/wp\/v2\/pages\/1526\/revisions"}],"up":[{"embeddable":true,"href":"https:\/\/www.phys.uaic.ro\/old\/index.php\/wp-json\/wp\/v2\/pages\/1521"}],"wp:attachment":[{"href":"https:\/\/www.phys.uaic.ro\/old\/index.php\/wp-json\/wp\/v2\/media?parent=1526"}],"curies":[{"name":"wp","href":"https:\/\/api.w.org\/{rel}","templated":true}]}}