{"id":1528,"date":"2018-02-21T17:01:35","date_gmt":"2018-02-21T17:01:35","guid":{"rendered":"http:\/\/www.phys.uaic.ro\/?page_id=1528"},"modified":"2024-05-09T08:04:55","modified_gmt":"2024-05-09T05:04:55","slug":"profesor-onoare","status":"publish","type":"page","link":"https:\/\/www.phys.uaic.ro\/old\/index.php\/organizare\/titluri-onorifice\/profesor-onoare\/","title":{"rendered":""},"content":{"rendered":"<p style=\"text-align: center; font-size: 16px;\">Lista personalit\u0103\u0163ilor c\u0103rora li s-a acordat titlul de<br \/>\n<span style=\"font-size: 18px;\"><b>Profesor de Onoare<\/b><\/span><br \/>\nal Universit\u0103\u0163ii Alexandru Ioan Cuza din Ia\u015fi<br \/>\nla propunerea Facult\u0103\u021bii de Fizic\u0103<\/p>\n<ol>\n<li>Prof. univ. dr. <b>Kazuyuki OHE<\/b>, Institutul de Tehnologie din Nagoya, Japonia, 2000<\/li>\n<li>Prof. univ. dr. <b>Claire DEMUYNCK<\/b>, Universitatea de \u0218tiin\u021be \u0219i Tehnologii din Lille, Fran\u021ba, 2003<\/li>\n<li>Prof. univ. dr. <b>Siegbert KUHN<\/b>, Universitatea din Innsbruck, Austria, 2003<\/li>\n<li>Prof. univ. dr. <b>Jean BRETAGNE<\/b>, Universitatea Paris Sud Orsay, Fran\u021ba, 2003<\/li>\n<li>Prof. univ. dr. <b>Roman SCHRITTWIESER<\/b>, Universitatea din Innsbruck, Austria, 2003<\/li>\n<li>Prof. univ. dr. <a href=\"http:\/\/www.uaic.ro\/wp-content\/uploads\/2013\/12\/LaudatioROKandofinal.pdf\"><b>Masashi KANDO<\/b><\/a>, Universitatea Shizuoka, Japonia, septembrie 2011<\/li>\n<li>Prof. univ. dr. <b>Masaaki NAGATSU<\/b>, Universitatea Shizuoka, Japonia, iulie 2015<\/li>\n<li>Prof. univ. dr. <a href=\"http:\/\/www.uaic.ro\/wp-content\/uploads\/2013\/12\/Laudatio-Evangelos-Vitoratos_RO_final-1.pdf\"><b>Evangelos VITORATOS<\/b><\/a>, Universitatea din Patras, Grecia, 18 mai 2017<\/li>\n<li>Prof. univ. dr. <a href=\"https:\/\/www.uaic.ro\/wp-content\/uploads\/2024\/05\/interior-text-bro%C8%99ur%C4%83-Laudatio_Cristian-FOC%C8%98A_final.pdf\"><b>Cristian FOCSA<\/b><\/a>, Universitatea din Lille, Franta, 8 mai 2024<\/li>\n<\/ol>\n","protected":false},"excerpt":{"rendered":"<p>Lista personalit\u0103\u0163ilor c\u0103rora li s-a acordat titlul de Profesor de Onoare al Universit\u0103\u0163ii Alexandru Ioan Cuza din Ia\u015fi la propunerea Facult\u0103\u021bii de Fizic\u0103 Prof. univ. dr. Kazuyuki OHE, Institutul de Tehnologie din Nagoya, Japonia, 2000 Prof. univ. dr. Claire DEMUYNCK, Universitatea de \u0218tiin\u021be \u0219i Tehnologii din Lille, Fran\u021ba, 2003 Prof. univ. dr. Siegbert KUHN, Universitatea din Innsbruck, Austria,\u2026 <span class=\"read-more\"><a href=\"https:\/\/www.phys.uaic.ro\/old\/index.php\/organizare\/titluri-onorifice\/profesor-onoare\/\">Read More &raquo;<\/a><\/span><\/p>\n","protected":false},"author":3,"featured_media":0,"parent":1521,"menu_order":0,"comment_status":"closed","ping_status":"closed","template":"","meta":{"footnotes":""},"class_list":["post-1528","page","type-page","status-publish","hentry"],"_links":{"self":[{"href":"https:\/\/www.phys.uaic.ro\/old\/index.php\/wp-json\/wp\/v2\/pages\/1528","targetHints":{"allow":["GET"]}}],"collection":[{"href":"https:\/\/www.phys.uaic.ro\/old\/index.php\/wp-json\/wp\/v2\/pages"}],"about":[{"href":"https:\/\/www.phys.uaic.ro\/old\/index.php\/wp-json\/wp\/v2\/types\/page"}],"author":[{"embeddable":true,"href":"https:\/\/www.phys.uaic.ro\/old\/index.php\/wp-json\/wp\/v2\/users\/3"}],"replies":[{"embeddable":true,"href":"https:\/\/www.phys.uaic.ro\/old\/index.php\/wp-json\/wp\/v2\/comments?post=1528"}],"version-history":[{"count":0,"href":"https:\/\/www.phys.uaic.ro\/old\/index.php\/wp-json\/wp\/v2\/pages\/1528\/revisions"}],"up":[{"embeddable":true,"href":"https:\/\/www.phys.uaic.ro\/old\/index.php\/wp-json\/wp\/v2\/pages\/1521"}],"wp:attachment":[{"href":"https:\/\/www.phys.uaic.ro\/old\/index.php\/wp-json\/wp\/v2\/media?parent=1528"}],"curies":[{"name":"wp","href":"https:\/\/api.w.org\/{rel}","templated":true}]}}