{"id":15432,"date":"2022-03-11T11:24:45","date_gmt":"2022-03-11T11:24:45","guid":{"rendered":"https:\/\/www.phys.uaic.ro\/?page_id=15432"},"modified":"2022-09-23T11:18:06","modified_gmt":"2022-09-23T08:18:06","slug":"sesiunea-septembrie-2022","status":"publish","type":"page","link":"https:\/\/www.phys.uaic.ro\/old\/index.php\/sesiunea-septembrie-2022\/","title":{"rendered":"Sesiunea septembrie 2022"},"content":{"rendered":"<p>https:\/\/www.phys.uaic.ro\/old\/index.php\/2022\/09\/23\/sesiunea-2-admitere-doctorat-2022\/<\/p>\n<p>&nbsp;<\/p>\n<p><span style=\"color: #ff0000;\"><b>Rezultatele admiterii<\/b><\/span><\/p>\n<ul>\n<li><a href=\"https:\/\/www.phys.uaic.ro\/old\/wp-content\/uploads\/2022\/09\/admisi_doctorat_2022.pdf\">Candidatii declarati admisi la buget la Scoala doctorala a Facultatii de Fizica<\/a>\u00a0 \u2013 sesiunea septembrie 2022<\/li>\n<\/ul>\n<p><b>Calendarul admiterii<\/b> la studiile universitare de doctorat pentru anul universitar 2022-2023:<\/p>\n<ul>\n<li>\u00eenscrierea candida\u021bilor: 01 &#8211; 06 septembrie (cu exceptia zilelor de 03 \u0219i 04 septembrie);<\/li>\n<li>selec\u021bia candida\u021bilor: 07 &#8211; 12 septembrie 2022 (cu exceptia zilelor de 10 \u0219i 11 septembrie); <strong><br \/>\n<\/strong><\/li>\n<li>afi\u0219area rezultatelor: 13 septembrie;<\/li>\n<li>contesta\u021bii (doar pentru proba scris\u0103): 14 septembrie;<\/li>\n<li>afi\u0219area rezultatelor: 16 septembrie;<\/li>\n<li>afi\u0219area listei finale cu candida\u021bii declara\u021bi admi\u0219i: 20 septembrie;<\/li>\n<li>confirmarea ocup\u0103rii locului: 21 \u2013 23 septembrie.<\/li>\n<\/ul>\n<p>Cuantumul taxei de admitere: 200 RON.<\/p>\n<p><b>Tematica de admitere<\/b> la doctorat cuprinde:<\/p>\n<ul>\n<li>5 subiecte de specialitate propuse de c\u0103tre fiecare conduc\u0103tor de doctorat (link-uri la acestea g\u0103si\u021bi \u00een pagina conduc\u0103torilor de doctorat care pot primi doctoranzi \u00een anul universitar 2022-2023);<\/li>\n<li><a href=\"https:\/\/www.phys.uaic.ro\/old\/index.php\/scoala-doctorala\/admitere-doctorat\/sesiunea-septembrie-2021\/subiecte-doctorat-fizica-generala-2021\">5 subiecte de fizic\u0103 general\u0103<\/a>.<\/li>\n<\/ul>\n<p><b>Examenul de admitere<\/b> const\u0103 din dou\u0103 probe:<\/p>\n<ul>\n<li><b><i>Proba scris\u0103<\/i><\/b> se va desfa\u0219ura pe parcursul a 3 ore \u0219i const\u0103 din doua subiecte (extrase \u00een prezen\u021ba candida\u021bilor) din tematica de admitere la doctorat: un subiect de specialitate \u0219i un subiect de fizic\u0103 general\u0103. Fiecare din cele dou\u0103 subiecte va primi o not\u0103 de la 1 la 10, nota minim\u0103 la fiecare subiect fiind nota 5. Nota final\u0103 la proba scris\u0103 va fi calculat\u0103 ca media aritmetic\u0103 a celor dou\u0103 note;<\/li>\n<li><b><i>Proba oral\u0103<\/i><\/b> se va desf\u0103\u0219ura sub forma unei discu\u021bii libere (aprox. 10 min) urm\u0103rind:\n<ul>\n<li>prezentarea stadiului actual al cercetarilor \u00een domeniul ales;<\/li>\n<li>motivatie referitoare la alegerea temei pe care \u0219i-o propune pentru teza de doctorat;<\/li>\n<li>prezentarea \u00een rezumat a rezultatelor \u0219tiin\u021bifice anterioare.<\/li>\n<\/ul>\n<\/li>\n<\/ul>\n<p>La fiecare prob\u0103 de concurs, candida\u021bii trebuie s\u0103 ob\u021bin\u0103 cel pu\u021bin media 7 (\u0219apte).<\/p>\n<p>&nbsp;<\/p>\n<p><b>Programarea probelor:<\/b><\/p>\n<ul>\n<li>Proba scris\u0103: 8 septembrie 2022, orele 10-13, \u00een sala L1<\/li>\n<li>Proba oral\u0103:\u00a0 8 septembrie 2022, \u00eencep\u00e2nd cu ora 14, \u00een sala L1<\/li>\n<\/ul>\n<p>Dup\u0103 aflarea subiectelor, comisia de admitere va face baremul de corectare care va fi afi\u0219at.<\/p>\n<p>Nota final\u0103 va fi calculat\u0103 ca media aritmetic\u0103 a probelor scris\u0103 \u0219i oral\u0103.<\/p>\n<p>Conform regulamentului \u0218colii Doctorale de Fizic\u0103, media minim\u0103 de admitere este 8.<\/p>\n<p>&nbsp;<\/p>\n<p><b>Criterii de departajare<\/b> (\u00een ordine):<\/p>\n<ol>\n<li>Notele de la examenul de licen\u021b\u0103<\/li>\n<li>Notele de la examenul de diserta\u021bie<\/li>\n<li>Notele de la proba scrisa<\/li>\n<\/ol>\n<p><b>Num\u0103rul de locuri<\/b> pentru anul universitar 2022-2023:<\/p>\n<table style=\"width: 58.37444116072869%;\">\n<thead>\n<tr>\n<td style=\"width: 12.8884%;\">\u0218coala doctoral\u0103<\/td>\n<td style=\"width: 4.369083082452805%;\">LOCURI REPARTIZATE STATISTIC<\/td>\n<td style=\"width: 1.4947683109118086%;\">PRIORITARE<\/td>\n<td style=\"width: 1.1173184357541892%;\">TOTAL BUGET<\/td>\n<td style=\"width: 3.7246803989443733%;\">DIN CARE CU BURS\u0102 ME<\/td>\n<\/tr>\n<\/thead>\n<tbody>\n<tr>\n<td style=\"width: 12.8884%;\">Fizic\u0103<\/td>\n<td style=\"width: 4.369083082452805%;\">7<\/td>\n<td style=\"width: 1.4947683109118086%;\">1<\/td>\n<td style=\"width: 1.1173184357541892%;\">8<\/td>\n<td style=\"width: 3.7246803989443733%;\">4<\/td>\n<\/tr>\n<\/tbody>\n<\/table>\n<p><a href=\"https:\/\/www.phys.uaic.ro\/old\/wp-content\/uploads\/2022\/03\/metodologie_admitere_doctorat_2022-2023.pdf\" target=\"_blank\" rel=\"noopener\">Metodologie UAIC privind organizarea \u0219i desf\u0103\u0219urarea admiterii \u00een ciclul de studii universitare de doctorat pentru anul universitar 2022-2023<img loading=\"lazy\" decoding=\"async\" class=\"\" src=\"http:\/\/www.phys.uaic.ro\/wp\/imagini\/pdf-icon.png\" alt=\"pdf\" width=\"20\" height=\"20\" \/><\/a><\/p>\n<p>&nbsp;<\/p>\n<div dir=\"ltr\" data-setdir=\"false\">Pentru ob\u021binerea certificatelor de limba englez\u0103 pute\u021bi s\u0103 programa\u021bi \u00een timpul verii acces\u00e2nd linkul<\/div>\n<div dir=\"ltr\" data-setdir=\"false\"><a tabindex=\"-1\" href=\"https:\/\/litere.uaic.ro\/testari-lingvistice-2\/\" target=\"_blank\" rel=\"external nofollow noopener noreferrer\">https:\/\/litere.uaic.ro\/testari-lingvistice-2\/<\/a><\/div>\n","protected":false},"excerpt":{"rendered":"<p>https:\/\/www.phys.uaic.ro\/old\/index.php\/2022\/09\/23\/sesiunea-2-admitere-doctorat-2022\/ &nbsp; Rezultatele admiterii Candidatii declarati admisi la buget la Scoala doctorala a Facultatii de Fizica\u00a0 \u2013 sesiunea septembrie 2022 Calendarul admiterii la studiile universitare de doctorat pentru anul universitar 2022-2023: \u00eenscrierea candida\u021bilor: 01 &#8211; 06 septembrie (cu exceptia zilelor de 03 \u0219i 04 septembrie); selec\u021bia candida\u021bilor: 07 &#8211; 12 septembrie 2022 (cu exceptia zilelor de 10 \u0219i\u2026 <span class=\"read-more\"><a href=\"https:\/\/www.phys.uaic.ro\/old\/index.php\/sesiunea-septembrie-2022\/\">Read More &raquo;<\/a><\/span><\/p>\n","protected":false},"author":4,"featured_media":0,"parent":0,"menu_order":0,"comment_status":"closed","ping_status":"closed","template":"","meta":{"footnotes":""},"class_list":["post-15432","page","type-page","status-publish","hentry"],"_links":{"self":[{"href":"https:\/\/www.phys.uaic.ro\/old\/index.php\/wp-json\/wp\/v2\/pages\/15432","targetHints":{"allow":["GET"]}}],"collection":[{"href":"https:\/\/www.phys.uaic.ro\/old\/index.php\/wp-json\/wp\/v2\/pages"}],"about":[{"href":"https:\/\/www.phys.uaic.ro\/old\/index.php\/wp-json\/wp\/v2\/types\/page"}],"author":[{"embeddable":true,"href":"https:\/\/www.phys.uaic.ro\/old\/index.php\/wp-json\/wp\/v2\/users\/4"}],"replies":[{"embeddable":true,"href":"https:\/\/www.phys.uaic.ro\/old\/index.php\/wp-json\/wp\/v2\/comments?post=15432"}],"version-history":[{"count":0,"href":"https:\/\/www.phys.uaic.ro\/old\/index.php\/wp-json\/wp\/v2\/pages\/15432\/revisions"}],"wp:attachment":[{"href":"https:\/\/www.phys.uaic.ro\/old\/index.php\/wp-json\/wp\/v2\/media?parent=15432"}],"curies":[{"name":"wp","href":"https:\/\/api.w.org\/{rel}","templated":true}]}}