{"id":15459,"date":"2022-03-12T09:09:10","date_gmt":"2022-03-12T09:09:10","guid":{"rendered":"https:\/\/www.phys.uaic.ro\/?page_id=15459"},"modified":"2022-03-23T09:23:16","modified_gmt":"2022-03-23T07:23:16","slug":"anunt-privind-sustinerea-raportului-de-cercetare-a-drd-fanaru-andreea-roxana-la-24-03-2022","status":"publish","type":"page","link":"https:\/\/www.phys.uaic.ro\/old\/index.php\/anunt-privind-sustinerea-raportului-de-cercetare-a-drd-fanaru-andreea-roxana-la-24-03-2022\/","title":{"rendered":"Anun\u021b privind sus\u021binerea raportului de cercetare a drd. F\u00c2NARU Andreea Roxana pe 24.03.2022"},"content":{"rendered":"<p>La data de <strong>24.03.2022<\/strong>, \u00eencep\u00e2nd cu ora <strong>15:00<\/strong>, \u00een sala <strong>Laboratorul de Biofizic\u0103<\/strong> \u2013 parter va avea loc sus\u021binerea public\u0103 a raportului de cercetare cu titlul \u201e<strong>Rezultate experimentale \u2013 sintez\u0103 \u0219i caracterizare de nanoparticule magnetice cu utilizare \u00een epurarea apelor \u00eenc\u0103rcate cu coloran\u021bi<\/strong>\u201d, prezentat de studenta doctorand\u0103 <strong>F\u00c2NARU Andreea Roxana<\/strong> sub \u00eendrumarea prof. em. dr. habil.<strong> Dorina-Emilia CREANG\u0102<\/strong>.<\/p>\n","protected":false},"excerpt":{"rendered":"<p>La data de 24.03.2022, \u00eencep\u00e2nd cu ora 15:00, \u00een sala Laboratorul de Biofizic\u0103 \u2013 parter va avea loc sus\u021binerea public\u0103 a raportului de cercetare cu titlul \u201eRezultate experimentale \u2013 sintez\u0103 \u0219i caracterizare de nanoparticule magnetice cu utilizare \u00een epurarea apelor \u00eenc\u0103rcate cu coloran\u021bi\u201d, prezentat de studenta doctorand\u0103 F\u00c2NARU Andreea Roxana sub \u00eendrumarea prof. em. dr. habil. Dorina-Emilia CREANG\u0102.<\/p>\n","protected":false},"author":4,"featured_media":0,"parent":0,"menu_order":0,"comment_status":"closed","ping_status":"closed","template":"","meta":{"footnotes":""},"class_list":["post-15459","page","type-page","status-publish","hentry"],"_links":{"self":[{"href":"https:\/\/www.phys.uaic.ro\/old\/index.php\/wp-json\/wp\/v2\/pages\/15459","targetHints":{"allow":["GET"]}}],"collection":[{"href":"https:\/\/www.phys.uaic.ro\/old\/index.php\/wp-json\/wp\/v2\/pages"}],"about":[{"href":"https:\/\/www.phys.uaic.ro\/old\/index.php\/wp-json\/wp\/v2\/types\/page"}],"author":[{"embeddable":true,"href":"https:\/\/www.phys.uaic.ro\/old\/index.php\/wp-json\/wp\/v2\/users\/4"}],"replies":[{"embeddable":true,"href":"https:\/\/www.phys.uaic.ro\/old\/index.php\/wp-json\/wp\/v2\/comments?post=15459"}],"version-history":[{"count":0,"href":"https:\/\/www.phys.uaic.ro\/old\/index.php\/wp-json\/wp\/v2\/pages\/15459\/revisions"}],"wp:attachment":[{"href":"https:\/\/www.phys.uaic.ro\/old\/index.php\/wp-json\/wp\/v2\/media?parent=15459"}],"curies":[{"name":"wp","href":"https:\/\/api.w.org\/{rel}","templated":true}]}}