{"id":16386,"date":"2022-06-12T19:56:41","date_gmt":"2022-06-12T16:56:41","guid":{"rendered":"https:\/\/www.phys.uaic.ro\/?page_id=16386"},"modified":"2022-06-14T14:53:42","modified_gmt":"2022-06-14T11:53:42","slug":"numarul-de-locuri-la-licenta-iulie-2022","status":"publish","type":"page","link":"https:\/\/www.phys.uaic.ro\/old\/index.php\/numarul-de-locuri-la-licenta-iulie-2022\/","title":{"rendered":"Num\u0103rul de locuri la licen\u021b\u0103 iulie 2022"},"content":{"rendered":"<p>&nbsp;<\/p>\n<table style=\"height: 212px; width: 97.70516630200297%; border: 1px solid black; color: black; font-size: 10px;\" border=\"1px solid black\">\n<tbody>\n<tr style=\"height: 15px;\">\n<td style=\"border: 1px solid black; width: 14.00442744085439%; height: 39px;\" rowspan=\"3\"><strong><span style=\"font-size: 10pt;\">Domeniul de licen\u0163\u0103<\/span><\/strong><\/td>\n<td style=\"border: 1px solid black; width: 15.134205316796177%; height: 39px;\" rowspan=\"3\"><strong><span style=\"font-size: 10pt;\">Specializarea\/ Programul de studii universitare de licen\u0163\u0103<\/span><\/strong><\/td>\n<td style=\"border: 1px solid black; width: 13.305380715825976%; height: 39px;\" rowspan=\"3\"><strong><span style=\"font-size: 10pt;\">Limba de predare<\/span><\/strong><\/td>\n<td style=\"border: 1px solid black; width: 9.100265930091131%; height: 39px;\" rowspan=\"3\"><strong><span style=\"font-size: 10pt;\">Forma de invatamant<\/span><\/strong><\/td>\n<td style=\"border: 1px solid black; width: 6.6739827394817155%; height: 39px;\" rowspan=\"3\"><strong><span style=\"font-size: 10pt;\">Numar credite<\/span><\/strong><\/td>\n<td style=\"border: 1px solid black; width: 89.9204562242593%; height: 14px; text-align: center;\" colspan=\"4\"><strong><span style=\"font-size: 10pt;\">Numar locuri<\/span><\/strong><\/td>\n<\/tr>\n<tr style=\"height: 15px;\">\n<td style=\"border: 1px solid black; width: 22.367296325434587%; height: 15px; text-align: center;\" colspan=\"2\"><strong><span style=\"font-size: 10pt;\">Romani,UE,SEE<\/span><\/strong><\/td>\n<td style=\"border: 1px solid black; width: 67.5531598988247%; height: 15px; text-align: center;\" colspan=\"2\"><strong><span style=\"font-size: 10pt;\">Romani de pretutindeni<\/span><\/strong><\/td>\n<\/tr>\n<tr style=\"height: 10px;\">\n<td style=\"border: 1px solid black; width: 11.321562512740364%; height: 10px; text-align: center;\"><strong><span style=\"font-size: 10pt;\">Buget<\/span><\/strong><\/td>\n<td style=\"border: 1px solid black; width: 11.045733812694221%; height: 10px; text-align: center;\"><strong><span style=\"font-size: 10pt;\">Taxa<\/span><\/strong><\/td>\n<td style=\"border: 1px solid black; width: 9.861268293334753%; height: 10px; text-align: center;\"><strong><span style=\"font-size: 10pt;\">Buget<\/span><\/strong><\/td>\n<td style=\"border: 1px solid black; width: 57.69189160548996%; height: 10px; text-align: center;\"><strong><span style=\"font-size: 10pt;\">Taxa<\/span><\/strong><\/td>\n<\/tr>\n<tr style=\"height: 21px;\">\n<td style=\"border: 1px solid black; font-size: 13px; width: 14.00442744085439%; height: 21px;\"><span style=\"font-size: 10pt;\">Fizic\u0103<\/span><\/td>\n<td style=\"border: 1px solid black; font-size: 13px; width: 15.134205316796177%; height: 21px;\"><span style=\"font-size: 10pt;\">Physics<\/span><\/td>\n<td style=\"border: 1px solid black; width: 13.305380715825976%; height: 21px;\"><span style=\"font-size: 10pt;\">Engleza<\/span><\/td>\n<td style=\"border: 1px solid black; width: 9.100265930091131%; height: 21px;\"><span style=\"font-size: 10pt;\">IF<\/span><\/td>\n<td style=\"border: 1px solid black; width: 6.6739827394817155%; height: 21px; text-align: center;\"><span style=\"font-size: 10pt;\">180<\/span><\/td>\n<td style=\"border: 1px solid black; font-size: 14px; width: 11.321562512740364%; height: 21px; text-align: center;\"><span style=\"font-size: 10pt;\">10<\/span><\/td>\n<td style=\"border: 1px solid black; font-size: 14px; width: 11.045733812694221%; height: 21px; text-align: center;\"><span style=\"font-size: 10pt;\">26<\/span><\/td>\n<td style=\"border: 1px solid black; font-size: 14px; width: 9.861268293334753%; height: 21px; text-align: center;\"><span style=\"font-size: 10pt;\">0<\/span><\/td>\n<td style=\"border: 1px solid black; font-size: 14px; width: 57.69189160548996%; height: 21px; text-align: center;\">0<\/td>\n<\/tr>\n<\/tbody>\n<\/table>\n<p>&nbsp;<\/p>\n<table style=\"border: 1px solid black; color: black; font-size: 10px; width: 97.80822943693433%; height: 229px;\">\n<tbody>\n<tr style=\"height: 15px;\">\n<td style=\"border: 1px solid black; height: 60px; width: 10.410218424639583%;\" rowspan=\"3\"><strong><span style=\"font-size: 10pt;\">Domeniul de licen\u0163\u0103<\/span><\/strong><\/td>\n<td style=\"border: 1px solid black; height: 60px; width: 10.776283557498218%;\" rowspan=\"3\"><strong><span style=\"font-size: 10pt;\">Specializarea\/Programul de studii universitare de licen\u0163\u0103<\/span><\/strong><\/td>\n<td style=\"border: 1px solid black; text-align: center; height: 60px; width: 9.3334705880278%;\" rowspan=\"3\"><strong><span style=\"font-size: 10pt;\">Limba de predare<\/span><\/strong><\/td>\n<td style=\"border: 1px solid black; text-align: center; height: 60px; width: 5.151822954242003%;\" rowspan=\"3\"><strong><span style=\"font-size: 10pt;\">Forma de invatamant<\/span><\/strong><\/td>\n<td style=\"border: 1px solid black; text-align: center; height: 60px; width: 6.703064140371628%;\" rowspan=\"3\"><strong><span style=\"font-size: 10pt;\">Numar credite<\/span><\/strong><\/td>\n<td style=\"border: 1px solid black; text-align: center; height: 15px; width: 30.737327364061045%;\" colspan=\"4\"><strong><span style=\"font-size: 10pt;\">Numar locuri<\/span><\/strong><\/td>\n<\/tr>\n<tr style=\"height: 30px;\">\n<td style=\"border: 1px solid black; text-align: center; height: 30px; width: 16.412721213535733%;\" colspan=\"2\"><strong><span style=\"font-size: 10pt;\">Romani,UE,SEE<\/span><\/strong><\/td>\n<td style=\"border: 1px solid black; text-align: center; height: 30px; width: 14.324606150525316%;\" colspan=\"2\"><strong><span style=\"font-size: 10pt;\">Romani de pretutindeni<\/span><\/strong><\/td>\n<\/tr>\n<tr style=\"height: 15px;\">\n<td style=\"border: 1px solid black; text-align: center; height: 15px; width: 8.495028978987277%;\"><strong><span style=\"font-size: 10pt;\">Buget<\/span><\/strong><\/td>\n<td style=\"border: 1px solid black; text-align: center; height: 15px; width: 7.917692234548456%;\"><strong><span style=\"font-size: 10pt;\">Taxa<\/span><\/strong><\/td>\n<td style=\"border: 1px solid black; text-align: center; height: 15px; width: 7.144767723723661%;\"><strong><span style=\"font-size: 10pt;\">Buget<\/span><\/strong><\/td>\n<td style=\"border: 1px solid black; text-align: center; height: 15px; width: 7.179838426801654%;\"><strong><span style=\"font-size: 10pt;\">Taxa<\/span><\/strong><\/td>\n<\/tr>\n<tr style=\"height: 19px;\">\n<td style=\"border: 1px solid black; font-size: 13px; height: 76px; width: 10.410218424639583%;\" rowspan=\"3\"><span style=\"font-size: 10pt;\">Fizic\u0103<\/span><\/td>\n<td style=\"border: 1px solid black; font-size: 13px; height: 19px; width: 10.776283557498218%;\"><span style=\"font-size: 10pt;\">Fizic\u0103<\/span><\/td>\n<td style=\"border: 1px solid black; text-align: center; height: 19px; width: 9.3334705880278%;\"><span style=\"font-size: 10pt;\">Romana<\/span><\/td>\n<td style=\"border: 1px solid black; text-align: center; height: 19px; width: 5.151822954242003%;\"><span style=\"font-size: 10pt;\">IF<\/span><\/td>\n<td style=\"border: 1px solid black; text-align: center; height: 19px; width: 6.703064140371628%;\"><span style=\"font-size: 10pt;\">180<\/span><\/td>\n<td style=\"border: 1px solid black; font-size: 14px; text-align: center; height: 76px; width: 8.495028978987277%;\" rowspan=\"3\"><span style=\"font-size: 10pt;\">40<\/span><\/td>\n<td style=\"border: 1px solid black; font-size: 14px; text-align: center; height: 76px; width: 7.917692234548456%;\" rowspan=\"3\"><span style=\"font-size: 10pt;\">67<\/span><\/td>\n<td style=\"border: 1px solid black; font-size: 14px; text-align: center; height: 76px; width: 7.144767723723661%;\" rowspan=\"3\"><span style=\"font-size: 10pt;\">1<\/span><\/td>\n<td style=\"border: 1px solid black; font-size: 14px; text-align: center; height: 76px; width: 7.179838426801654%;\" rowspan=\"3\"><span style=\"font-size: 10pt;\">9<\/span><\/td>\n<\/tr>\n<tr style=\"height: 19px;\">\n<td style=\"border: 1px solid black; font-size: 13px; height: 19px; width: 10.776283557498218%;\"><span style=\"font-size: 10pt;\">Fizic\u0103 informatic\u0103<\/span><\/td>\n<td style=\"border: 1px solid black; text-align: center; height: 19px; width: 9.3334705880278%;\"><span style=\"font-size: 10pt;\">Romana<\/span><\/td>\n<td style=\"border: 1px solid black; text-align: center; height: 19px; width: 5.151822954242003%;\"><span style=\"font-size: 10pt;\">IF<\/span><\/td>\n<td style=\"border: 1px solid black; text-align: center; height: 19px; width: 6.703064140371628%;\"><span style=\"font-size: 10pt;\">180<\/span><\/td>\n<\/tr>\n<tr style=\"height: 19px;\">\n<td style=\"border: 1px solid black; font-size: 13px; height: 19px; width: 10.776283557498218%;\"><span style=\"font-size: 10pt;\">Fizic\u0103 medical\u0103<\/span><\/td>\n<td style=\"border: 1px solid black; text-align: center; height: 19px; width: 9.3334705880278%;\"><span style=\"font-size: 10pt;\">Romana<\/span><\/td>\n<td style=\"border: 1px solid black; text-align: center; height: 19px; width: 5.151822954242003%;\"><span style=\"font-size: 10pt;\">IF<\/span><\/td>\n<td style=\"border: 1px solid black; text-align: center; height: 19px; width: 6.703064140371628%;\"><span style=\"font-size: 10pt;\">180<\/span><\/td>\n<\/tr>\n<\/tbody>\n<\/table>\n<p>&nbsp;<\/p>\n<table style=\"border: 1px solid black; color: black; font-size: 10px; width: 97.82562296050428%; height: 264px;\">\n<tbody>\n<tr style=\"height: 25px;\">\n<td style=\"border: 1px solid black; width: 10.882826872606426%; height: 94px;\" rowspan=\"3\"><strong><span style=\"font-size: 10pt;\">Domeniul de licen\u0163\u0103<\/span><\/strong><\/td>\n<td style=\"border: 1px solid black; width: 11.327586255861567%; height: 94px;\" rowspan=\"3\"><strong><span style=\"font-size: 10pt;\">Specializarea\/Programul de studii universitare de licen\u0163\u0103<\/span><\/strong><\/td>\n<td style=\"border: 1px solid black; text-align: center; width: 9.661170445078017%; height: 94px;\" rowspan=\"3\"><strong><span style=\"font-size: 10pt;\">Limba de predare<\/span><\/strong><\/td>\n<td style=\"border: 1px solid black; text-align: center; width: 5.043567585726237%; height: 94px;\" rowspan=\"3\"><strong><span style=\"font-size: 10pt;\">Forma de invatamant<\/span><\/strong><\/td>\n<td style=\"border: 1px solid black; text-align: center; width: 7.35565882887294%; height: 94px;\" rowspan=\"3\"><strong><span style=\"font-size: 10pt;\">Numar credite<\/span><\/strong><\/td>\n<td style=\"border: 1px solid black; text-align: center; width: 32.28657966735633%; height: 25px;\" colspan=\"4\"><strong><span style=\"font-size: 10pt;\">Numar locuri<\/span><\/strong><\/td>\n<\/tr>\n<tr style=\"height: 44px;\">\n<td style=\"border: 1px solid black; text-align: center; width: 17.1983861282077%; height: 44px;\" colspan=\"2\"><strong><span style=\"font-size: 10pt;\">Romani,UE,SEE<\/span><\/strong><\/td>\n<td style=\"border: 1px solid black; text-align: center; width: 15.088193539148625%; height: 44px;\" colspan=\"2\"><strong><span style=\"font-size: 10pt;\">Romani de pretutindeni<\/span><\/strong><\/td>\n<\/tr>\n<tr style=\"height: 25px;\">\n<td style=\"border: 1px solid black; text-align: center; width: 9.37434396651538%; height: 25px;\"><strong><span style=\"font-size: 10pt;\">Buget<\/span><\/strong><\/td>\n<td style=\"border: 1px solid black; text-align: center; width: 7.82404216169232%; height: 25px;\"><strong><span style=\"font-size: 10pt;\">Taxa<\/span><\/strong><\/td>\n<td style=\"border: 1px solid black; text-align: center; width: 7.370408989985935%; height: 25px;\"><strong><span style=\"font-size: 10pt;\">Buget<\/span><\/strong><\/td>\n<td style=\"border: 1px solid black; text-align: center; width: 7.7177845491626895%; height: 25px;\"><strong><span style=\"font-size: 10pt;\">Taxa<\/span><\/strong><\/td>\n<\/tr>\n<tr style=\"height: 27px;\">\n<td style=\"border: 1px solid black; font-size: 13px; width: 10.882826872606426%; height: 54px;\" rowspan=\"2\"><span style=\"font-size: 10pt;\">\u015etiin\u0163e inginere\u015fti aplicate<\/span><\/td>\n<td style=\"border: 1px solid black; font-size: 13px; width: 11.327586255861567%; height: 27px;\"><span style=\"font-size: 10pt;\">Fizic\u0103 tehnologic\u0103 (Ia\u0219i)<\/span><\/td>\n<td style=\"border: 1px solid black; text-align: center; width: 9.661170445078017%; height: 27px;\"><span style=\"font-size: 10pt;\">Romana<\/span><\/td>\n<td style=\"border: 1px solid black; text-align: center; width: 5.043567585726237%; height: 27px;\"><span style=\"font-size: 10pt;\">IF<\/span><\/td>\n<td style=\"border: 1px solid black; text-align: center; width: 7.35565882887294%; height: 27px;\"><span style=\"font-size: 10pt;\">240<\/span><\/td>\n<td style=\"border: 1px solid black; font-size: 14px; text-align: center; width: 9.37434396651538%; height: 27px;\"><span style=\"font-size: 10pt;\">10<\/span><\/td>\n<td style=\"border: 1px solid black; font-size: 14px; text-align: center; width: 7.82404216169232%; height: 27px;\"><span style=\"font-size: 10pt;\">16<\/span><\/td>\n<td style=\"border: 1px solid black; font-size: 14px; text-align: center; width: 7.370408989985935%; height: 27px;\"><span style=\"font-size: 10pt;\">0<\/span><\/td>\n<td style=\"border: 1px solid black; font-size: 14px; text-align: center; width: 7.7177845491626895%; height: 27px;\"><span style=\"font-size: 10pt;\">3<\/span><\/td>\n<\/tr>\n<tr style=\"height: 27px;\">\n<td style=\"border: 1px solid black; font-size: 13px; width: 11.327586255861567%; height: 27px;\"><span style=\"font-size: 10pt;\">Fizic\u0103 tehnologic\u0103 (B\u0103l\u021bi)<\/span><\/td>\n<td style=\"border: 1px solid black; text-align: center; width: 9.661170445078017%; height: 27px;\"><span style=\"font-size: 10pt;\">Romana<\/span><\/td>\n<td style=\"border: 1px solid black; text-align: center; width: 5.043567585726237%; height: 27px;\"><span style=\"font-size: 10pt;\">IF<\/span><\/td>\n<td style=\"border: 1px solid black; text-align: center; width: 7.35565882887294%; height: 27px;\"><span style=\"font-size: 10pt;\">240<\/span><\/td>\n<td style=\"border: 1px solid black; font-size: 14px; text-align: center; width: 9.37434396651538%; height: 27px;\"><span style=\"font-size: 10pt;\">0<\/span><\/td>\n<td style=\"border: 1px solid black; font-size: 14px; text-align: center; width: 7.82404216169232%; height: 27px;\"><span style=\"font-size: 10pt;\">0<\/span><\/td>\n<td style=\"border: 1px solid black; font-size: 14px; text-align: center; width: 7.370408989985935%; height: 27px;\"><span style=\"font-size: 10pt;\">30<\/span><\/td>\n<td style=\"border: 1px solid black; font-size: 14px; text-align: center; width: 7.7177845491626895%; height: 27px;\"><span style=\"font-size: 10pt;\">0<\/span><\/td>\n<\/tr>\n<\/tbody>\n<\/table>\n<p>&nbsp;<\/p>\n","protected":false},"excerpt":{"rendered":"<p>&nbsp; Domeniul de licen\u0163\u0103 Specializarea\/ Programul de studii universitare de licen\u0163\u0103 Limba de predare Forma de invatamant Numar credite Numar locuri Romani,UE,SEE Romani de pretutindeni Buget Taxa Buget Taxa Fizic\u0103 Physics Engleza IF 180 10 26 0 0 &nbsp; Domeniul de licen\u0163\u0103 Specializarea\/Programul de studii universitare de licen\u0163\u0103 Limba de predare Forma de invatamant Numar credite Numar locuri\u2026 <span class=\"read-more\"><a href=\"https:\/\/www.phys.uaic.ro\/old\/index.php\/numarul-de-locuri-la-licenta-iulie-2022\/\">Read More &raquo;<\/a><\/span><\/p>\n","protected":false},"author":4,"featured_media":0,"parent":0,"menu_order":0,"comment_status":"closed","ping_status":"closed","template":"page-templates\/full-width.php","meta":{"footnotes":""},"class_list":["post-16386","page","type-page","status-publish","hentry"],"_links":{"self":[{"href":"https:\/\/www.phys.uaic.ro\/old\/index.php\/wp-json\/wp\/v2\/pages\/16386","targetHints":{"allow":["GET"]}}],"collection":[{"href":"https:\/\/www.phys.uaic.ro\/old\/index.php\/wp-json\/wp\/v2\/pages"}],"about":[{"href":"https:\/\/www.phys.uaic.ro\/old\/index.php\/wp-json\/wp\/v2\/types\/page"}],"author":[{"embeddable":true,"href":"https:\/\/www.phys.uaic.ro\/old\/index.php\/wp-json\/wp\/v2\/users\/4"}],"replies":[{"embeddable":true,"href":"https:\/\/www.phys.uaic.ro\/old\/index.php\/wp-json\/wp\/v2\/comments?post=16386"}],"version-history":[{"count":0,"href":"https:\/\/www.phys.uaic.ro\/old\/index.php\/wp-json\/wp\/v2\/pages\/16386\/revisions"}],"wp:attachment":[{"href":"https:\/\/www.phys.uaic.ro\/old\/index.php\/wp-json\/wp\/v2\/media?parent=16386"}],"curies":[{"name":"wp","href":"https:\/\/api.w.org\/{rel}","templated":true}]}}