{"id":16811,"date":"2022-06-15T09:26:43","date_gmt":"2022-06-15T06:26:43","guid":{"rendered":"https:\/\/www.phys.uaic.ro\/?page_id=16811"},"modified":"2022-06-28T10:32:59","modified_gmt":"2022-06-28T07:32:59","slug":"sustinerea-tezei-de-doctorat-a-drd-gerber-m-g-ioana-cristina-pe-04-07-2022-2","status":"publish","type":"page","link":"https:\/\/www.phys.uaic.ro\/old\/index.php\/sustinerea-tezei-de-doctorat-a-drd-gerber-m-g-ioana-cristina-pe-04-07-2022-2\/","title":{"rendered":"Sus\u021binerea tezei de doctorat a drd. GERBER M.G. IOANA-CRISTINA pe 04.07.2022"},"content":{"rendered":"<p><em><a href=\"https:\/\/www.phys.uaic.ro\/old\/wp-content\/uploads\/2022\/06\/anunt_GERBER.pdf\" target=\"_blank\" rel=\"noopener\">Anun\u021bul sus\u021binerii publice<\/a><\/em><\/p>\n<p>La data de 04.07.2022, ora 10:00, \u00een sala Ferdinand, dna GERBER M.G. IOANA-CRISTINA va sus\u0163ine, \u00een \u015fedin\u0163\u0103 public\u0103, teza de doctorat cu titlul<\/p>\n<p><strong><em>SINTEZA ASISTAT\u0102 DE PLASM\u0102 \u015eI STUDIUL PROPRIET\u0102\u0162ILOR UNOR ANALOGI DE PRAF INTERSTELAR DE TIP CARBON AMORF HIDROGENAT<\/em><\/strong><\/p>\n<p>\u00een vederea ob\u0163inerii titlului \u015ftiin\u0163ific de doctor \u00een domeniul FIZIC\u0102.<\/p>\n<p>GERBER M.G. IOANA-CRISTINA [ <a href=\"https:\/\/www.phys.uaic.ro\/old\/wp-content\/uploads\/2022\/06\/CV_Gerber.pdf\" target=\"_blank\" rel=\"noopener\">CV<\/a> ]<\/p>\n<p>Comisia de doctorat are urm\u0103toarea componen\u0163\u0103:<\/p>\n<ul>\n<li><b>Pre\u015fedinte<\/b>:\n<ul>\n<li>Prof. univ. dr. Diana Mihaela Mardare, Universitatea &#8222;Alexandru Ioan Cuza&#8221; din Ia\u0219i [ <a href=\"https:\/\/www.phys.uaic.ro\/old\/wp-content\/uploads\/2022\/05\/MARDARE_Diana_CV_RO.pdf\">CV<\/a> ]<\/li>\n<\/ul>\n<\/li>\n<\/ul>\n<ul>\n<li><b>Conduc\u0103tor \u015ftiin\u0163ific<\/b>:\n<ul>\n<li>Prof. univ. dr. habil. Gabriela BORCIA, Universitatea &#8222;Alexandru Ioan Cuza&#8221; din Ia\u0219i [ <a href=\"https:\/\/www.phys.uaic.ro\/old\/wp-content\/uploads\/2022\/05\/Borcia_Gabriela_CV_RO-1.pdf\" target=\"_blank\" rel=\"noopener\">CV<\/a> ]<\/li>\n<\/ul>\n<\/li>\n<\/ul>\n<ul>\n<li><b>Referen\u0163i<\/b>:\n<ul>\n<li>Prof. univ. dr. Cristian FOC\u0218A, Universitatea Lille, Fran\u0163a [ <a href=\"https:\/\/www.phys.uaic.ro\/old\/wp-content\/uploads\/2022\/06\/CV_Focsa.pdf\" target=\"_blank\" rel=\"noopener\">CV<\/a> ]<\/li>\n<li>C.S. I dr. Bogdana MITU, Institutul Na\u0163ional de Fizica Laserilor, Plasm\u0103 \u015fi Radia\u0163ii, M\u0103gurele, Bucure\u015fti [ <a href=\"https:\/\/www.phys.uaic.ro\/old\/wp-content\/uploads\/2022\/06\/CV_Mitu.pdf\" target=\"_blank\" rel=\"noopener\">CV<\/a> ]<\/li>\n<li>Conf. univ. dr. habil. Ionu\u021b-Cristian TOPAL\u0102, Universitatea &#8222;Alexandru Ioan Cuza&#8221; din Ia\u0219i [ <a href=\"https:\/\/www.phys.uaic.ro\/old\/wp-content\/uploads\/2022\/06\/CV_romana_Topala.pdf\" target=\"_blank\" rel=\"noopener\">CV<\/a> ]<\/li>\n<\/ul>\n<\/li>\n<\/ul>\n<p>&nbsp;<\/p>\n<p>Teza poate fi consultat\u0103 la Biblioteca Facult\u0103\u0163ii de Fizic\u0103.<\/p>\n<ul>\n<li><em><a href=\"https:\/\/www.phys.uaic.ro\/old\/wp-content\/uploads\/2022\/06\/Rezumat_GERBER.pdf\" target=\"_blank\" rel=\"noopener\">Rezumatul tezei de doctorat<\/a><\/em> <img loading=\"lazy\" decoding=\"async\" class=\"\" src=\"http:\/\/www.phys.uaic.ro\/wp\/imagini\/pdf-icon.png\" alt=\"pdf\" width=\"19\" height=\"19\" \/><\/li>\n<\/ul>\n","protected":false},"excerpt":{"rendered":"<p>Anun\u021bul sus\u021binerii publice La data de 04.07.2022, ora 10:00, \u00een sala Ferdinand, dna GERBER M.G. IOANA-CRISTINA va sus\u0163ine, \u00een \u015fedin\u0163\u0103 public\u0103, teza de doctorat cu titlul SINTEZA ASISTAT\u0102 DE PLASM\u0102 \u015eI STUDIUL PROPRIET\u0102\u0162ILOR UNOR ANALOGI DE PRAF INTERSTELAR DE TIP CARBON AMORF HIDROGENAT \u00een vederea ob\u0163inerii titlului \u015ftiin\u0163ific de doctor \u00een domeniul FIZIC\u0102. GERBER M.G. IOANA-CRISTINA [ CV\u2026 <span class=\"read-more\"><a href=\"https:\/\/www.phys.uaic.ro\/old\/index.php\/sustinerea-tezei-de-doctorat-a-drd-gerber-m-g-ioana-cristina-pe-04-07-2022-2\/\">Read More &raquo;<\/a><\/span><\/p>\n","protected":false},"author":4,"featured_media":0,"parent":0,"menu_order":0,"comment_status":"closed","ping_status":"closed","template":"","meta":{"footnotes":""},"class_list":["post-16811","page","type-page","status-publish","hentry"],"_links":{"self":[{"href":"https:\/\/www.phys.uaic.ro\/old\/index.php\/wp-json\/wp\/v2\/pages\/16811","targetHints":{"allow":["GET"]}}],"collection":[{"href":"https:\/\/www.phys.uaic.ro\/old\/index.php\/wp-json\/wp\/v2\/pages"}],"about":[{"href":"https:\/\/www.phys.uaic.ro\/old\/index.php\/wp-json\/wp\/v2\/types\/page"}],"author":[{"embeddable":true,"href":"https:\/\/www.phys.uaic.ro\/old\/index.php\/wp-json\/wp\/v2\/users\/4"}],"replies":[{"embeddable":true,"href":"https:\/\/www.phys.uaic.ro\/old\/index.php\/wp-json\/wp\/v2\/comments?post=16811"}],"version-history":[{"count":0,"href":"https:\/\/www.phys.uaic.ro\/old\/index.php\/wp-json\/wp\/v2\/pages\/16811\/revisions"}],"wp:attachment":[{"href":"https:\/\/www.phys.uaic.ro\/old\/index.php\/wp-json\/wp\/v2\/media?parent=16811"}],"curies":[{"name":"wp","href":"https:\/\/api.w.org\/{rel}","templated":true}]}}