{"id":1685,"date":"2018-02-23T22:23:27","date_gmt":"2018-02-23T22:23:27","guid":{"rendered":"http:\/\/www.phys.uaic.ro\/?page_id=1685"},"modified":"2022-03-26T10:56:06","modified_gmt":"2022-03-26T08:56:06","slug":"concurs-hurmuzescu-iv","status":"publish","type":"page","link":"https:\/\/www.phys.uaic.ro\/old\/index.php\/studenti\/https-www-phys-uaic-ro-index-php-studenti-concurs-hurmuzescu-concurs-hurmuzescu-xii\/concurs-hurmuzescu-iv\/","title":{"rendered":"Concursul Dragomir Hurmuzescu Ed\u021bia a IV-a"},"content":{"rendered":"<h2><span style=\"color: #993300;\">Etapa local\u0103, 6 martie 2015<\/span><\/h2>\n<p><strong>Subiecte si bareme<\/strong><\/p>\n<p><a href=\"https:\/\/www.phys.uaic.ro\/wp-content\/uploads\/2022\/03\/DH4-2015-etapa-locala-subiecte-anul-I.pdf\">Subiecte si bareme anul I<\/a><\/p>\n<p><a href=\"https:\/\/www.phys.uaic.ro\/wp-content\/uploads\/2022\/03\/DH4-2015-etapa-locala-subiecte-anul-II.pdf\">Subiecte si bareme anul al II-lea<\/a><\/p>\n<p><b>Rezultate<\/b><\/p>\n<ul>\n<li>Premiul I\n<ul>\n<li>Ilasca Filip (anul I)<\/li>\n<li>Strungaru Mara (anul al II-lea)<\/li>\n<li>Lukacs Alexandru (anul al III-lea)<\/li>\n<\/ul>\n<\/li>\n<li>Premiul al II-lea\n<ul>\n<li>Glovnea Cosmin (anul I)<\/li>\n<li>Ciubotaru Delia (anul al II-lea)<\/li>\n<li>Sitaru Gabriel (anul al III-lea)<\/li>\n<\/ul>\n<\/li>\n<li>Premiul al III-lea\n<ul>\n<li>Balica Elena (anul I)<\/li>\n<li>Sandu Dumitru (anul al II-lea)<\/li>\n<li>Dragomir Isabela (anul al III-lea)<\/li>\n<\/ul>\n<\/li>\n<li>Mentiuni\n<ul>\n<li>Slupic Victor\u00a0 (anul I)<\/li>\n<li>Postolachi Cristina (anul I)<\/li>\n<li>Postolachi Marina (anul I)<\/li>\n<li>Fedeles Mihaela (anul al II-lea)<\/li>\n<li>Rusanovschi Cristian (anul al II-lea)<\/li>\n<li>Bologan Alexandra (anul al II-lea)<\/li>\n<li>Biega Raisa (anul al III-lea)<\/li>\n<li>Hrostea Laura (anul al III-lea)<\/li>\n<\/ul>\n<\/li>\n<\/ul>\n<h2><span style=\"color: #993300;\">Etapa na\u0163ional\u0103 28 martie 2015, Craiova<\/span><\/h2>\n<p><strong>Subiecte si bareme<\/strong><\/p>\n<p><b>Rezultate<\/b><\/p>\n<p>Studen\u021bii Facult\u0103\u021bii de Fizic\u0103 din Ia\u0219i s-au remarcat \u0219i \u00een acest an prin performan\u021bele de excep\u021bie ob\u021binute la acest concurs \u0219i au ob\u021binut trei premii I prin <b>Filip Ila\u0219c\u0103<\/b>, anul I, <b>Mara Strungaru<\/b>, anul al II-lea \u0219i <b>Gabriel Sitaru<\/b>, anul al III-lea, un premiul al III-lea prin <b>Alexandru Lukacs<\/b>, anul al IV-lea \u0219i trei men\u021biuni prin <b>Isabela Dragomir<\/b>, anul al III-lea, <b>Cosmin Glovnea<\/b> anul I \u0219i <b>Delia Ciubotaru<\/b>, anul al II-lea.<\/p>\n<p>\u00centr-un clasament neoficial dup\u0103 num\u0103rul de premii, Facultatea de Fizic\u0103 a UAIC a ocupat locul I (cu trei premii I \u0219i un premiu III), urmat\u0103 de Facultatea de Fizic\u0103 din Timi\u0219oara (un premiu I \u0219i un premiu III) \u0219i de Facultatea de Fizic\u0103 din Cluj-Napoca (dou\u0103 premii II \u0219i un premiu III).<\/p>\n<p>\u00cen clasamentul dup\u0103 eficien\u021ba particip\u0103rii (folosit la Olimpiadele Na\u021bionale \u0219i Interna\u021bionale de Fizic\u0103 in care se atribuie 1 p= premiul I; 0,75 = premiul II; 0,50 = premiul III \u0219i 0,25 = men\u021biune, iar suma se \u00eemparte la num\u0103rul participan\u021bilor), Facultatea noastra s-a clasat de asemenea pe locul I cu un procentaj de 60,7%, fiind urmat\u0103 de Facult\u0103\u021bile de Fizic\u0103 din Cluj (50%), Bucure\u0219ti (35,7%), Craiova (29,1%) \u0219i Timi\u0219oara (28,5%).<\/p>\n<h2><span style=\"color: #993300;\">Regulamentul Concursului National Studentesc \u201dDragomir Hurmuzescu\u201d 2015<\/span><\/h2>\n<h4><a href=\"https:\/\/www.phys.uaic.ro\/wp-content\/uploads\/2022\/03\/Regulament-DH-2015.pdf\"><b>Regulamentul Concursului<\/b><\/a><\/h4>\n<h2><span style=\"color: #993300;\">Tematica Concursului National Studentesc \u201dDragomir Hurmuzescu\u201d 2015<\/span><\/h2>\n<h4><a href=\"https:\/\/www.phys.uaic.ro\/index.php\/studenti\/concurs-hurmuzescu\/concurs-hurmuzescu-iv\/tematica-probe-scrise-2015\/\"><b>Tematica<\/b> pentru probele scrise<\/a><\/h4>\n<h4><\/h4>\n<p>&nbsp;<\/p>\n<p>&nbsp;<\/p>\n","protected":false},"excerpt":{"rendered":"<p>Etapa local\u0103, 6 martie 2015 Subiecte si bareme Subiecte si bareme anul I Subiecte si bareme anul al II-lea Rezultate Premiul I Ilasca Filip (anul I) Strungaru Mara (anul al II-lea) Lukacs Alexandru (anul al III-lea) Premiul al II-lea Glovnea Cosmin (anul I) Ciubotaru Delia (anul al II-lea) Sitaru Gabriel (anul al III-lea) Premiul al III-lea Balica Elena\u2026 <span class=\"read-more\"><a href=\"https:\/\/www.phys.uaic.ro\/old\/index.php\/studenti\/https-www-phys-uaic-ro-index-php-studenti-concurs-hurmuzescu-concurs-hurmuzescu-xii\/concurs-hurmuzescu-iv\/\">Read More &raquo;<\/a><\/span><\/p>\n","protected":false},"author":3,"featured_media":0,"parent":202,"menu_order":0,"comment_status":"closed","ping_status":"closed","template":"","meta":{"footnotes":""},"class_list":["post-1685","page","type-page","status-publish","hentry"],"_links":{"self":[{"href":"https:\/\/www.phys.uaic.ro\/old\/index.php\/wp-json\/wp\/v2\/pages\/1685","targetHints":{"allow":["GET"]}}],"collection":[{"href":"https:\/\/www.phys.uaic.ro\/old\/index.php\/wp-json\/wp\/v2\/pages"}],"about":[{"href":"https:\/\/www.phys.uaic.ro\/old\/index.php\/wp-json\/wp\/v2\/types\/page"}],"author":[{"embeddable":true,"href":"https:\/\/www.phys.uaic.ro\/old\/index.php\/wp-json\/wp\/v2\/users\/3"}],"replies":[{"embeddable":true,"href":"https:\/\/www.phys.uaic.ro\/old\/index.php\/wp-json\/wp\/v2\/comments?post=1685"}],"version-history":[{"count":0,"href":"https:\/\/www.phys.uaic.ro\/old\/index.php\/wp-json\/wp\/v2\/pages\/1685\/revisions"}],"up":[{"embeddable":true,"href":"https:\/\/www.phys.uaic.ro\/old\/index.php\/wp-json\/wp\/v2\/pages\/202"}],"wp:attachment":[{"href":"https:\/\/www.phys.uaic.ro\/old\/index.php\/wp-json\/wp\/v2\/media?parent=1685"}],"curies":[{"name":"wp","href":"https:\/\/api.w.org\/{rel}","templated":true}]}}