{"id":1693,"date":"2018-02-23T22:37:16","date_gmt":"2018-02-23T22:37:16","guid":{"rendered":"http:\/\/www.phys.uaic.ro\/?page_id=1693"},"modified":"2022-03-26T10:17:08","modified_gmt":"2022-03-26T08:17:08","slug":"concurs-hurmuzescu-v","status":"publish","type":"page","link":"https:\/\/www.phys.uaic.ro\/old\/index.php\/studenti\/https-www-phys-uaic-ro-index-php-studenti-concurs-hurmuzescu-concurs-hurmuzescu-xii\/concurs-hurmuzescu-v\/","title":{"rendered":"Concursul Dragomir Hurmuzescu Edi\u021bia a V-a"},"content":{"rendered":"<h2><span style=\"color: #993300;\">Etapa local\u0103, 12 martie 2016<\/span><\/h2>\n<p><strong>Subiecte si bareme<\/strong><\/p>\n<p><a href=\"https:\/\/www.phys.uaic.ro\/wp-content\/uploads\/2022\/03\/DH5-2016-anul-I-etapa-locala-subiecte.pdf\">Subiecte si bareme anul I<\/a><\/p>\n<p><a href=\"https:\/\/www.phys.uaic.ro\/wp-content\/uploads\/2022\/03\/DH5-2016-anul-II-etapa-locala-subiecte.pdf\">Subiecte si bareme anul al II-lea<\/a><\/p>\n<p><b>Rezultate:<\/b><\/p>\n<ul>\n<li>Premiul I\n<ul>\n<li>Gavrila Victor (anul I)<\/li>\n<li>Balica Elena (anul al II-lea)<\/li>\n<li>Strungaru Mara (anul al III-lea)<\/li>\n<\/ul>\n<\/li>\n<li>Premiul al II-lea\n<ul>\n<li>Ceban Andrei (anul I)<\/li>\n<li>Timus Andrei (anul al II-lea)<\/li>\n<li>Condurache Oana (anul al II-lea)<\/li>\n<\/ul>\n<\/li>\n<li>Premiul al III-lea\n<ul>\n<li>Hodoroaba Bianca (anul al III-lea)<\/li>\n<\/ul>\n<\/li>\n<\/ul>\n<h2><span style=\"color: #993300;\">Etapa na\u0163ional\u0103 9 aprilie 2016, Bucuresti<\/span><\/h2>\n<p><b>Rezultate:<\/b><\/p>\n<p>La Concursul National Studentesc de Fizica Dragomir Hurmuzescu studentii Facult\u0103\u021bii de Fizic\u0103 din Ia\u0219i au obtinut:<\/p>\n<ul>\n<li><b>doua premii II<\/b>\n<ul>\n<li>Strungaru Mara (anul al III-lea)<\/li>\n<li>Hodoroaba Bianca (anul al III-lea)<\/li>\n<\/ul>\n<\/li>\n<li><b>un premiu III<\/b>\n<ul>\n<li>Gavrila Victor (anul I)<\/li>\n<\/ul>\n<\/li>\n<li><b>o men\u021biuni<\/b>\n<ul>\n<li>Cevan Andrei (anul I)<\/li>\n<\/ul>\n<\/li>\n<\/ul>\n<p>\u00centr-un clasament neoficial dup\u0103 num\u0103rul de premii, Facultatea de Fizic\u0103 a UAIC a ocupat locul al II-lea, fiind depa\u0219it\u0103 doar de Facultatea de Fizic\u0103 a universit\u0103\u021bii gazd\u0103.<\/p>\n<h2><span style=\"color: #993300;\">Tematica Concursului National Studentesc \u201dDragomir Hurmuzescu\u201d 2016<\/span><\/h2>\n<table>\n<tbody>\n<tr>\n<th>Anul de studiu<\/th>\n<th>Disciplina<\/th>\n<th>Materia pentru concurs<\/th>\n<\/tr>\n<tr>\n<td>I<\/td>\n<td>MECANIC\u0102 CLASIC\u0102<\/td>\n<td>Mecanica punctului material<\/td>\n<\/tr>\n<tr>\n<td><\/td>\n<td><\/td>\n<td>Mecanica sistemelor de puncte materiale<\/td>\n<\/tr>\n<tr>\n<td>II<\/td>\n<td>FIZIC\u0102 MOLECULAR\u0102 \u015eI C\u0102LDUR\u0102<\/td>\n<td>Termodinamic\u0103<\/td>\n<\/tr>\n<tr>\n<td><\/td>\n<td><\/td>\n<td>Teoria cinetico-molecular\u0103<\/td>\n<\/tr>\n<tr>\n<td><\/td>\n<td>MECANIC\u0102 ANALITIC\u0102<\/td>\n<td>Formalismul Lagrange<\/td>\n<\/tr>\n<tr>\n<td><\/td>\n<td>ELECTRICITATE \u015eI MAGNETISM<\/td>\n<td>Electrostatic\u0103<\/td>\n<\/tr>\n<tr>\n<td><\/td>\n<td><\/td>\n<td>Electrocinetic\u0103<\/td>\n<\/tr>\n<tr>\n<td><\/td>\n<td><\/td>\n<td>C\u00e2mpul magnetic sta\u0163ionar<\/td>\n<\/tr>\n<tr>\n<td><\/td>\n<td>OPTIC\u0102<\/td>\n<td>Optic\u0103 geometric\u0103<\/td>\n<\/tr>\n<\/tbody>\n<\/table>\n<p>&nbsp;<\/p>\n","protected":false},"excerpt":{"rendered":"<p>Etapa local\u0103, 12 martie 2016 Subiecte si bareme Subiecte si bareme anul I Subiecte si bareme anul al II-lea Rezultate: Premiul I Gavrila Victor (anul I) Balica Elena (anul al II-lea) Strungaru Mara (anul al III-lea) Premiul al II-lea Ceban Andrei (anul I) Timus Andrei (anul al II-lea) Condurache Oana (anul al II-lea) Premiul al III-lea Hodoroaba Bianca\u2026 <span class=\"read-more\"><a href=\"https:\/\/www.phys.uaic.ro\/old\/index.php\/studenti\/https-www-phys-uaic-ro-index-php-studenti-concurs-hurmuzescu-concurs-hurmuzescu-xii\/concurs-hurmuzescu-v\/\">Read More &raquo;<\/a><\/span><\/p>\n","protected":false},"author":3,"featured_media":0,"parent":202,"menu_order":0,"comment_status":"closed","ping_status":"closed","template":"","meta":{"footnotes":""},"class_list":["post-1693","page","type-page","status-publish","hentry"],"_links":{"self":[{"href":"https:\/\/www.phys.uaic.ro\/old\/index.php\/wp-json\/wp\/v2\/pages\/1693","targetHints":{"allow":["GET"]}}],"collection":[{"href":"https:\/\/www.phys.uaic.ro\/old\/index.php\/wp-json\/wp\/v2\/pages"}],"about":[{"href":"https:\/\/www.phys.uaic.ro\/old\/index.php\/wp-json\/wp\/v2\/types\/page"}],"author":[{"embeddable":true,"href":"https:\/\/www.phys.uaic.ro\/old\/index.php\/wp-json\/wp\/v2\/users\/3"}],"replies":[{"embeddable":true,"href":"https:\/\/www.phys.uaic.ro\/old\/index.php\/wp-json\/wp\/v2\/comments?post=1693"}],"version-history":[{"count":0,"href":"https:\/\/www.phys.uaic.ro\/old\/index.php\/wp-json\/wp\/v2\/pages\/1693\/revisions"}],"up":[{"embeddable":true,"href":"https:\/\/www.phys.uaic.ro\/old\/index.php\/wp-json\/wp\/v2\/pages\/202"}],"wp:attachment":[{"href":"https:\/\/www.phys.uaic.ro\/old\/index.php\/wp-json\/wp\/v2\/media?parent=1693"}],"curies":[{"name":"wp","href":"https:\/\/api.w.org\/{rel}","templated":true}]}}