{"id":17007,"date":"2022-07-05T10:23:54","date_gmt":"2022-07-05T07:23:54","guid":{"rendered":"https:\/\/www.phys.uaic.ro\/?page_id=17007"},"modified":"2022-09-05T11:54:12","modified_gmt":"2022-09-05T08:54:12","slug":"conf-dr-habil-claudiu-costin-teme-cercetare","status":"publish","type":"page","link":"https:\/\/www.phys.uaic.ro\/old\/index.php\/scoala-doctorala\/conducatori-doctorat\/conf-dr-habil-claudiu-costin-teme-cercetare\/","title":{"rendered":"Conf. Dr. habil. Claudiu COSTIN &#8211; admitere doctorat"},"content":{"rendered":"<p style=\"font-weight: 400;\"><strong>Teme de cercetare:<\/strong><\/p>\n<ul>\n<li>Studiul fenomenelor de transport \u00een plasme de interes termonuclear prin m\u0103sur\u0103tori electrice<\/li>\n<li>Simularea desc\u0103rc\u0103rii magnetron<\/li>\n<li>Simularea caracteristicii de sond\u0103 \u00een plasme magnetizate<\/li>\n<li>Simularea procesului de depunere \u00een desc\u0103rcarea magnetron<\/li>\n<li>Simularea proceselor elementare \u00een plasm\u0103<\/li>\n<\/ul>\n<p style=\"font-weight: 400;\"><strong>Tematica admiterii la doctorat:<\/strong><\/p>\n<ol>\n<li style=\"font-weight: 400;\">Diagnoza electrica a plasmei. Sonda Langmuir.<\/li>\n<li style=\"font-weight: 400;\">Modelul plasmei ca doua fluide.<\/li>\n<li style=\"font-weight: 400;\">Miscarea particulelor incarcate cu sarcini electrice intr-o combinatie de campuri electrice \u0219i magnetice statice si uniforme. Driftul electric.<\/li>\n<li style=\"font-weight: 400;\">Difuzia libera si difuzia ambipolara intr-o plasma nemagnetizata.<\/li>\n<li style=\"font-weight: 400;\">Difuzia intr-o plasma magnetizata: difuzia clasica si difuzia Bohm.<\/li>\n<\/ol>\n<p style=\"font-weight: 400;\"><strong>Bibliografie:<\/strong><\/p>\n<ol>\n<li style=\"font-weight: 400;\">G. Popa, L. S\u00eerghi, Bazele fizicii plasmei, Editura Universit\u0103\u021bii Alexandru Ioan Cuza, Ia\u0219i, 2000<\/li>\n<li style=\"font-weight: 400;\">G. Br\u0103tescu, Fizica plasmei, Editura Didactic\u0103 \u0219i Pedagogic\u0103, Bucure\u0219ti, 1970<\/li>\n<li style=\"font-weight: 400;\">A. Bogaerts, I. Kolev, G. Buyle, Modeling of the Magnetron Discharge, capitolul 3 din cartea Reactive Sputter Deposition (editori D. Depla, S. Mahieu), Editura Springer, Berlin, 2008<\/li>\n<\/ol>\n","protected":false},"excerpt":{"rendered":"<p>Teme de cercetare: Studiul fenomenelor de transport \u00een plasme de interes termonuclear prin m\u0103sur\u0103tori electrice Simularea desc\u0103rc\u0103rii magnetron Simularea caracteristicii de sond\u0103 \u00een plasme magnetizate Simularea procesului de depunere \u00een desc\u0103rcarea magnetron Simularea proceselor elementare \u00een plasm\u0103 Tematica admiterii la doctorat: Diagnoza electrica a plasmei. Sonda Langmuir. Modelul plasmei ca doua fluide. Miscarea particulelor incarcate cu sarcini electrice\u2026 <span class=\"read-more\"><a href=\"https:\/\/www.phys.uaic.ro\/old\/index.php\/scoala-doctorala\/conducatori-doctorat\/conf-dr-habil-claudiu-costin-teme-cercetare\/\">Read More &raquo;<\/a><\/span><\/p>\n","protected":false},"author":3,"featured_media":0,"parent":150,"menu_order":0,"comment_status":"closed","ping_status":"closed","template":"","meta":{"footnotes":""},"class_list":["post-17007","page","type-page","status-publish","hentry"],"_links":{"self":[{"href":"https:\/\/www.phys.uaic.ro\/old\/index.php\/wp-json\/wp\/v2\/pages\/17007","targetHints":{"allow":["GET"]}}],"collection":[{"href":"https:\/\/www.phys.uaic.ro\/old\/index.php\/wp-json\/wp\/v2\/pages"}],"about":[{"href":"https:\/\/www.phys.uaic.ro\/old\/index.php\/wp-json\/wp\/v2\/types\/page"}],"author":[{"embeddable":true,"href":"https:\/\/www.phys.uaic.ro\/old\/index.php\/wp-json\/wp\/v2\/users\/3"}],"replies":[{"embeddable":true,"href":"https:\/\/www.phys.uaic.ro\/old\/index.php\/wp-json\/wp\/v2\/comments?post=17007"}],"version-history":[{"count":0,"href":"https:\/\/www.phys.uaic.ro\/old\/index.php\/wp-json\/wp\/v2\/pages\/17007\/revisions"}],"up":[{"embeddable":true,"href":"https:\/\/www.phys.uaic.ro\/old\/index.php\/wp-json\/wp\/v2\/pages\/150"}],"wp:attachment":[{"href":"https:\/\/www.phys.uaic.ro\/old\/index.php\/wp-json\/wp\/v2\/media?parent=17007"}],"curies":[{"name":"wp","href":"https:\/\/api.w.org\/{rel}","templated":true}]}}