{"id":17497,"date":"2022-09-09T10:48:16","date_gmt":"2022-09-09T07:48:16","guid":{"rendered":"https:\/\/www.phys.uaic.ro\/?page_id=17497"},"modified":"2022-09-09T10:48:16","modified_gmt":"2022-09-09T07:48:16","slug":"conf-univ-dr-habil-loredana-cristina-mereuta-expertiza","status":"publish","type":"page","link":"https:\/\/www.phys.uaic.ro\/old\/index.php\/conf-univ-dr-habil-loredana-cristina-mereuta-expertiza\/","title":{"rendered":"Conf. univ. dr. habil. Loredana-Cristina MEREU\u021a\u0102 &#8211; expertiz\u0103"},"content":{"rendered":"<p><b>Domeniul major de cercetare:<\/b><\/p>\n<ul>\n<li>Biofizic\u0103 molecular\u0103.<\/li>\n<\/ul>\n<p><b>Aria de cercetare:<\/b><\/p>\n<ul style=\"list-style-type: disc;\">\n<li>Studierea nanoporilor naturali prin metode electrice \u015fi spectroscopice<\/li>\n<li>Studierea propriet\u0103\u0163ilor fizice ale membranelor lipidice planare artificiale \u015fi ale lipozomilor<\/li>\n<li>Studierea mecanismelor de transport a unor peptide \u015fi ioni prin membranele biologice prin tehnici de spectroscopie de fluorescen\u0163\u0103 \u015fi UV-VIS.<\/li>\n<\/ul>\n<p><b>Domeniul de expertiz\u0103:<\/b><\/p>\n<ul>\n<li>Investigarea \u0219i eficientizarea poten\u021bialului tumoral \u0219i antimicrobian al unor peptide citotoxice prin tehnici de electrofiziologie molecular\u0103.<\/li>\n<li>Studierea interac\u0163iunilor fizico-chimice la nivel uni-molecular, cu ajutorul nanoporilor biologici izola\u0163i \u00een membrane lipidice artificiale.<\/li>\n<li>Identificarea metodelor alternative de detec\u021bie rapid\u0103 a unor componente proteice din constituen\u021ba unor patogeni virali.<\/li>\n<\/ul>\n<p>&nbsp;<\/p>\n","protected":false},"excerpt":{"rendered":"<p>Domeniul major de cercetare: Biofizic\u0103 molecular\u0103. Aria de cercetare: Studierea nanoporilor naturali prin metode electrice \u015fi spectroscopice Studierea propriet\u0103\u0163ilor fizice ale membranelor lipidice planare artificiale \u015fi ale lipozomilor Studierea mecanismelor de transport a unor peptide \u015fi ioni prin membranele biologice prin tehnici de spectroscopie de fluorescen\u0163\u0103 \u015fi UV-VIS. Domeniul de expertiz\u0103: Investigarea \u0219i eficientizarea poten\u021bialului tumoral \u0219i antimicrobian\u2026 <span class=\"read-more\"><a href=\"https:\/\/www.phys.uaic.ro\/old\/index.php\/conf-univ-dr-habil-loredana-cristina-mereuta-expertiza\/\">Read More &raquo;<\/a><\/span><\/p>\n","protected":false},"author":4,"featured_media":0,"parent":0,"menu_order":0,"comment_status":"closed","ping_status":"closed","template":"","meta":{"footnotes":""},"class_list":["post-17497","page","type-page","status-publish","hentry"],"_links":{"self":[{"href":"https:\/\/www.phys.uaic.ro\/old\/index.php\/wp-json\/wp\/v2\/pages\/17497","targetHints":{"allow":["GET"]}}],"collection":[{"href":"https:\/\/www.phys.uaic.ro\/old\/index.php\/wp-json\/wp\/v2\/pages"}],"about":[{"href":"https:\/\/www.phys.uaic.ro\/old\/index.php\/wp-json\/wp\/v2\/types\/page"}],"author":[{"embeddable":true,"href":"https:\/\/www.phys.uaic.ro\/old\/index.php\/wp-json\/wp\/v2\/users\/4"}],"replies":[{"embeddable":true,"href":"https:\/\/www.phys.uaic.ro\/old\/index.php\/wp-json\/wp\/v2\/comments?post=17497"}],"version-history":[{"count":0,"href":"https:\/\/www.phys.uaic.ro\/old\/index.php\/wp-json\/wp\/v2\/pages\/17497\/revisions"}],"wp:attachment":[{"href":"https:\/\/www.phys.uaic.ro\/old\/index.php\/wp-json\/wp\/v2\/media?parent=17497"}],"curies":[{"name":"wp","href":"https:\/\/api.w.org\/{rel}","templated":true}]}}