{"id":18505,"date":"2023-02-01T11:46:48","date_gmt":"2023-02-01T09:46:48","guid":{"rendered":"https:\/\/www.phys.uaic.ro\/?page_id=18505"},"modified":"2025-12-15T09:31:21","modified_gmt":"2025-12-15T07:31:21","slug":"reglementari-si-formulare","status":"publish","type":"page","link":"https:\/\/www.phys.uaic.ro\/old\/index.php\/reglementari-si-formulare\/","title":{"rendered":"FORMULARE"},"content":{"rendered":"<p>&nbsp;<\/p>\n<section id=\"content\">\n<div id=\"post-16210\" class=\"post-16210 page type-page status-publish hentry\">\n<div class=\"post-content\">\n<p><a href=\"https:\/\/www.phys.uaic.ro\/wp-content\/uploads\/2025\/10\/A-1_Fisa-inscriere_2025.docx\">A 1_Fisa inscriere_2025<\/a><\/p>\n<p><a href=\"https:\/\/www.phys.uaic.ro\/index.php\/a-2-contract\/\">A 2_Contract studii doctorale<\/a><\/p>\n<p><a href=\"https:\/\/www.phys.uaic.ro\/wp-content\/uploads\/2025\/10\/A-3_-PPUA.doc\">A 3_ PPUA<\/a> <a href=\"https:\/\/www.phys.uaic.ro\/wp-content\/uploads\/2025\/10\/A-5_1_Cerere-sustinere-raport_online.doc\">A 5_1_Cerere sustinere raport_online<\/a> <a href=\"https:\/\/www.phys.uaic.ro\/wp-content\/uploads\/2025\/10\/A-4_PCS.doc\">A 4_PCS<\/a><\/p>\n<p><a href=\"https:\/\/www.phys.uaic.ro\/wp-content\/uploads\/2025\/10\/A-4_PCS.doc\">A 4_PCS<\/a><\/p>\n<p><a href=\"https:\/\/www.phys.uaic.ro\/wp-content\/uploads\/2025\/10\/A-5_1_Cerere-sustinere-raport_online.doc\">A 5_1_Cerere sustinere raport_online<\/a><\/p>\n<p><a href=\"https:\/\/www.phys.uaic.ro\/wp-content\/uploads\/2025\/10\/A-5_Cerere-sustinere-raport.doc\">A 5_Cerere sustinere raport<\/a><\/p>\n<p><a href=\"https:\/\/www.phys.uaic.ro\/wp-content\/uploads\/2025\/10\/A-6_-Proces-verbal-sustinere-raport.doc\">A 6_ Proces verbal sustinere raport<\/a><\/p>\n<p><a href=\"https:\/\/www.phys.uaic.ro\/wp-content\/uploads\/2025\/10\/A-7_Rezolutie-raport-de-similitudini.docx\">A 7_Rezolutie raport de similitudini<\/a><\/p>\n<p><a href=\"https:\/\/www.phys.uaic.ro\/wp-content\/uploads\/2025\/10\/A-8_Declaratie-student-doctorand-publicare-teza-in-previzualizare-pentru-consultare-publica.docx\">A 8_Declara\u0163ie student doctorand &#8211; publicare teza in previzualizare pentru consultare public\u0103<\/a><\/p>\n<p><a href=\"https:\/\/www.phys.uaic.ro\/wp-content\/uploads\/2025\/10\/A-9_Decizie-CSUD-validare-sustinere.docx\">A 9_Decizie CSUD validare sustinere<\/a><\/p>\n<p><a href=\"https:\/\/www.phys.uaic.ro\/wp-content\/uploads\/2025\/10\/A-10_Formular-propunere-comisii-sustinere-publica.doc\">A 10_Formular propunere comisii sustinere publica<\/a><\/p>\n<p><a href=\"https:\/\/www.phys.uaic.ro\/wp-content\/uploads\/2025\/10\/A-11_Cerere-sustinere-publica.doc\">A 11_Cerere sustinere public\u0103<\/a><\/p>\n<p><a href=\"https:\/\/www.phys.uaic.ro\/wp-content\/uploads\/2025\/10\/A-12_Anunt-sustinere-publica.doc\">A 12_Anunt sustinere public\u0103<\/a><\/p>\n<p><a href=\"https:\/\/www.phys.uaic.ro\/wp-content\/uploads\/2025\/10\/A-13_Adresa-Biblioteca.doc\">A 13_Adresa Biblioteca<\/a><\/p>\n<p><a href=\"https:\/\/www.phys.uaic.ro\/wp-content\/uploads\/2025\/10\/A-14-_-Adresa-DRU.doc\">A 14 _ Adres\u0103 DRU<\/a><\/p>\n<p><a href=\"https:\/\/www.phys.uaic.ro\/wp-content\/uploads\/2025\/10\/A-15_-Formular_Proces-verbal-sustinere-publica.doc\">A 15_ Formular_Proces verbal sustinere public\u0103<\/a><\/p>\n<p><a href=\"https:\/\/www.phys.uaic.ro\/wp-content\/uploads\/2025\/10\/A-16_Declaratie-de-originalitate.doc\">A 16_Declaratie de originalitate<\/a><\/p>\n<p><a href=\"https:\/\/www.phys.uaic.ro\/wp-content\/uploads\/2025\/10\/A-17_Proces-verbal-sustinere-publica-a-tezei.doc\">A 17_Proces verbal sus\u0163inere public\u0103 a tezei<\/a><\/p>\n<p><a href=\"https:\/\/www.phys.uaic.ro\/wp-content\/uploads\/2025\/10\/A-18_Declaratie-student-doctorand-optiuni-publicare-teza.docx\">A 18_Declara\u0163ie student doctorand &#8211; op\u0163iuni publicare tez\u0103<\/a><\/p>\n<p><a href=\"https:\/\/www.phys.uaic.ro\/wp-content\/uploads\/2025\/10\/Documente-Dosar-confirmare-titlu.docx\">Documente Dosar confirmare titlu<\/a><\/p>\n<p><a href=\"https:\/\/www.phys.uaic.ro\/wp-content\/uploads\/2025\/10\/Act-aditional-intrerupere.docx\">Act aditional intrerupere<\/a><\/p>\n<p><a href=\"https:\/\/www.phys.uaic.ro\/wp-content\/uploads\/2025\/10\/Act-aditional-intrerupere_foreign-PhD-studies.docx\">Act aditional intrerupere_foreign PhD studies<\/a><\/p>\n<\/div>\n<\/div>\n<\/section>\n","protected":false},"excerpt":{"rendered":"<p>&nbsp; A 1_Fisa inscriere_2025 A 2_Contract studii doctorale A 3_ PPUA A 5_1_Cerere sustinere raport_online A 4_PCS A 4_PCS A 5_1_Cerere sustinere raport_online A 5_Cerere sustinere raport A 6_ Proces verbal sustinere raport A 7_Rezolutie raport de similitudini A 8_Declara\u0163ie student doctorand &#8211; publicare teza in previzualizare pentru consultare public\u0103 A 9_Decizie CSUD validare sustinere A 10_Formular propunere\u2026 <span class=\"read-more\"><a href=\"https:\/\/www.phys.uaic.ro\/old\/index.php\/reglementari-si-formulare\/\">Read More &raquo;<\/a><\/span><\/p>\n","protected":false},"author":4,"featured_media":0,"parent":0,"menu_order":0,"comment_status":"closed","ping_status":"closed","template":"","meta":{"footnotes":""},"class_list":["post-18505","page","type-page","status-publish","hentry"],"_links":{"self":[{"href":"https:\/\/www.phys.uaic.ro\/old\/index.php\/wp-json\/wp\/v2\/pages\/18505","targetHints":{"allow":["GET"]}}],"collection":[{"href":"https:\/\/www.phys.uaic.ro\/old\/index.php\/wp-json\/wp\/v2\/pages"}],"about":[{"href":"https:\/\/www.phys.uaic.ro\/old\/index.php\/wp-json\/wp\/v2\/types\/page"}],"author":[{"embeddable":true,"href":"https:\/\/www.phys.uaic.ro\/old\/index.php\/wp-json\/wp\/v2\/users\/4"}],"replies":[{"embeddable":true,"href":"https:\/\/www.phys.uaic.ro\/old\/index.php\/wp-json\/wp\/v2\/comments?post=18505"}],"version-history":[{"count":0,"href":"https:\/\/www.phys.uaic.ro\/old\/index.php\/wp-json\/wp\/v2\/pages\/18505\/revisions"}],"wp:attachment":[{"href":"https:\/\/www.phys.uaic.ro\/old\/index.php\/wp-json\/wp\/v2\/media?parent=18505"}],"curies":[{"name":"wp","href":"https:\/\/api.w.org\/{rel}","templated":true}]}}