{"id":18599,"date":"2023-02-13T12:10:56","date_gmt":"2023-02-13T10:10:56","guid":{"rendered":"https:\/\/www.phys.uaic.ro\/?page_id=18599"},"modified":"2023-02-13T12:10:56","modified_gmt":"2023-02-13T10:10:56","slug":"anunt-privind-sustinerea-raportului-de-cercetare-a-drd-stirbu-radu-stefan-pe-14-02-2023","status":"publish","type":"page","link":"https:\/\/www.phys.uaic.ro\/old\/index.php\/anunt-privind-sustinerea-raportului-de-cercetare-a-drd-stirbu-radu-stefan-pe-14-02-2023\/","title":{"rendered":"Anun\u021b privind sus\u021binerea raportului de cercetare a drd. \u0218TIRBU Radu-\u0218tefan pe 14.02.2023"},"content":{"rendered":"<p>La data\u00a0 de 14.02.2023, \u00eencep\u00e2nd cu ora 11:00, \u00een Laboratorul de Fizica Dielectricilor, va avea loc sus\u021binerea public\u0103 a raportului de cercetare cu titlul\u00a0<strong>\u201cModels describing the strain-stress distributions in ceramics \/ Modele ce descriu distributii\u00a0 tensiuni-deforma\u021bii in ceramici\u201d<\/strong> prezentat de dl. doctorand \u0218TIRBU Radu-\u0218tefan sub \u00eendrumarea d-nei prof. univ. dr. Liliana MITO\u0218ERIU.<\/p>\n","protected":false},"excerpt":{"rendered":"<p>La data\u00a0 de 14.02.2023, \u00eencep\u00e2nd cu ora 11:00, \u00een Laboratorul de Fizica Dielectricilor, va avea loc sus\u021binerea public\u0103 a raportului de cercetare cu titlul\u00a0\u201cModels describing the strain-stress distributions in ceramics \/ Modele ce descriu distributii\u00a0 tensiuni-deforma\u021bii in ceramici\u201d prezentat de dl. doctorand \u0218TIRBU Radu-\u0218tefan sub \u00eendrumarea d-nei prof. univ. dr. Liliana MITO\u0218ERIU.<\/p>\n","protected":false},"author":4,"featured_media":0,"parent":0,"menu_order":0,"comment_status":"closed","ping_status":"closed","template":"","meta":{"footnotes":""},"class_list":["post-18599","page","type-page","status-publish","hentry"],"_links":{"self":[{"href":"https:\/\/www.phys.uaic.ro\/old\/index.php\/wp-json\/wp\/v2\/pages\/18599","targetHints":{"allow":["GET"]}}],"collection":[{"href":"https:\/\/www.phys.uaic.ro\/old\/index.php\/wp-json\/wp\/v2\/pages"}],"about":[{"href":"https:\/\/www.phys.uaic.ro\/old\/index.php\/wp-json\/wp\/v2\/types\/page"}],"author":[{"embeddable":true,"href":"https:\/\/www.phys.uaic.ro\/old\/index.php\/wp-json\/wp\/v2\/users\/4"}],"replies":[{"embeddable":true,"href":"https:\/\/www.phys.uaic.ro\/old\/index.php\/wp-json\/wp\/v2\/comments?post=18599"}],"version-history":[{"count":0,"href":"https:\/\/www.phys.uaic.ro\/old\/index.php\/wp-json\/wp\/v2\/pages\/18599\/revisions"}],"wp:attachment":[{"href":"https:\/\/www.phys.uaic.ro\/old\/index.php\/wp-json\/wp\/v2\/media?parent=18599"}],"curies":[{"name":"wp","href":"https:\/\/api.w.org\/{rel}","templated":true}]}}