{"id":19068,"date":"2023-03-21T12:02:51","date_gmt":"2023-03-21T10:02:51","guid":{"rendered":"https:\/\/www.phys.uaic.ro\/?page_id=19068"},"modified":"2023-09-27T13:47:49","modified_gmt":"2023-09-27T10:47:49","slug":"sesiunea-septembrie-2023","status":"publish","type":"page","link":"https:\/\/www.phys.uaic.ro\/old\/index.php\/sesiunea-septembrie-2023\/","title":{"rendered":"Sesiunea septembrie 2023"},"content":{"rendered":"<p>https:\/\/www.phys.uaic.ro\/old\/index.php\/2023\/09\/15\/sesiunea-a-ii-a-admitere-doctorat-2023\/<\/p>\n<p><a href=\"https:\/\/www.phys.uaic.ro\/old\/wp-content\/uploads\/2023\/09\/rezultate-doctorat-ses-II.pdf\" target=\"_blank\" rel=\"noopener\">Rezultatele admiterii la doctorat, ses. a II-a<\/a><\/p>\n<p><a href=\"https:\/\/www.phys.uaic.ro\/old\/wp-content\/uploads\/2023\/09\/rezultare-admitere-doc.pdf\" target=\"_blank\" rel=\"noopener\"><span style=\"color: #ff0000;\">Rezultatele admiterii la doctorat<\/span><\/a><\/p>\n<p><b>Calendarul admiterii<\/b> la studiile universitare de doctorat pentru anul universitar 2023-2024:<\/p>\n<ul>\n<li>\u00eenscrierea candida\u021bilor: 04 \u2013 08 septembrie;<\/li>\n<li>selec\u021bia candida\u021bilor: 11 \u2013 13 septembrie; <strong><br \/>\n<\/strong><\/li>\n<li>afi\u0219area rezultatelor: 14 septembrie;<\/li>\n<li>contesta\u021bii (doar pentru proba scris\u0103): 15 septembrie;<\/li>\n<li>afi\u0219area rezultatelor: 18 septembrie;<\/li>\n<li>afi\u0219area listei finale cu candida\u021bii declara\u021bi admi\u0219i: 19 septembrie;<\/li>\n<li>confirmarea ocup\u0103rii locului: 20 \u2013 22 septembrie.<\/li>\n<\/ul>\n<p>Cuantumul taxei de admitere: 200 RON.<\/p>\n<p>&nbsp;<\/p>\n<p><b>Tematica de admitere<\/b> la doctorat cuprinde:<\/p>\n<ul>\n<li>5 subiecte de specialitate propuse de c\u0103tre fiecare conduc\u0103tor de doctorat (link-uri la acestea g\u0103si\u021bi \u00een pagina conduc\u0103torilor de doctorat care pot primi doctoranzi \u00een anul universitar 2023-2024);<\/li>\n<li><a href=\"https:\/\/www.phys.uaic.ro\/old\/index.php\/scoala-doctorala\/admitere-doctorat\/sesiunea-septembrie-2021\/subiecte-doctorat-fizica-generala-2021\" target=\"_blank\" rel=\"noopener\">5 subiecte de fizic\u0103 general\u0103<\/a>.<\/li>\n<\/ul>\n<p><b>Examenul de admitere<\/b> const\u0103 din dou\u0103 probe:<\/p>\n<ul>\n<li><b><i>Proba scris\u0103<\/i><\/b> (50%) se va desfa\u0219ura pe parcursul a 3 ore \u0219i const\u0103 din doua subiecte (extrase \u00een prezen\u021ba candida\u021bilor) din tematica de admitere la doctorat: 1 subiect de specialitate \u0219i 1 subiect de fizic\u0103 general\u0103. Fiecare din cele dou\u0103 subiecte va primi o not\u0103 de la 1 la 10, nota minim\u0103 la fiecare subiect fiind nota 5. Nota final\u0103 la proba scris\u0103 va fi calculat\u0103 ca media aritmetic\u0103 a celor dou\u0103 note;<\/li>\n<li><b><i>Proba oral\u0103<\/i><\/b> (50%) se va desf\u0103\u0219ura sub forma unei discu\u021bii libere (aprox. 10 min) urm\u0103rind:\n<ul>\n<li>prezentarea stadiului actual al cercetarilor \u00een domeniul ales;<\/li>\n<li>motivatie referitoare la alegerea temei pe care \u0219i-o propune pentru teza de doctorat;<\/li>\n<li>prezentarea \u00een rezumat a rezultatelor \u0219tiin\u021bifice anterioare.<\/li>\n<\/ul>\n<\/li>\n<\/ul>\n<p>La fiecare prob\u0103 de concurs, candida\u021bii trebuie s\u0103 ob\u021bin\u0103 cel pu\u021bin media 7 (\u0219apte).<\/p>\n<p>Media minima de admitere la doctorat este 8.<\/p>\n<p>&nbsp;<\/p>\n<p><b>Programarea probelor:<\/b><\/p>\n<ul>\n<li>Proba scris\u0103: 11 septembrie 2023, orele 10-13, \u00een sala L1<\/li>\n<li>Proba oral\u0103:\u00a0 11 septembrie 2023, \u00eencep\u00e2nd cu ora 14, \u00een sala L1.<\/li>\n<\/ul>\n<p>Dup\u0103 aflarea subiectelor, comisia de admitere va face baremul de corectare care va fi afi\u0219at.<\/p>\n<p>Nota final\u0103 va fi calculat\u0103 ca media aritmetic\u0103 a probelor scris\u0103 \u0219i oral\u0103.<\/p>\n<p>Conform regulamentului \u0218colii Doctorale de Fizic\u0103, media minim\u0103 de admitere este 8.<\/p>\n<p>&nbsp;<\/p>\n<p><b>Criterii de departajare<\/b> (\u00een ordine):<\/p>\n<ol>\n<li>Notele de la examenul de licen\u021b\u0103<\/li>\n<li>Notele de la examenul de diserta\u021bie<\/li>\n<\/ol>\n<p>&nbsp;<\/p>\n<p><b>Num\u0103rul de locuri<\/b> pentru anul universitar 2023-2024:<\/p>\n<table style=\"width: 69.3695%;\">\n<thead>\n<tr>\n<td style=\"width: 14.8699%;\">\u0218coala doctoral\u0103<\/td>\n<td style=\"width: 26.9372%;\">LOCURI REPARTIZATE STATISTIC<\/td>\n<td style=\"width: 3.29602%;\">PRIORITARE<\/td>\n<td style=\"width: 12.3359%;\">TOTAL BUGET<\/td>\n<td style=\"width: 26.961%;\">DIN CARE CU BURS\u0102 ME<\/td>\n<\/tr>\n<\/thead>\n<tbody>\n<tr>\n<td style=\"width: 14.8699%;\">Fizic\u0103<\/td>\n<td style=\"width: 26.9372%;\">7<\/td>\n<td style=\"width: 3.29602%;\">1<\/td>\n<td style=\"width: 12.3359%;\">8<\/td>\n<td style=\"width: 26.961%;\">4<\/td>\n<\/tr>\n<\/tbody>\n<\/table>\n<p>&nbsp;<\/p>\n<p><a href=\"https:\/\/www.phys.uaic.ro\/old\/wp-content\/uploads\/2023\/03\/Regulament-privind-organizarea-si-desfasurarea-admiterii-in-ciclul-de-studii-universitare-de-doctorat-pentru-anul-univ.2023-2024.pdf\" target=\"_blank\" rel=\"noopener\"><strong><em><span style=\"color: #ff0000; font-size: 14pt;\">Metodologie UAIC privind organizarea \u0219i desf\u0103\u0219urarea admiterii \u00een ciclul de studii universitare de doctorat pentru anul universitar 2023-2024<\/span><\/em><\/strong><\/a><\/p>\n<div dir=\"ltr\" data-setdir=\"false\">Pentru ob\u021binerea certificatelor de limba englez\u0103 pute\u021bi s\u0103 programa\u021bi \u00een timpul verii acces\u00e2nd linkul<\/div>\n<div dir=\"ltr\" data-setdir=\"false\"><a tabindex=\"-1\" href=\"https:\/\/litere.uaic.ro\/testari-lingvistice-2\/\" target=\"_blank\" rel=\"external nofollow noopener noreferrer\">https:\/\/litere.uaic.ro\/testari-lingvistice-2\/<\/a><\/div>\n","protected":false},"excerpt":{"rendered":"<p>https:\/\/www.phys.uaic.ro\/old\/index.php\/2023\/09\/15\/sesiunea-a-ii-a-admitere-doctorat-2023\/ Rezultatele admiterii la doctorat, ses. a II-a Rezultatele admiterii la doctorat Calendarul admiterii la studiile universitare de doctorat pentru anul universitar 2023-2024: \u00eenscrierea candida\u021bilor: 04 \u2013 08 septembrie; selec\u021bia candida\u021bilor: 11 \u2013 13 septembrie; afi\u0219area rezultatelor: 14 septembrie; contesta\u021bii (doar pentru proba scris\u0103): 15 septembrie; afi\u0219area rezultatelor: 18 septembrie; afi\u0219area listei finale cu candida\u021bii declara\u021bi admi\u0219i: 19\u2026 <span class=\"read-more\"><a href=\"https:\/\/www.phys.uaic.ro\/old\/index.php\/sesiunea-septembrie-2023\/\">Read More &raquo;<\/a><\/span><\/p>\n","protected":false},"author":4,"featured_media":0,"parent":0,"menu_order":0,"comment_status":"closed","ping_status":"closed","template":"","meta":{"footnotes":""},"class_list":["post-19068","page","type-page","status-publish","hentry"],"_links":{"self":[{"href":"https:\/\/www.phys.uaic.ro\/old\/index.php\/wp-json\/wp\/v2\/pages\/19068","targetHints":{"allow":["GET"]}}],"collection":[{"href":"https:\/\/www.phys.uaic.ro\/old\/index.php\/wp-json\/wp\/v2\/pages"}],"about":[{"href":"https:\/\/www.phys.uaic.ro\/old\/index.php\/wp-json\/wp\/v2\/types\/page"}],"author":[{"embeddable":true,"href":"https:\/\/www.phys.uaic.ro\/old\/index.php\/wp-json\/wp\/v2\/users\/4"}],"replies":[{"embeddable":true,"href":"https:\/\/www.phys.uaic.ro\/old\/index.php\/wp-json\/wp\/v2\/comments?post=19068"}],"version-history":[{"count":0,"href":"https:\/\/www.phys.uaic.ro\/old\/index.php\/wp-json\/wp\/v2\/pages\/19068\/revisions"}],"wp:attachment":[{"href":"https:\/\/www.phys.uaic.ro\/old\/index.php\/wp-json\/wp\/v2\/media?parent=19068"}],"curies":[{"name":"wp","href":"https:\/\/api.w.org\/{rel}","templated":true}]}}