{"id":19184,"date":"2023-04-19T13:48:52","date_gmt":"2023-04-19T10:48:52","guid":{"rendered":"https:\/\/www.phys.uaic.ro\/?page_id=19184"},"modified":"2024-11-25T21:15:44","modified_gmt":"2024-11-25T19:15:44","slug":"ronaqci-dezvoltarea-primei-infrastructuri-de-comunicatii-cuantice-din-romania","status":"publish","type":"page","link":"https:\/\/www.phys.uaic.ro\/old\/index.php\/cercetare\/ronaqci-dezvoltarea-primei-infrastructuri-de-comunicatii-cuantice-din-romania\/","title":{"rendered":"RoNaQCI \u2013 Prima infrastructur\u0103 de comunica\u021bii cuantice din Rom\u00e2nia"},"content":{"rendered":"<h2>Decembrie 2024<\/h2>\n<p>V\u0103 invit\u0103m s\u0103 participa\u021bi la cursurile introductive de Calcul Cuantic desf\u0103\u0219urate \u00een cadrul UAIC Quantum HUB, \u00een zilele de 7 \u0219i 14 decembrie 2024.<\/p>\n<p>Cursurile vor avea loc \u00een format hibrid. Formularul de \u00eenscriere este disponibil la adresa:<br \/>\n<a href=\"https:\/\/forms.gle\/sJb9V5pH2pqswtZN7\" target=\"_blank\" rel=\"noopener\">https:\/\/forms.gle\/sJb9V5pH2pqswtZN7<\/a><\/p>\n<h2>15 mai 2023<\/h2>\n<h1><strong>Eveniment de lansare <\/strong><strong>UAIC<\/strong><strong> Quantum HUB<\/strong><\/h1>\n<p><strong>UAIC<\/strong><strong> Quantum HUB<\/strong> al Universit\u0103\u021bii Alexandru Ioan Cuza din Ia\u0219i este un centru nou educa\u021bional \u0219i de cercetare \u00een domeniul tehnologiilor cuantice. UAIC Quantum HUB \u00ee\u0219i va desf\u0103\u0219ura activitatea beneficiind de suportul centrului na\u021bional de educa\u021bie \u0219i de cercetare \u00een domeniul tehnologiilor cuantice \u2013<strong>Romanian National Quantum Centre<\/strong> din cadrul Universit\u0103\u021bii Politehnica din Bucure\u0219ti \u0219i al altor entit\u0103\u021bi similare.<\/p>\n<p>UAIC Quantum HUB face parte din re\u021beaua na\u021bional\u0103 de centre educa\u021bionale \u0219i de cercetare \u00een domeniul tehnologiilor cuantice dezvoltat\u0103 de <strong>RoNaQCI \u2013 Romanian National Quantum Communication Infrastructure<\/strong>, proiect coordonat de Universitatea Politehnica din Bucure\u0219ti. Agen\u021bia ARNIEC asigur\u0103 acces fizic la re\u021beaua RoEduNet prin care se va realiza distribu\u021bia cuantic\u0103 de chei criptografice.<\/p>\n<p>Date de contact UAIC Quantum HUB<br \/>\nAdres\u0103: cam. 212, cladirea Corp A, et. I, Blvd. Carol I nr. 11, 700506, Ia\u0219i, RO;<br \/>\nDot\u0103ri loca\u0163ie: 18 laptopuri , 1 PC, 1 proiector, echipamente networking;<br \/>\nPersoane de contact: Lector Dr. Paul Gasner;<br \/>\nEmail\/Tel: gasner@uaic.ro \/ 0232201009;<\/p>\n<p>Detalii eveniment lansare UAIC Quantum HUB:<\/p>\n<p>Participanti: Decan prof. dr. habil. Cristian EN\u0102CHESCU, Prodecan conf. dr. habil. Ionu\u021b Cristian TOPAL\u0102,<br \/>\nconf. dr. Iordana A\u0218TEF\u0102NOAEI, conf. dr. Cristian Ioan BABAN, CS II Dr. Sorin TA\u0218CU, lect. dr. Daniel RADU,<br \/>\nlect. dr. C\u0103t\u0103lin AGHEORGHIESEI, lect. dr. Paul GASNER, dr. Ciprian P\u00ceNZARU<br \/>\n\u0219i reprezentan\u021bi ai Agen\u021biei ARNIEC\/RoEduNet Ia\u0219i: lect. univ. dr. Octavian RUSU, ing. Valeriu VRACIU<\/p>\n<p><img loading=\"lazy\" decoding=\"async\" class=\"alignnone wp-image-19309 \" src=\"https:\/\/www.phys.uaic.ro\/old\/wp-content\/uploads\/2023\/05\/UAIC_Quantum_Hub1-1024x386.jpg\" alt=\"\" width=\"874\" height=\"330\" srcset=\"https:\/\/www.phys.uaic.ro\/old\/wp-content\/uploads\/2023\/05\/UAIC_Quantum_Hub1-1024x386.jpg 1024w, https:\/\/www.phys.uaic.ro\/old\/wp-content\/uploads\/2023\/05\/UAIC_Quantum_Hub1-300x113.jpg 300w, https:\/\/www.phys.uaic.ro\/old\/wp-content\/uploads\/2023\/05\/UAIC_Quantum_Hub1-768x290.jpg 768w, https:\/\/www.phys.uaic.ro\/old\/wp-content\/uploads\/2023\/05\/UAIC_Quantum_Hub1-665x251.jpg 665w, https:\/\/www.phys.uaic.ro\/old\/wp-content\/uploads\/2023\/05\/UAIC_Quantum_Hub1.jpg 1301w\" sizes=\"auto, (max-width: 874px) 100vw, 874px\" \/><\/p>\n<p><img loading=\"lazy\" decoding=\"async\" class=\"alignleft wp-image-19310 \" src=\"https:\/\/www.phys.uaic.ro\/old\/wp-content\/uploads\/2023\/05\/UAIC_Quantum_Hub2.jpg\" alt=\"\" width=\"522\" height=\"293\" srcset=\"https:\/\/www.phys.uaic.ro\/old\/wp-content\/uploads\/2023\/05\/UAIC_Quantum_Hub2.jpg 854w, https:\/\/www.phys.uaic.ro\/old\/wp-content\/uploads\/2023\/05\/UAIC_Quantum_Hub2-300x169.jpg 300w, https:\/\/www.phys.uaic.ro\/old\/wp-content\/uploads\/2023\/05\/UAIC_Quantum_Hub2-768x432.jpg 768w, https:\/\/www.phys.uaic.ro\/old\/wp-content\/uploads\/2023\/05\/UAIC_Quantum_Hub2-665x374.jpg 665w\" sizes=\"auto, (max-width: 522px) 100vw, 522px\" \/><img loading=\"lazy\" decoding=\"async\" class=\"alignnone wp-image-19311 \" src=\"https:\/\/www.phys.uaic.ro\/old\/wp-content\/uploads\/2023\/05\/UAIC_Quantum_Hub3.jpg\" alt=\"\" width=\"333\" height=\"305\" srcset=\"https:\/\/www.phys.uaic.ro\/old\/wp-content\/uploads\/2023\/05\/UAIC_Quantum_Hub3.jpg 524w, https:\/\/www.phys.uaic.ro\/old\/wp-content\/uploads\/2023\/05\/UAIC_Quantum_Hub3-300x275.jpg 300w\" sizes=\"auto, (max-width: 333px) 100vw, 333px\" \/><\/p>\n<h2><\/h2>\n<h2>28 martie 2023<\/h2>\n<p><img loading=\"lazy\" decoding=\"async\" class=\"alignleft wp-image-19179 size-full\" src=\"https:\/\/www.phys.uaic.ro\/old\/wp-content\/uploads\/2023\/04\/RoNaQCI_logo2.png\" alt=\"\" width=\"163\" height=\"90\" \/><\/p>\n<p>La data de 28 martie 2023 Universitatea POLITEHNICA din Bucure\u0219ti a organizat conferin\u021ba de lansare a proiectului <span style=\"color: #ff9900;\"><a style=\"color: #ff9900;\" href=\"https:\/\/ronaqci.ontest.ro\/\" target=\"_blank\" rel=\"noopener\"><strong>RoNaQCI \u2013 Romanian National Quantum Communication Infrastructure<\/strong> <\/a><\/span>destinat dezvolt\u0103rii primei infrastructuri de comunica\u021bii cuantice din Rom\u00e2nia.<\/p>\n<p>&nbsp;<\/p>\n<p>Proiectul <strong>RoNaQCI<\/strong>, coordonat de Universitatea POLITEHNICA Bucure\u0219ti, este finan\u021bat \u00een cadrul programului\u00a0 Europa Digital\u0103, apelul EU Secure Quantum Communication Infrastructure (DIGITAL-2021-QCI-01) \u2013 Deploying advanced national QCI systems and networks, cu un buget de 10 MEuro.<\/p>\n<p><strong>RoNaQCI<\/strong> \u00a0este \u00een curs de implementare de c\u0103tre un consor\u021biu format din 30 de parteneri, printre care \u015fi <a href=\"http:\/\/www.uaic.ro\"><strong>UAIC<\/strong><\/a>. Consor\u021biul \u00ee\u015fi propune s\u04d1 dezvolte <strong>prima infrastructur\u0103 de comunica\u021bii cuantice din Rom\u00e2nia<\/strong>, cu scopul de a c\u0103uta solu\u021bii la cele mai importante provoc\u0103ri ale digitaliz\u0103rii. Suportul pentru infrastructur\u0103 este asigurat de RoEduNet \u015fi va pune la dispozi\u021bie mediul fizic pentru comunica\u021biile cuantice, precum \u015fi integrarea cu re\u021beaua clasic\u0103. Proiectul \u00ee\u015fi propune, de asemenea, s\u0103 realizeze studii de caz avansate \u00een colaborare cu partenerii din proiect, pentru a demonstra utilitatea unei astfel de re\u021bele. Un rol important al UAIC pentru realizarea \u0219i implementarea de module de formare \u00een noile tehnologii cuantice. UAIC \u00eempreun\u0103 cu TUIASI vor implementa o infrastructur\u0103 de comunica\u021bii securizat\u0103\u00a0 \u00eentre cele dou\u0103 universit\u0103\u021bi \u0219i Spitalul &#8222;Sf. Spiridon&#8221;.<\/p>\n<p><span style=\"color: #ff9900;\"><a style=\"color: #ff9900;\" href=\"https:\/\/www.agerpres.ro\/comunicate\/2023\/03\/30\/comunicat-de-presa-universitatea-politehnica-bucuresti--1084900\" target=\"_blank\" rel=\"noopener\"><strong>Comunicat de pres\u0103 &#8211; lansare proiect RoNaQCI<\/strong><\/a><\/span><\/p>\n","protected":false},"excerpt":{"rendered":"<p>Decembrie 2024 V\u0103 invit\u0103m s\u0103 participa\u021bi la cursurile introductive de Calcul Cuantic desf\u0103\u0219urate \u00een cadrul UAIC Quantum HUB, \u00een zilele de 7 \u0219i 14 decembrie 2024. Cursurile vor avea loc \u00een format hibrid. Formularul de \u00eenscriere este disponibil la adresa: https:\/\/forms.gle\/sJb9V5pH2pqswtZN7 15 mai 2023 Eveniment de lansare UAIC Quantum HUB UAIC Quantum HUB al Universit\u0103\u021bii Alexandru Ioan Cuza\u2026 <span class=\"read-more\"><a href=\"https:\/\/www.phys.uaic.ro\/old\/index.php\/cercetare\/ronaqci-dezvoltarea-primei-infrastructuri-de-comunicatii-cuantice-din-romania\/\">Read More &raquo;<\/a><\/span><\/p>\n","protected":false},"author":3,"featured_media":0,"parent":50,"menu_order":0,"comment_status":"closed","ping_status":"closed","template":"","meta":{"footnotes":""},"class_list":["post-19184","page","type-page","status-publish","hentry"],"_links":{"self":[{"href":"https:\/\/www.phys.uaic.ro\/old\/index.php\/wp-json\/wp\/v2\/pages\/19184","targetHints":{"allow":["GET"]}}],"collection":[{"href":"https:\/\/www.phys.uaic.ro\/old\/index.php\/wp-json\/wp\/v2\/pages"}],"about":[{"href":"https:\/\/www.phys.uaic.ro\/old\/index.php\/wp-json\/wp\/v2\/types\/page"}],"author":[{"embeddable":true,"href":"https:\/\/www.phys.uaic.ro\/old\/index.php\/wp-json\/wp\/v2\/users\/3"}],"replies":[{"embeddable":true,"href":"https:\/\/www.phys.uaic.ro\/old\/index.php\/wp-json\/wp\/v2\/comments?post=19184"}],"version-history":[{"count":0,"href":"https:\/\/www.phys.uaic.ro\/old\/index.php\/wp-json\/wp\/v2\/pages\/19184\/revisions"}],"up":[{"embeddable":true,"href":"https:\/\/www.phys.uaic.ro\/old\/index.php\/wp-json\/wp\/v2\/pages\/50"}],"wp:attachment":[{"href":"https:\/\/www.phys.uaic.ro\/old\/index.php\/wp-json\/wp\/v2\/media?parent=19184"}],"curies":[{"name":"wp","href":"https:\/\/api.w.org\/{rel}","templated":true}]}}