{"id":19428,"date":"2023-06-06T08:22:16","date_gmt":"2023-06-06T05:22:16","guid":{"rendered":"https:\/\/www.phys.uaic.ro\/?page_id=19428"},"modified":"2023-06-06T08:24:43","modified_gmt":"2023-06-06T05:24:43","slug":"anunt-privind-sustinerea-raportului-de-cercetare-a-drd-frenti-mariana-pe-27-06-2023","status":"publish","type":"page","link":"https:\/\/www.phys.uaic.ro\/old\/index.php\/anunt-privind-sustinerea-raportului-de-cercetare-a-drd-frenti-mariana-pe-27-06-2023\/","title":{"rendered":"Anun\u021b privind sustinerea raportului de cercetare a drd. FREN\u021aI Mariana pe 27.06.2023"},"content":{"rendered":"<p>La data de <strong>27 iunie 2023<\/strong>, \u00eencep\u00e2nd cu ora <strong>12<sup>0<\/sup><sup>0<\/sup>,<\/strong> \u00een <strong>Laboratorul de Fizic\u0103 molecular\u0103,<\/strong> va avea loc sus\u021binerea public\u0103 a raportului de cercetare cu titlul <em><strong>\u201dMetode de ob\u0163inere a unor materiale semiconductoare utilizate \u00een depoluarea mediului. Rezultate experimentale\u201e<\/strong><\/em> prezentat de studenta-doctorand\u0103 <strong>FREN\u021aI Mariana, <\/strong>sub \u00eendrumarea doamnei prof. univ. dr. <strong>Diana-Mihaela MARDARE<\/strong>.<\/p>\n","protected":false},"excerpt":{"rendered":"<p>La data de 27 iunie 2023, \u00eencep\u00e2nd cu ora 1200, \u00een Laboratorul de Fizic\u0103 molecular\u0103, va avea loc sus\u021binerea public\u0103 a raportului de cercetare cu titlul \u201dMetode de ob\u0163inere a unor materiale semiconductoare utilizate \u00een depoluarea mediului. Rezultate experimentale\u201e prezentat de studenta-doctorand\u0103 FREN\u021aI Mariana, sub \u00eendrumarea doamnei prof. univ. dr. Diana-Mihaela MARDARE.<\/p>\n","protected":false},"author":4,"featured_media":0,"parent":0,"menu_order":0,"comment_status":"closed","ping_status":"closed","template":"","meta":{"footnotes":""},"class_list":["post-19428","page","type-page","status-publish","hentry"],"_links":{"self":[{"href":"https:\/\/www.phys.uaic.ro\/old\/index.php\/wp-json\/wp\/v2\/pages\/19428","targetHints":{"allow":["GET"]}}],"collection":[{"href":"https:\/\/www.phys.uaic.ro\/old\/index.php\/wp-json\/wp\/v2\/pages"}],"about":[{"href":"https:\/\/www.phys.uaic.ro\/old\/index.php\/wp-json\/wp\/v2\/types\/page"}],"author":[{"embeddable":true,"href":"https:\/\/www.phys.uaic.ro\/old\/index.php\/wp-json\/wp\/v2\/users\/4"}],"replies":[{"embeddable":true,"href":"https:\/\/www.phys.uaic.ro\/old\/index.php\/wp-json\/wp\/v2\/comments?post=19428"}],"version-history":[{"count":0,"href":"https:\/\/www.phys.uaic.ro\/old\/index.php\/wp-json\/wp\/v2\/pages\/19428\/revisions"}],"wp:attachment":[{"href":"https:\/\/www.phys.uaic.ro\/old\/index.php\/wp-json\/wp\/v2\/media?parent=19428"}],"curies":[{"name":"wp","href":"https:\/\/api.w.org\/{rel}","templated":true}]}}