{"id":19432,"date":"2023-06-06T08:30:50","date_gmt":"2023-06-06T05:30:50","guid":{"rendered":"https:\/\/www.phys.uaic.ro\/?page_id=19432"},"modified":"2023-06-06T08:31:26","modified_gmt":"2023-06-06T05:31:26","slug":"anunt-privind-sustinerea-raportului-de-cercetare-a-drd-lungu-vitalie-pe-21-06-2023","status":"publish","type":"page","link":"https:\/\/www.phys.uaic.ro\/old\/index.php\/anunt-privind-sustinerea-raportului-de-cercetare-a-drd-lungu-vitalie-pe-21-06-2023\/","title":{"rendered":"Anun\u021b privind sustinerea raportului de cercetare a drd. LUNGU Vitalie pe 21.06.2023"},"content":{"rendered":"<p>La data de <strong>21 iunie 2023<\/strong>, \u00eencep\u00e2nd cu ora <strong>13<sup>00<\/sup><\/strong> \u00een <strong>Laboratorul de cercetare Astrofizic\u0103 (sala 372)<\/strong> va avea loc sus\u021binerea raportului de cercetare cu titlul <strong>\u201e<\/strong><strong><em>Problema curbelor de rota\u021bie ale galaxiilor spirale \u0219i materia \u00eentunecat\u0103<\/em>\u201d<\/strong>, prezentat de studentul-doctorand <strong>LUNGU Vitalie<\/strong>, sub \u00eendrumarea <strong>prof. univ. dr. Marina-Aura DARIESCU<\/strong>.<\/p>\n","protected":false},"excerpt":{"rendered":"<p>La data de 21 iunie 2023, \u00eencep\u00e2nd cu ora 1300 \u00een Laboratorul de cercetare Astrofizic\u0103 (sala 372) va avea loc sus\u021binerea raportului de cercetare cu titlul \u201eProblema curbelor de rota\u021bie ale galaxiilor spirale \u0219i materia \u00eentunecat\u0103\u201d, prezentat de studentul-doctorand LUNGU Vitalie, sub \u00eendrumarea prof. univ. dr. Marina-Aura DARIESCU.<\/p>\n","protected":false},"author":4,"featured_media":0,"parent":0,"menu_order":0,"comment_status":"closed","ping_status":"closed","template":"","meta":{"footnotes":""},"class_list":["post-19432","page","type-page","status-publish","hentry"],"_links":{"self":[{"href":"https:\/\/www.phys.uaic.ro\/old\/index.php\/wp-json\/wp\/v2\/pages\/19432","targetHints":{"allow":["GET"]}}],"collection":[{"href":"https:\/\/www.phys.uaic.ro\/old\/index.php\/wp-json\/wp\/v2\/pages"}],"about":[{"href":"https:\/\/www.phys.uaic.ro\/old\/index.php\/wp-json\/wp\/v2\/types\/page"}],"author":[{"embeddable":true,"href":"https:\/\/www.phys.uaic.ro\/old\/index.php\/wp-json\/wp\/v2\/users\/4"}],"replies":[{"embeddable":true,"href":"https:\/\/www.phys.uaic.ro\/old\/index.php\/wp-json\/wp\/v2\/comments?post=19432"}],"version-history":[{"count":0,"href":"https:\/\/www.phys.uaic.ro\/old\/index.php\/wp-json\/wp\/v2\/pages\/19432\/revisions"}],"wp:attachment":[{"href":"https:\/\/www.phys.uaic.ro\/old\/index.php\/wp-json\/wp\/v2\/media?parent=19432"}],"curies":[{"name":"wp","href":"https:\/\/api.w.org\/{rel}","templated":true}]}}