{"id":19526,"date":"2023-06-15T11:42:56","date_gmt":"2023-06-15T08:42:56","guid":{"rendered":"https:\/\/www.phys.uaic.ro\/?page_id=19526"},"modified":"2023-06-15T11:42:56","modified_gmt":"2023-06-15T08:42:56","slug":"apel-la-candidaturi-pentru-mobilitati-de-formare-erasmus-in-tari-terte-care-nu-sunt-asociate-la-program-tari-non-ue","status":"publish","type":"page","link":"https:\/\/www.phys.uaic.ro\/old\/index.php\/apel-la-candidaturi-pentru-mobilitati-de-formare-erasmus-in-tari-terte-care-nu-sunt-asociate-la-program-tari-non-ue\/","title":{"rendered":"Apel la candidaturi pentru mobilit\u0103\u0163i de formare Erasmus+ \u00een \u0163\u0103ri ter\u0163e care nu sunt asociate la Program (\u0163\u0103ri non-UE)"},"content":{"rendered":"<p><strong>Apelul la candidaturi pentru mobilit\u0103\u0163i de formare Erasmus+ \u00een \u0163\u0103ri ter\u0163e care nu sunt asociate la Program (\u0163\u0103ri non-UE)<\/strong><\/p>\n<p><strong>pentru mobilit\u0103\u021bi care urmeaz\u0103 s\u0103 se desf\u0103\u0219oare p\u00e2n\u0103 la finalul anului academic 2023-2024<\/strong><\/p>\n<p>&nbsp;<\/p>\n<p>La aceast\u0103 selec\u021bie pentru mobilit\u0103\u021bi de formare \u00een \u0163\u0103ri ter\u0163e care nu sunt asociate la Program pot participa:<\/p>\n<p>&#8211; personalul didactic-auxiliar<\/p>\n<p>&#8211; personalul de cercetare<\/p>\n<p>&#8211; coordonatorii Erasmus+<\/p>\n<p>&nbsp;<\/p>\n<p>Dosarele de candidatur\u0103 se vor depune <b>exclusiv online<\/b>, pe site-ul <a tabindex=\"-1\" href=\"http:\/\/www.uaic.ro\" target=\"_blank\" rel=\"external nofollow noopener noreferrer\">www.uaic.ro<\/a>, la sec\u021biunea Interna\u0163ional &#8211; Programul Erasmus+ cu \u0163\u0103rile partenere (non-UE) &#8211; Mobilit\u0103\u021bi de formare.<\/p>\n<p>&nbsp;<\/p>\n<p>Conform noului Ghid Erasmus+ \u015fi a contractului de finan\u0163are \u00eencheiat cu ANPCDEFP, exista posibilitatea de a finan\u0163a mobilit\u0103\u0163ile c\u0103tre \u0163\u0103rile ter\u0163e care nu sunt asociate la Program (non-UE) din <b>dou\u0103 surse de finan\u0163are<\/b>:<\/p>\n<p>&#8211; proiectul anual KA171, pentru un num\u0103r limitat de locuri aferente regiunilor 1-12 (num\u0103rul de locuri fiind men\u0163ionat \u00een fiecare nou apel lansat);<\/p>\n<p>&#8211; dimensiunea interna\u0163ional\u0103 a proiectului anual KA131, pentru \u0163\u0103ri din regiunile 1-14 (\u00een limita a 20% din bugetul disponibil aferent mobilit\u0103\u0163ilor pentru proiectul anual KA131).<\/p>\n<p>&nbsp;<\/p>\n<p>Un element de noutate aferent proiectelor Erasmus+ KA131 \u015fi KA171 ar fi faptul c\u0103 durata mobilit\u0103\u0163ii poate fi de <b>5 zile consecutive<\/b> (f\u0103r\u0103 \u00eentreruperi).<\/p>\n<p>&nbsp;<\/p>\n<p>Pentru mobilit\u0103\u0163ile de formare \u00een \u0163\u0103ri non-UE sunt <b>eligibile<\/b>:<\/p>\n<p>&#8211; universit\u0103\u0163i din \u0163\u0103ri ter\u021be care nu sunt asociate Programului Erasmus+, cu care trebuie semnat un acord bilateral interinstitu\u0163ional Erasmus <b>\u00eenaintea \u00eenceperii mobilit\u0103\u0163ii<\/b>;<\/p>\n<p>&#8211; organiza\u0163ii non-academice din \u0163\u0103ri ter\u021be care nu sunt asociate Programului Erasmus+ (institu\u021bii publice sau private active pe pia\u021ba muncii).<\/p>\n<p>&nbsp;<\/p>\n<p>Lista cu acordurile inter-institu\u0163ionale Erasmus+ \u00eencheiate cu universit\u0103\u0163i din \u0163\u0103ri ter\u0163e care nu sunt asociate la Program (acordurile fiind \u00een prezent \u00een proces de actualizare\/prelungire) este disponibil\u0103 pe website-ul UAIC, la sec\u0163iunea Interna\u0163ional\/Programul Erasmus+ cu \u0163\u0103rile partenere (non-UE): <a tabindex=\"-1\" href=\"https:\/\/www.uaic.ro\/international\/programul-erasmus-tari-partenere\/acorduri-inter-institutionale-erasmus-cu-tarile-terte\/\" target=\"_blank\" rel=\"external nofollow noopener noreferrer\">https:\/\/www.uaic.ro\/international\/programul-erasmus-tari-partenere\/acorduri-inter-institutionale-erasmus-cu-tarile-terte\/<\/a><\/p>\n<p>&nbsp;<\/p>\n<p>Pentru a veni \u00een \u00eent\u00e2mpinarea nevoii de informare despre aceste tipuri de mobilit\u0103\u021bi, se vor organiza 2 \u00eent\u00e2lniri informative online:<\/p>\n<p>\u2022 \u00een data de 21 iunie 2023, de la ora 11: <a tabindex=\"-1\" href=\"https:\/\/uaic.webex.com\/uaic\/j.php?MTID=m37a48033480bb49644f43df4f213b74e\" target=\"_blank\" rel=\"external nofollow noopener noreferrer\">https:\/\/uaic.webex.com\/uaic\/j.php?MTID=m37a48033480bb49644f43df4f213b74e<\/a><\/p>\n<p>\u2022 \u00een data de 29 iunie 2023, de la ora 14: <a tabindex=\"-1\" href=\"https:\/\/uaic.webex.com\/uaic\/j.php?MTID=m80109d1bd18a3d1d36ee313572649c09\" target=\"_blank\" rel=\"external nofollow noopener noreferrer\">https:\/\/uaic.webex.com\/uaic\/j.php?MTID=m80109d1bd18a3d1d36ee313572649c09<\/a><\/p>\n<p>&nbsp;<\/p>\n<p>Detalii despre acest apel, precum \u015fi documentele necesare pentru dosarul de candidatur\u0103 se g\u0103sesc pe site-ul universit\u0103\u021bii, la sec\u021biunea Interna\u021bional.<\/p>\n","protected":false},"excerpt":{"rendered":"<p>Apelul la candidaturi pentru mobilit\u0103\u0163i de formare Erasmus+ \u00een \u0163\u0103ri ter\u0163e care nu sunt asociate la Program (\u0163\u0103ri non-UE) pentru mobilit\u0103\u021bi care urmeaz\u0103 s\u0103 se desf\u0103\u0219oare p\u00e2n\u0103 la finalul anului academic 2023-2024 &nbsp; La aceast\u0103 selec\u021bie pentru mobilit\u0103\u021bi de formare \u00een \u0163\u0103ri ter\u0163e care nu sunt asociate la Program pot participa: &#8211; personalul didactic-auxiliar &#8211; personalul de cercetare\u2026 <span class=\"read-more\"><a href=\"https:\/\/www.phys.uaic.ro\/old\/index.php\/apel-la-candidaturi-pentru-mobilitati-de-formare-erasmus-in-tari-terte-care-nu-sunt-asociate-la-program-tari-non-ue\/\">Read More &raquo;<\/a><\/span><\/p>\n","protected":false},"author":4,"featured_media":0,"parent":0,"menu_order":0,"comment_status":"closed","ping_status":"closed","template":"","meta":{"footnotes":""},"class_list":["post-19526","page","type-page","status-publish","hentry"],"_links":{"self":[{"href":"https:\/\/www.phys.uaic.ro\/old\/index.php\/wp-json\/wp\/v2\/pages\/19526","targetHints":{"allow":["GET"]}}],"collection":[{"href":"https:\/\/www.phys.uaic.ro\/old\/index.php\/wp-json\/wp\/v2\/pages"}],"about":[{"href":"https:\/\/www.phys.uaic.ro\/old\/index.php\/wp-json\/wp\/v2\/types\/page"}],"author":[{"embeddable":true,"href":"https:\/\/www.phys.uaic.ro\/old\/index.php\/wp-json\/wp\/v2\/users\/4"}],"replies":[{"embeddable":true,"href":"https:\/\/www.phys.uaic.ro\/old\/index.php\/wp-json\/wp\/v2\/comments?post=19526"}],"version-history":[{"count":0,"href":"https:\/\/www.phys.uaic.ro\/old\/index.php\/wp-json\/wp\/v2\/pages\/19526\/revisions"}],"wp:attachment":[{"href":"https:\/\/www.phys.uaic.ro\/old\/index.php\/wp-json\/wp\/v2\/media?parent=19526"}],"curies":[{"name":"wp","href":"https:\/\/api.w.org\/{rel}","templated":true}]}}