{"id":19602,"date":"2023-06-22T10:38:55","date_gmt":"2023-06-22T07:38:55","guid":{"rendered":"https:\/\/www.phys.uaic.ro\/?page_id=19602"},"modified":"2024-06-12T10:48:32","modified_gmt":"2024-06-12T07:48:32","slug":"admitere-licenta-iulie-2023","status":"publish","type":"page","link":"https:\/\/www.phys.uaic.ro\/old\/index.php\/admitere-licenta-iulie-2023\/","title":{"rendered":"Admitere studii licen\u021b\u0103 &#8211; iulie 2023"},"content":{"rendered":"<p><strong><a href=\"https:\/\/www.phys.uaic.ro\/old\/wp-content\/uploads\/2023\/07\/afisat_joi27iulie.pdf\" target=\"_blank\" rel=\"noopener\">Rezultate admitere licenta &#8211; etapa a doua &#8211; afisat 27 iulie 2023<\/a><\/strong><\/p>\n<p><strong><a href=\"https:\/\/www.phys.uaic.ro\/old\/wp-content\/uploads\/2023\/07\/afisat_joi27iulie_RP.pdf\" target=\"_blank\" rel=\"noopener\">Rezultate admitere licenta romani de pretutindeni &#8211; etapa a doua &#8211; afisat 27 iulie 2023<\/a><\/strong><\/p>\n<p><strong>Candidatii care nu adus actele in original si nu au semnat contractul de studii <\/strong>trebuie sa aduca documentele la secretariatul facultatii pana luni<strong> <span style=\"color: #ff0000;\">31 iulie cel mai tarziu (27-28 iulie orele 9-15, 31 iulie orele 9-12)<\/span>.<\/strong><\/p>\n<p><strong>Specializarile Fizica in limba engleza si Fizica tehnologica se vor desfasura doar daca se vor constitui formatiunile de studiu minime (10 studenti). In caz contrar, studentii vor fi redistribuiti la alta optiune la alegere.<\/strong><\/p>\n<p><span style=\"color: #ff0000;\"><strong><a style=\"color: #ff0000;\" href=\"https:\/\/www.phys.uaic.ro\/old\/wp-content\/uploads\/2023\/07\/licenta-buget-afisat.pdf\" target=\"_blank\" rel=\"noopener\">Rezultate admitere licenta &#8211; BUGET &#8211; iulie 2023<\/a><\/strong><\/span><\/p>\n<p><span style=\"color: #ff0000;\"><strong><a style=\"color: #ff0000;\" href=\"https:\/\/www.phys.uaic.ro\/old\/wp-content\/uploads\/2023\/07\/licenta-taxa-afisat.pdf\" target=\"_blank\" rel=\"noopener\">Reultate admitere licenta &#8211; TAXA &#8211; iulie 2023<\/a><\/strong><\/span><\/p>\n<p><a href=\"https:\/\/www.phys.uaic.ro\/old\/wp-content\/uploads\/2023\/07\/licenta-asteptare.pdf\" target=\"_blank\" rel=\"noopener\"><span style=\"color: #ff0000;\"><strong>Lista asteptare<\/strong><\/span><\/a><\/p>\n<p><a href=\"https:\/\/www.phys.uaic.ro\/old\/wp-content\/uploads\/2023\/07\/Romani-de-pretutindeni-BUGET.pdf\">Romani de pretutindeni BUGET<\/a><\/p>\n<p><a href=\"https:\/\/www.phys.uaic.ro\/old\/wp-content\/uploads\/2023\/07\/Romani-de-pretutindeni-TAXA.pdf\">Romani de pretutindeni TAXA<\/a><\/p>\n<p><a href=\"https:\/\/www.phys.uaic.ro\/old\/wp-content\/uploads\/2023\/07\/Romani-de-pretutindeni-ASTEPTARE.pdf\">Romani de pretutindeni &#8211; Lista ASTEPTARE<\/a><\/p>\n<p>&nbsp;<\/p>\n<p>In <strong>etapa de confirmare<\/strong> (la secretariatul Facultatii, 19-24 iulie, orele 9-15 si 25 iulie 2023, orele 9-12, exceptand sambata si duminica):<\/p>\n<p>&#8211; <strong>Candida\u021bii admi\u0219i la buget, care au adus actele \u00een original<\/strong>, pot \u00eenc\u0103rca \u00een platform\u0103, in contul personal, dovada pl\u0103\u021bii taxei de \u00eenmatriculare \u0219i <em><strong><a href=\"https:\/\/www.phys.uaic.ro\/old\/wp-content\/uploads\/2023\/07\/1.-Contract-IF-2023.pdf\" target=\"_blank\" rel=\"noopener\">Contractul de studii<\/a><\/strong><\/em> completat si semnat (un singur fisier).<\/p>\n<p>&#8211; <strong>Candida\u021bii admi\u0219i la buget, care nu au depuse actele \u00een original,<\/strong> trebuie sa aduca \u00een original la Facultate actele necesare, cu dovada taxei de \u00eenmatriculare \u0219i vor semna Contractul de studii;<\/p>\n<p>&#8211; <strong>Candida\u021bii admi\u0219i doar la tax\u0103 (cei care urmeaza a II-a facultate)\u00a0<\/strong> vor achita <b>30% din taxa sem.I: 500 RON. <\/b><\/p>\n<p><strong>Candidatii care au fost admisi la alta specializare decat cea dorita, vor putea fi redistribuiti la prima optiune, imediat dupa prima faza a admiterii, cu conditia sa isi confirme locul sa precizeze optiunea dorita in timpul confirmarii!<br \/>\n<\/strong><\/p>\n<h3><strong>Perioada admiterii<\/strong><\/h3>\n<ul>\n<li><b>\u00censcriere \u0219i depunerea dosarelor<\/b>: 10-15 iulie 2023 (online si in laboratorul de informatica- demisol)\n<ul>\n<li>luni, <strong>10 iulie<\/strong> &#8211; vineri, <strong>14 iulie 2023<\/strong>, orele <strong>9:00 &#8211; 17:00<\/strong><\/li>\n<li>s\u00e2mb\u0103t\u0103, <strong>15 iulie 2023<\/strong>; orele <strong>9:00 &#8211; 12:00<\/strong><\/li>\n<\/ul>\n<\/li>\n<li><b>Selec\u021bia candida\u021bilor \u0219i afi\u0219area rezultatelor<\/b>: 17-22 iulie 2023<\/li>\n<\/ul>\n<p>&nbsp;<\/p>\n<p><strong>Conturile de acces<\/strong> pe platforma <span style=\"color: #800000;\"><strong>eadmitere.uaic.ro<\/strong><\/span> vor putea fi create p\u00e2n\u0103 cel t\u00e2rziu s\u00eemb\u0103t\u0103, <strong>15 iulie<\/strong> 2023, ora <strong>12:00<\/strong>, completarea \u0219i finalizarea dosarelor put\u00e2ndu-se face p\u00e2n\u0103 la ora <strong>13:oo<\/strong>.<\/p>\n<p>&nbsp;<\/p>\n<p>Deschide\u0163i pagina<em> <a href=\"https:\/\/eadmitere.uaic.ro\/auth\/login?return=%2Fcandidat\" target=\"_blank\" rel=\"noopener\">http:\/\/inscriere.uaic.ro\/SitePages\/Home.aspx<\/a> <\/em>de pe site-ul universit\u0103\u021bii \u015fi urma\u0163i instruc\u0163iunile de admitere \u00eensemn\u00e2nd achitarea taxei de admitere, scanarea (fotocopierea) actelor necesare si trimiterea lor \u00een contul creat. Informa\u0163ii suplimentare pute\u0163i primi la <em>fizica@uaic.ro<\/em>.<\/p>\n<p><strong>Sfatuim candidatii sa bifeze cat mai multe din cele 5 specializari, in ordinea pe care o doresc, (nu e necesara nicio taxa suplimentara), in asa fel incat sa isi maximizeze sansele de admitere. Ulterior, se poate face o cerere de transfer , inainte de inceperea anului universitar.<br \/>\n<\/strong><\/p>\n<p><a href=\"https:\/\/www.phys.uaic.ro\/old\/index.php\/numarul-de-locuri-la-licenta-iulie-2023\/\" target=\"_blank\" rel=\"noopener\">Num\u0103rul de locuri<\/a><\/p>\n<p><a href=\"https:\/\/www.phys.uaic.ro\/old\/index.php\/conditii-de-admitere-si-taxe-la-licenta-2023\/\" target=\"_blank\" rel=\"noopener\">Condi\u021bii de admitere \u0219i taxe<\/a><\/p>\n<p><a href=\"https:\/\/www.phys.uaic.ro\/old\/index.php\/actele-necesare-la-licenta-2023\/\" target=\"_blank\" rel=\"noopener\">Actele necesare<\/a><\/p>\n<p>&nbsp;<\/p>\n<p><b>Informa\u021bii<\/b> despre admitere:<\/p>\n<ul>\n<li style=\"list-style-type: none;\">\n<ul>\n<li>Tel: 0232 201050<\/li>\n<li>E-mail: fizica@uaic.ro<\/li>\n<li>Site-ul Facult\u0103\u021bii de Fizic\u0103: <a href=\"http:\/\/www.phys.uaic.ro\" target=\"_blank\" rel=\"noopener\">http:\/\/www.phys.uaic.ro<\/a><\/li>\n<li>Site-ul universit\u0103\u021bii dedicat admiterii: <a href=\"http:\/\/admitere.uaic.ro\/\" target=\"_blank\" rel=\"noopener\">http:\/\/admitere.uaic.ro\/<\/a><\/li>\n<\/ul>\n<\/li>\n<\/ul>\n<p>&nbsp;<\/p>\n<p>&nbsp;<\/p>\n<p><a href=\"https:\/\/www.phys.uaic.ro\/old\/wp-content\/uploads\/2023\/06\/Regulament-Admitere-Licenta-2023_site.pdf\" target=\"_blank\" rel=\"noopener\"><em>Metodologie privind organizarea \u015fi desf\u0103\u015furarea admiterii \u00een ciclul de studii universitare de licen\u0163\u0103 pentru anul universitar 2023-2024<\/em><\/a><\/p>\n<p><a href=\"https:\/\/www.phys.uaic.ro\/old\/wp-content\/uploads\/2022\/05\/L_02.-Anexa_INFORMARE-PRIVIND-PRELUCRAREA-INFORMATIILOR-2022.pdf\" target=\"_blank\" rel=\"noopener\"><em>Informare privind prelucrarea informa\u021biilor cu caracter personal<\/em><\/a><\/p>\n<p>&nbsp;<\/p>\n","protected":false},"excerpt":{"rendered":"<p>Rezultate admitere licenta &#8211; etapa a doua &#8211; afisat 27 iulie 2023 Rezultate admitere licenta romani de pretutindeni &#8211; etapa a doua &#8211; afisat 27 iulie 2023 Candidatii care nu adus actele in original si nu au semnat contractul de studii trebuie sa aduca documentele la secretariatul facultatii pana luni 31 iulie cel mai tarziu (27-28 iulie orele\u2026 <span class=\"read-more\"><a href=\"https:\/\/www.phys.uaic.ro\/old\/index.php\/admitere-licenta-iulie-2023\/\">Read More &raquo;<\/a><\/span><\/p>\n","protected":false},"author":4,"featured_media":0,"parent":0,"menu_order":0,"comment_status":"closed","ping_status":"closed","template":"","meta":{"footnotes":""},"class_list":["post-19602","page","type-page","status-publish","hentry"],"_links":{"self":[{"href":"https:\/\/www.phys.uaic.ro\/old\/index.php\/wp-json\/wp\/v2\/pages\/19602","targetHints":{"allow":["GET"]}}],"collection":[{"href":"https:\/\/www.phys.uaic.ro\/old\/index.php\/wp-json\/wp\/v2\/pages"}],"about":[{"href":"https:\/\/www.phys.uaic.ro\/old\/index.php\/wp-json\/wp\/v2\/types\/page"}],"author":[{"embeddable":true,"href":"https:\/\/www.phys.uaic.ro\/old\/index.php\/wp-json\/wp\/v2\/users\/4"}],"replies":[{"embeddable":true,"href":"https:\/\/www.phys.uaic.ro\/old\/index.php\/wp-json\/wp\/v2\/comments?post=19602"}],"version-history":[{"count":0,"href":"https:\/\/www.phys.uaic.ro\/old\/index.php\/wp-json\/wp\/v2\/pages\/19602\/revisions"}],"wp:attachment":[{"href":"https:\/\/www.phys.uaic.ro\/old\/index.php\/wp-json\/wp\/v2\/media?parent=19602"}],"curies":[{"name":"wp","href":"https:\/\/api.w.org\/{rel}","templated":true}]}}