{"id":19968,"date":"2023-08-04T11:15:20","date_gmt":"2023-08-04T08:15:20","guid":{"rendered":"https:\/\/www.phys.uaic.ro\/?page_id=19968"},"modified":"2023-09-05T11:23:05","modified_gmt":"2023-09-05T08:23:05","slug":"sesiunea-restante-28-august-10-septembrie-2023","status":"publish","type":"page","link":"https:\/\/www.phys.uaic.ro\/old\/index.php\/sesiunea-restante-28-august-10-septembrie-2023\/","title":{"rendered":"Sesiunea RESTAN\u021aE: 28 august &#8211; 10 septembrie 2023"},"content":{"rendered":"<p>In perioada 28 august &#8211; 10 septembrie 2023 se va organiza o sesiune special\u0103 de evaluare (examin\u0103ri, reexamin\u0103ri, m\u0103riri).<\/p>\n<p>Studen\u021bii care au restan\u021be vor putea sus\u021bine examenele doar dac\u0103:<\/p>\n<ul>\n<li>au completat o cerere \u00een acest sens (<a href=\"https:\/\/www.phys.uaic.ro\/old\/wp-content\/uploads\/2022\/01\/cerere-restante.pdf\"><em>cerere restante (format pdf)<\/em><\/a> <img loading=\"lazy\" decoding=\"async\" class=\"\" src=\"http:\/\/www.phys.uaic.ro\/wp\/imagini\/pdf-icon.png\" alt=\"pdf\" width=\"15\" height=\"15\" \/> \u0219i <a href=\"https:\/\/www.phys.uaic.ro\/old\/wp-content\/uploads\/2022\/01\/cerere-restante.docx\"><em>cerere restante (format docx)<\/em><\/a>\u00a0\u00a0<img loading=\"lazy\" decoding=\"async\" class=\"\" src=\"http:\/\/www.phys.uaic.ro\/wp\/imagini\/doc-icon.png\" alt=\"doc\" width=\"14\" height=\"14\" \/>) p\u00e2n\u0103 la data de <strong>18 august 2023, <\/strong>trimis\u0103 pe adresa <strong>fizica@uaic.ro<\/strong>\u00a0\u0219i pe <strong>adresa cadrului didactic<\/strong>;<\/li>\n<li><span style=\"color: #ff0000;\"><strong>dovad\u0103 medical\u0103 pentru neprezentarea la sesiunea de examene din vara 2023 \/ <\/strong><\/span><strong>learning agreement (pentru cei pleca\u021bi cu bursa Eramus+)<\/strong><strong>,<\/strong><\/li>\n<li>au f\u0103cut dovada achit\u0103rii taxei pentru refacerea activit\u0103\u021bii didactice (pentru sus\u021binerea unei restan\u021be din anul precedent),<\/li>\n<li>taxa pentru refacerea activit\u0103\u021bii didactice se achit\u0103 la orice sucursal\u0103 BRD, specific\u00e2nd codurile:\n<ul>\n<li style=\"list-style-type: none;\">\n<ul>\n<li>pentru studiile de licen\u0163\u0103: 1261 \u0219i 35<\/li>\n<li>pentru studiile de master: 2407 \u0219i 35.<\/li>\n<\/ul>\n<\/li>\n<\/ul>\n<\/li>\n<\/ul>\n<p>Studen\u021bii care au restan\u021be din anul curent \u0219i au sus\u021binut un examen cel mult o dat\u0103 \u0219i nu l-au promovat nu vor pl\u0103ti tax\u0103 de reexaminare (Orice student beneficiaz\u0103, la Universitatea \u201eAlexandru Ioan Cuza\u201d din Ia\u0219i, de posibilitatea de a se prezenta, \u00een mod gratuit, la dou\u0103 evalu\u0103ri finale (inclusiv la colocviile de practic\u0103) pentru fiecare disciplin\u0103 studiat\u0103 pe parcursul anului universitar conform planului de \u00eenv\u0103\u021b\u0103m\u00e2nt din anul universitar \u00een care s-a \u00eenscris.)<\/p>\n<p><a href=\"https:\/\/www.phys.uaic.ro\/old\/wp-content\/uploads\/2023\/09\/examene_licenta_aug-sept2023.pdf\" target=\"_blank\" rel=\"noopener\">Programarea examenelor restante licenta<\/a><\/p>\n<p><a href=\"https:\/\/www.phys.uaic.ro\/old\/wp-content\/uploads\/2023\/09\/PROGRAMAREA-EXAMENELOR-restante-Master-septembrie-2023.pdf\" target=\"_blank\" rel=\"noopener\">Programarea examenelor restante master<\/a><\/p>\n","protected":false},"excerpt":{"rendered":"<p>In perioada 28 august &#8211; 10 septembrie 2023 se va organiza o sesiune special\u0103 de evaluare (examin\u0103ri, reexamin\u0103ri, m\u0103riri). Studen\u021bii care au restan\u021be vor putea sus\u021bine examenele doar dac\u0103: au completat o cerere \u00een acest sens (cerere restante (format pdf) \u0219i cerere restante (format docx)\u00a0\u00a0) p\u00e2n\u0103 la data de 18 august 2023, trimis\u0103 pe adresa fizica@uaic.ro\u00a0\u0219i pe adresa\u2026 <span class=\"read-more\"><a href=\"https:\/\/www.phys.uaic.ro\/old\/index.php\/sesiunea-restante-28-august-10-septembrie-2023\/\">Read More &raquo;<\/a><\/span><\/p>\n","protected":false},"author":4,"featured_media":0,"parent":0,"menu_order":0,"comment_status":"closed","ping_status":"closed","template":"","meta":{"footnotes":""},"class_list":["post-19968","page","type-page","status-publish","hentry"],"_links":{"self":[{"href":"https:\/\/www.phys.uaic.ro\/old\/index.php\/wp-json\/wp\/v2\/pages\/19968","targetHints":{"allow":["GET"]}}],"collection":[{"href":"https:\/\/www.phys.uaic.ro\/old\/index.php\/wp-json\/wp\/v2\/pages"}],"about":[{"href":"https:\/\/www.phys.uaic.ro\/old\/index.php\/wp-json\/wp\/v2\/types\/page"}],"author":[{"embeddable":true,"href":"https:\/\/www.phys.uaic.ro\/old\/index.php\/wp-json\/wp\/v2\/users\/4"}],"replies":[{"embeddable":true,"href":"https:\/\/www.phys.uaic.ro\/old\/index.php\/wp-json\/wp\/v2\/comments?post=19968"}],"version-history":[{"count":0,"href":"https:\/\/www.phys.uaic.ro\/old\/index.php\/wp-json\/wp\/v2\/pages\/19968\/revisions"}],"wp:attachment":[{"href":"https:\/\/www.phys.uaic.ro\/old\/index.php\/wp-json\/wp\/v2\/media?parent=19968"}],"curies":[{"name":"wp","href":"https:\/\/api.w.org\/{rel}","templated":true}]}}