{"id":20595,"date":"2023-11-06T13:22:59","date_gmt":"2023-11-06T11:22:59","guid":{"rendered":"https:\/\/www.phys.uaic.ro\/?page_id=20595"},"modified":"2023-11-06T13:22:59","modified_gmt":"2023-11-06T11:22:59","slug":"appels-doffre-parceco-2024-acces-2024","status":"publish","type":"page","link":"https:\/\/www.phys.uaic.ro\/old\/index.php\/appels-doffre-parceco-2024-acces-2024\/","title":{"rendered":"Appels d\u2019offre PARCECO 2024 &#038; ACCES 2024"},"content":{"rendered":"<p><span lang=\"FR\">L\u2019objectif de PARCECO est de cofinancer la participation de conf\u00e9renciers fran\u00e7ais \u00e0 des s\u00e9minaires ou \u00c9coles d&#8217;\u00e9t\u00e9 organis\u00e9s dans les pays d&#8217;Europe centrale et orientale. <a tabindex=\"-1\" href=\"https:\/\/swll.to\/1oTdRml\" target=\"_blank\" rel=\"external nofollow noopener noreferrer\">https:\/\/swll.to\/1oTdRml<\/a><\/span><u><\/u><u><\/u><\/p>\n<p><span lang=\"FR\">L\u2019objectif d\u2019ACCES est de cofinancer l&#8217;accueil de chercheurs des pays d&#8217;Europe centrale et orientale dans des s\u00e9minaires, colloques ou congr\u00e8s organis\u00e9s en France. <a tabindex=\"-1\" href=\"https:\/\/swll.to\/f0BuUke\" target=\"_blank\" rel=\"external nofollow noopener noreferrer\">https:\/\/swll.to\/f0BuUke<\/a><\/span><u><\/u><u><\/u><\/p>\n<p><span lang=\"FR\">La date limite des dossiers est fix\u00e9e au <b>11 d\u00e9cembre 2023<\/b>. <\/span><u><\/u><u><\/u><\/p>\n<p>&#8211; <u>Appel \u00e0 candidatures Make Our Planet Great Again (MOPGA) <\/u><u><\/u><u><\/u><\/p>\n<p><span lang=\"FR\">Le programme est cofinanc\u00e9 par le MEAE et le MESR en vue d\u2019\u0153uvrer au renforcement des contributions scientifiques aux enjeux du changement climatique soulev\u00e9s par les COP. Les jeunes chercheurs \u00e9trangers laur\u00e9ats passeront une ann\u00e9e en France : <a tabindex=\"-1\" href=\"https:\/\/www.campusfrance.org\/fr\/mopga-2024\" target=\"_blank\" rel=\"external nofollow noopener noreferrer\">https:\/\/www.campusfrance.org\/fr\/mopga-2024<\/a><\/span><u><\/u><u><\/u><\/p>\n<p><span lang=\"FR\">Cinq grands domaines de recherche sont \u00e9ligibles :<\/span><u><\/u><u><\/u><\/p>\n<p><span lang=\"FR\">\u2022 les sciences du syst\u00e8me terrestre ;<\/span><u><\/u><u><\/u><\/p>\n<p><span lang=\"FR\">\u2022 les sciences du changement climatique et de la durabilit\u00e9 ;<\/span><u><\/u><u><\/u><\/p>\n<p><span lang=\"FR\">\u2022 la transition \u00e9nerg\u00e9tique ;<\/span><u><\/u><u><\/u><\/p>\n<p><span lang=\"FR\">\u2022 les enjeux soci\u00e9taux des questions environnementales ;<\/span><u><\/u><u><\/u><\/p>\n<p><span lang=\"FR\">\u2022 la sant\u00e9 humaine, animale et environnementale telle que d\u00e9finie dans le cadre de l\u2019approche \u00ab Une seule sant\u00e9 \u00bb. <\/span><u><\/u><u><\/u><\/p>\n<p><span lang=\"FR\">L\u2019appel est ouvert jusqu\u2019au <b>9 janvier 2024<\/b>.<\/span><u><\/u><u><\/u><\/p>\n<p><span lang=\"FR\">&#8211;<\/span> <u><span lang=\"FR\">Appel \u00e0 candidatures 2024 du programme Smart Loire Valley <\/span><\/u><u><\/u><u><\/u><\/p>\n<p><span lang=\"FR\">Ce programme s&#8217;adresse aux chercheurs internationaux exp\u00e9riment\u00e9s qui souhaitent venir mener leurs recherches dans la r\u00e9gion Centre-Val de Loire pendant une certaine p\u00e9riode. Tous les sujets de recherche sont les bienvenus.<\/span><u><\/u><u><\/u><\/p>\n<p><span lang=\"FR\">Un webinaire en anglais pour pr\u00e9senter le programme se tiendra le <b>mardi 7 novembre<\/b> \u00e0 15h (heure de Paris) \/ 16h (heure de Bucarest) pour pr\u00e9senter les lignes directrices de l&#8217;appel 2024, le calendrier, le processus de candidature, les crit\u00e8res d&#8217;\u00e9valuation et les conseils pour une candidature r\u00e9ussie. <\/span><u><\/u><u><\/u><\/p>\n<p><span lang=\"FR\">L&#8217;inscription est obligatoire et vous recevrez le lien pour rejoindre le webinaire quelques jours avant l&#8217;\u00e9v\u00e9nement. Voici le lien pour s&#8217;inscrire : <a tabindex=\"-1\" href=\"https:\/\/www.lestudium-ias.com\/form\/come-enrich-your-research-in-fra\" target=\"_blank\" rel=\"external nofollow noopener noreferrer\">https:\/\/www.lestudium-ias.com\/form\/come-enrich-your-research-in-fra<\/a><\/span><\/p>\n","protected":false},"excerpt":{"rendered":"<p>L\u2019objectif de PARCECO est de cofinancer la participation de conf\u00e9renciers fran\u00e7ais \u00e0 des s\u00e9minaires ou \u00c9coles d&#8217;\u00e9t\u00e9 organis\u00e9s dans les pays d&#8217;Europe centrale et orientale. https:\/\/swll.to\/1oTdRml L\u2019objectif d\u2019ACCES est de cofinancer l&#8217;accueil de chercheurs des pays d&#8217;Europe centrale et orientale dans des s\u00e9minaires, colloques ou congr\u00e8s organis\u00e9s en France. https:\/\/swll.to\/f0BuUke La date limite des dossiers est fix\u00e9e au\u2026 <span class=\"read-more\"><a href=\"https:\/\/www.phys.uaic.ro\/old\/index.php\/appels-doffre-parceco-2024-acces-2024\/\">Read More &raquo;<\/a><\/span><\/p>\n","protected":false},"author":4,"featured_media":0,"parent":0,"menu_order":0,"comment_status":"closed","ping_status":"closed","template":"","meta":{"footnotes":""},"class_list":["post-20595","page","type-page","status-publish","hentry"],"_links":{"self":[{"href":"https:\/\/www.phys.uaic.ro\/old\/index.php\/wp-json\/wp\/v2\/pages\/20595","targetHints":{"allow":["GET"]}}],"collection":[{"href":"https:\/\/www.phys.uaic.ro\/old\/index.php\/wp-json\/wp\/v2\/pages"}],"about":[{"href":"https:\/\/www.phys.uaic.ro\/old\/index.php\/wp-json\/wp\/v2\/types\/page"}],"author":[{"embeddable":true,"href":"https:\/\/www.phys.uaic.ro\/old\/index.php\/wp-json\/wp\/v2\/users\/4"}],"replies":[{"embeddable":true,"href":"https:\/\/www.phys.uaic.ro\/old\/index.php\/wp-json\/wp\/v2\/comments?post=20595"}],"version-history":[{"count":0,"href":"https:\/\/www.phys.uaic.ro\/old\/index.php\/wp-json\/wp\/v2\/pages\/20595\/revisions"}],"wp:attachment":[{"href":"https:\/\/www.phys.uaic.ro\/old\/index.php\/wp-json\/wp\/v2\/media?parent=20595"}],"curies":[{"name":"wp","href":"https:\/\/api.w.org\/{rel}","templated":true}]}}