{"id":21369,"date":"2024-03-19T15:02:36","date_gmt":"2024-03-19T13:02:36","guid":{"rendered":"https:\/\/www.phys.uaic.ro\/?page_id=21369"},"modified":"2024-04-19T15:37:21","modified_gmt":"2024-04-19T12:37:21","slug":"sustinerea-tezei-de-doctorat-a-drd-garofalide-p-silvia-tudorita-cas-iacob-pe-23-03-2024","status":"publish","type":"page","link":"https:\/\/www.phys.uaic.ro\/old\/index.php\/sustinerea-tezei-de-doctorat-a-drd-garofalide-p-silvia-tudorita-cas-iacob-pe-23-03-2024\/","title":{"rendered":"Sus\u021binerea tezei de doctorat a drd. GAROFALIDE P. SILVIA\u2013TUDORI\u0162A (c\u0103s. IACOB) pe 23.03.2024"},"content":{"rendered":"<p><a href=\"https:\/\/www.phys.uaic.ro\/old\/wp-content\/uploads\/2024\/03\/scan-anunt-Garofalide-Silvia.pdf\" target=\"_blank\" rel=\"noopener\"><em>Anun\u021bul sus\u021binerii publice<\/em><\/a><\/p>\n<p>&nbsp;<\/p>\n<p>La data de 23.03.2024, ora 12:00, \u00een sala L1, dna. GAROFALIDE P. SILVIA\u2013TUDORI\u0162A (c\u0103s. IACOB) va sus\u0163ine, \u00een \u015fedin\u0163\u0103 public\u0103, teza de doctorat cu titlul<\/p>\n<p><em><strong>CONTRIBU\u0162II LA STUDIUL IMPACTULUI UNOR ECOSISTEME ASUPRA DINAMICII ATMOSFERICE \u015eI A CLIMEI TERESTRE<\/strong><\/em><\/p>\n<p>\u00een vederea ob\u0163inerii titlului \u015ftiin\u0163ific de doctor \u00een domeniul FIZIC\u0102.<\/p>\n<p>GAROFALIDE P. SILVIA\u2013TUDORI\u0162A (c\u0103s. IACOB) [<a href=\"https:\/\/www.phys.uaic.ro\/old\/wp-content\/uploads\/2024\/03\/CV_Silvia-Garofalide.pdf\" target=\"_blank\" rel=\"noopener\">CV<\/a>]<\/p>\n<p>&nbsp;<\/p>\n<p>Comisia de doctorat are urm\u0103toarea componen\u0163\u0103:<\/p>\n<ul>\n<li><b>Pre\u015fedinte<\/b>:\n<ul>\n<li>Prof. univ. dr. Diana Mihaela MARDARE, Universitatea &#8222;Alexandru Ioan Cuza&#8221; din Ia\u0219i [<a href=\"https:\/\/www.phys.uaic.ro\/old\/wp-content\/uploads\/2022\/05\/MARDARE_Diana_CV_RO.pdf\">CV<\/a>]<\/li>\n<\/ul>\n<\/li>\n<\/ul>\n<ul>\n<li><b>Conduc\u0103tor \u015ftiin\u0163ific<\/b>:\n<ul>\n<li>Prof. univ. dr. habil. em. Liviu LEONTIE, Universitatea &#8222;Alexandru Ioan Cuza&#8221; din Ia\u0219i [<a href=\"https:\/\/www.phys.uaic.ro\/old\/wp-content\/uploads\/2022\/09\/Leontie_Liviu_CV_RO.pdf\" target=\"_blank\" rel=\"noopener\">CV<\/a>]<\/li>\n<\/ul>\n<\/li>\n<\/ul>\n<ul>\n<li><b>Referen\u0163i<\/b>:\n<ul>\n<li>Prof. univ. dr. em. \u0218tefan ANTOHE, Universitatea din Bucure\u0219ti [<a href=\"https:\/\/www.phys.uaic.ro\/old\/wp-content\/uploads\/2022\/05\/Prof.-Stefan-ANTOHE_CV_RO.pdf\" target=\"_blank\" rel=\"noopener\">CV<\/a>]<\/li>\n<li>Prof. univ. dr. em. Viorica SIMON, Universitatea &#8222;Babe\u0219-Bolyai&#8221;, Cluj-Napoca [<a href=\"https:\/\/www.phys.uaic.ro\/old\/wp-content\/uploads\/2024\/04\/viorica-simon-cv.pdf\" target=\"_blank\" rel=\"noopener\">CV<\/a>]<\/li>\n<li>Prof. univ. dr. habil. Silviu-Octavian GURLUI, Universitatea &#8222;Alexandru Ioan Cuza&#8221; din Ia\u0219i [<a href=\"https:\/\/www.phys.uaic.ro\/old\/wp-content\/uploads\/2022\/05\/Prof.-Silviu-Gurlui_CV_RO.pdf\" target=\"_blank\" rel=\"noopener\">CV<\/a>]<\/li>\n<\/ul>\n<\/li>\n<\/ul>\n<p>&nbsp;<\/p>\n<p>Teza poate fi consultat\u0103 la Biblioteca Facult\u0103\u0163ii de Fizic\u0103.<\/p>\n<ul>\n<li><a href=\"https:\/\/www.phys.uaic.ro\/old\/wp-content\/uploads\/2024\/03\/Teza-de-doctorat-Garofalide-Silvia-rezumat.pdf\" target=\"_blank\" rel=\"noopener\"><em>Rezumatul tezei de doctorat<\/em><\/a><\/li>\n<\/ul>\n","protected":false},"excerpt":{"rendered":"<p>Anun\u021bul sus\u021binerii publice &nbsp; La data de 23.03.2024, ora 12:00, \u00een sala L1, dna. GAROFALIDE P. SILVIA\u2013TUDORI\u0162A (c\u0103s. IACOB) va sus\u0163ine, \u00een \u015fedin\u0163\u0103 public\u0103, teza de doctorat cu titlul CONTRIBU\u0162II LA STUDIUL IMPACTULUI UNOR ECOSISTEME ASUPRA DINAMICII ATMOSFERICE \u015eI A CLIMEI TERESTRE \u00een vederea ob\u0163inerii titlului \u015ftiin\u0163ific de doctor \u00een domeniul FIZIC\u0102. GAROFALIDE P. SILVIA\u2013TUDORI\u0162A (c\u0103s. IACOB) [CV]\u2026 <span class=\"read-more\"><a href=\"https:\/\/www.phys.uaic.ro\/old\/index.php\/sustinerea-tezei-de-doctorat-a-drd-garofalide-p-silvia-tudorita-cas-iacob-pe-23-03-2024\/\">Read More &raquo;<\/a><\/span><\/p>\n","protected":false},"author":4,"featured_media":0,"parent":0,"menu_order":0,"comment_status":"closed","ping_status":"closed","template":"","meta":{"footnotes":""},"class_list":["post-21369","page","type-page","status-publish","hentry"],"_links":{"self":[{"href":"https:\/\/www.phys.uaic.ro\/old\/index.php\/wp-json\/wp\/v2\/pages\/21369","targetHints":{"allow":["GET"]}}],"collection":[{"href":"https:\/\/www.phys.uaic.ro\/old\/index.php\/wp-json\/wp\/v2\/pages"}],"about":[{"href":"https:\/\/www.phys.uaic.ro\/old\/index.php\/wp-json\/wp\/v2\/types\/page"}],"author":[{"embeddable":true,"href":"https:\/\/www.phys.uaic.ro\/old\/index.php\/wp-json\/wp\/v2\/users\/4"}],"replies":[{"embeddable":true,"href":"https:\/\/www.phys.uaic.ro\/old\/index.php\/wp-json\/wp\/v2\/comments?post=21369"}],"version-history":[{"count":0,"href":"https:\/\/www.phys.uaic.ro\/old\/index.php\/wp-json\/wp\/v2\/pages\/21369\/revisions"}],"wp:attachment":[{"href":"https:\/\/www.phys.uaic.ro\/old\/index.php\/wp-json\/wp\/v2\/media?parent=21369"}],"curies":[{"name":"wp","href":"https:\/\/api.w.org\/{rel}","templated":true}]}}