{"id":21940,"date":"2024-06-05T10:41:47","date_gmt":"2024-06-05T07:41:47","guid":{"rendered":"https:\/\/www.phys.uaic.ro\/?page_id=21940"},"modified":"2024-06-05T11:33:13","modified_gmt":"2024-06-05T08:33:13","slug":"program-intensiv-mixt-uclan-cyprus","status":"publish","type":"page","link":"https:\/\/www.phys.uaic.ro\/old\/index.php\/program-intensiv-mixt-uclan-cyprus\/","title":{"rendered":"Program Intensiv Mixt UCLan Cyprus"},"content":{"rendered":"<p><span style=\"font-size: 18pt;\"><strong>\u00cen aten\u021bia cadrelor didactice<\/strong><\/span><\/p>\n<p>&nbsp;<\/p>\n<p>Partenerul UAIC <a tabindex=\"-1\" href=\"https:\/\/www.uclancyprus.ac.cy\/\" target=\"_blank\" rel=\"external nofollow noopener noreferrer\"><strong>UCLan Cyprus<\/strong><\/a> din Larnaca organizeaz\u0103 un<strong> Program Intensiv Mixt l<\/strong>una aceasta.<\/p>\n<p><a href=\"https:\/\/www.phys.uaic.ro\/old\/wp-content\/uploads\/2024\/06\/ErasmusBIP_Draft-Guide.pdf\"><em><span style=\"color: #ff0000;\">Erasmus+BIP_Draft Guide<\/span><\/em><\/a><\/p>\n<p>Invitam sa participe cadrele didactice interesate de tem\u0103 \u0219i au \u0219i disponibilitate pentru a c\u0103l\u0103tori cur\u00e2nd (cu mobilitate de <b><u>predare Erasmus+<\/u><\/b>).<\/p>\n<p>Evenimentul are loc \u00eentre <strong>17 \u0219i 21 iunie 2024<\/strong>, participan\u021bii nu trebuie s\u0103 vin\u0103 din domenii conexe cu tema programului \u0219i nu e obligatoriu s\u0103 aib\u0103 contribu\u021bii \u00een cadrul evenimentului.<\/p>\n<p>Cadrele didactice interesate sunt rugate sa-l contacteze pe <strong>Coordonatorul Erasmus+, Prof. Liviu Leontie<\/strong>.<\/p>\n<p>&nbsp;<\/p>\n<p>&nbsp;<\/p>\n<p>&nbsp;<\/p>\n<p><span lang=\"EN-GB\">Greetings from UCLan Cyprus and sunny Larnaca! <\/span><span lang=\"EN-GB\">\ud83d\ude0a<\/span><\/p>\n<p><span lang=\"EN-GB\">We kindly invite you to join us, <u>as a partner, in the Blended Intensive Programme \u201cACADEMIC EXCELLENCE AND CULTURAL EXCHANGE&#8221;<\/u> with the main focus being Artificial Intelligence in education, curriculum development and contemporary challenges in higher education.<u><\/u><u><\/u><\/span><\/p>\n<p><b><span lang=\"EN-GB\">Format:<\/span><\/b><span lang=\"EN-GB\"> Blended <u><\/u><u><\/u><\/span><\/p>\n<p><b><span lang=\"EN-GB\">Host Institution<\/span><\/b><span lang=\"EN-GB\">: \u201cUCLan Cyprus\u201d, Location: Larnaca, Cyprus<u><\/u><u><\/u><\/span><\/p>\n<p><b><span lang=\"EN-GB\">Training Dates:<\/span><\/b><span lang=\"EN-GB\"> 17-21 of June 2024 (Physical part)<u><\/u><u><\/u><\/span><\/p>\n<p><b><span lang=\"EN-GB\">Virtual Part:<\/span><\/b><span lang=\"EN-GB\"> 3-10 of June 2024<u><\/u><u><\/u><\/span><\/p>\n<p><b><span lang=\"EN-GB\">Content: <\/span><\/b><span lang=\"EN-GB\">The proposed Blended Intensive Program aims to enhance participants\u2019 skills and promote cultural exchange and understanding among participants. <u><\/u><\/span><\/p>\n<p>&nbsp;<\/p>\n<p><b><span lang=\"EN-GB\">Physical mobility (5 activity days with workshops &amp; cultural events):<u><\/u><u><\/u><\/span><\/b><\/p>\n<p><span lang=\"EN-GB\">The physical mobility part will be running from 17-21 of June 2024. Selected staff members will travel to Larnaca, Cyprus at UCLan Cyprus, where they will attend (interactive) workshops and take part in cultural activities and events. <u><\/u><u><\/u><\/span><\/p>\n<p>&nbsp;<\/p>\n<p><b><span lang=\"EN-GB\">Virtual part (5h in total):<u><\/u><u><\/u><\/span><\/b><\/p>\n<p><span lang=\"EN-GB\">The virtual mobility program will consist of one (1) week of online sessions; 4 workshops related to:<u><\/u><u><\/u><\/span><\/p>\n<ul type=\"disc\">\n<li><span lang=\"EN-GB\">Inclusive Andragogy in Higher Education<u><\/u><u><\/u><\/span><\/li>\n<li><span lang=\"EN-GB\">Curriculum Development and Assessment<u><\/u><u><\/u><\/span><\/li>\n<li><span lang=\"EN-GB\">Academic Integrity in Higher Education<u><\/u><u><\/u><\/span><\/li>\n<li><span lang=\"EN-GB\">AI in Education<u><\/u><u><\/u><\/span><\/li>\n<\/ul>\n<p>&nbsp;<\/p>\n<p><span lang=\"EN-GB\">Attached to this email you will find the Draft BIP guide with all the necessary details, for your information. <u><\/u><u><\/u><\/span><\/p>\n<p>&nbsp;<\/p>\n<p><span lang=\"EN-GB\">We would highly appreciate it if you could let us know whether you would be interested to participate as a partner institution in this Blended Intensive Project! <u><\/u><u><\/u><\/span><\/p>\n<p>&nbsp;<\/p>\n<p><span lang=\"EN-GB\">Please let us know if you&#8217;d like to collaborate with us until the <b>10<sup>th<\/sup> of May 2024.<\/b><u><\/u><u><\/u><\/span><\/p>\n<p>&nbsp;<\/p>\n<p><span lang=\"EN-GB\">Please forward this information to any interested colleagues \ud83d\ude42<u><\/u><u><\/u><\/span><\/p>\n<p>&nbsp;<\/p>\n<p><span lang=\"EN-GB\">Best regards, <\/span><u><\/u><u><\/u><\/p>\n<p>&nbsp;<\/p>\n<p><b><span lang=\"EN-GB\">Eleni Charalampous <u><\/u><u><\/u><\/span><\/b><\/p>\n<p><span lang=\"EN-GB\">Erasmus and Quality Assurance Officer<u><\/u><u><\/u><\/span><\/p>\n<p>&nbsp;<\/p>\n<p><span lang=\"EN-GB\">Erasmus Department<u><\/u><u><\/u><\/span><\/p>\n<p><span lang=\"EN-GB\">Tel. no.: +357 24694033<u><\/u><u><\/u><\/span><\/p>\n<p><span lang=\"EN-GB\">Emails: <\/span><a tabindex=\"-1\" href=\"mailto:echaralampous2@uclan.ac.uk\" target=\"_blank\" rel=\"external nofollow noopener noreferrer\"><span lang=\"EN-GB\">echaralampous2@uclan.ac.uk<\/span><\/a> <span lang=\"EN-GB\">| <\/span><a tabindex=\"-1\" href=\"mailto:erasmus@uclancyprus.ac.cy\" target=\"_blank\" rel=\"external nofollow noopener noreferrer\"><span lang=\"EN-GB\">erasmus@uclancyprus.ac.cy<\/span><\/a><\/p>\n","protected":false},"excerpt":{"rendered":"<p>\u00cen aten\u021bia cadrelor didactice &nbsp; Partenerul UAIC UCLan Cyprus din Larnaca organizeaz\u0103 un Program Intensiv Mixt luna aceasta. Erasmus+BIP_Draft Guide Invitam sa participe cadrele didactice interesate de tem\u0103 \u0219i au \u0219i disponibilitate pentru a c\u0103l\u0103tori cur\u00e2nd (cu mobilitate de predare Erasmus+). Evenimentul are loc \u00eentre 17 \u0219i 21 iunie 2024, participan\u021bii nu trebuie s\u0103 vin\u0103 din domenii conexe\u2026 <span class=\"read-more\"><a href=\"https:\/\/www.phys.uaic.ro\/old\/index.php\/program-intensiv-mixt-uclan-cyprus\/\">Read More &raquo;<\/a><\/span><\/p>\n","protected":false},"author":4,"featured_media":0,"parent":0,"menu_order":0,"comment_status":"closed","ping_status":"closed","template":"","meta":{"footnotes":""},"class_list":["post-21940","page","type-page","status-publish","hentry"],"_links":{"self":[{"href":"https:\/\/www.phys.uaic.ro\/old\/index.php\/wp-json\/wp\/v2\/pages\/21940","targetHints":{"allow":["GET"]}}],"collection":[{"href":"https:\/\/www.phys.uaic.ro\/old\/index.php\/wp-json\/wp\/v2\/pages"}],"about":[{"href":"https:\/\/www.phys.uaic.ro\/old\/index.php\/wp-json\/wp\/v2\/types\/page"}],"author":[{"embeddable":true,"href":"https:\/\/www.phys.uaic.ro\/old\/index.php\/wp-json\/wp\/v2\/users\/4"}],"replies":[{"embeddable":true,"href":"https:\/\/www.phys.uaic.ro\/old\/index.php\/wp-json\/wp\/v2\/comments?post=21940"}],"version-history":[{"count":0,"href":"https:\/\/www.phys.uaic.ro\/old\/index.php\/wp-json\/wp\/v2\/pages\/21940\/revisions"}],"wp:attachment":[{"href":"https:\/\/www.phys.uaic.ro\/old\/index.php\/wp-json\/wp\/v2\/media?parent=21940"}],"curies":[{"name":"wp","href":"https:\/\/api.w.org\/{rel}","templated":true}]}}