{"id":22489,"date":"2024-08-08T16:56:21","date_gmt":"2024-08-08T13:56:21","guid":{"rendered":"https:\/\/www.phys.uaic.ro\/?page_id=22489"},"modified":"2024-09-11T14:15:19","modified_gmt":"2024-09-11T11:15:19","slug":"admitere-studii-licenta-septembrie-2024","status":"publish","type":"page","link":"https:\/\/www.phys.uaic.ro\/old\/index.php\/admitere-studii-licenta-septembrie-2024\/","title":{"rendered":"Admitere studii licen\u021b\u0103 \u2013 septembrie 2024"},"content":{"rendered":"<p><span style=\"font-size: 18pt;\"><a href=\"https:\/\/www.phys.uaic.ro\/old\/wp-content\/uploads\/2024\/09\/sept-2024-licenta-buget.pdf\" target=\"_blank\" rel=\"noopener\"><span style=\"color: #ff0000;\"><em><strong>Rezultate admitere septembrie licenta \u2013 BUGET \u2013 afisat 11 septembrie 2024<\/strong><\/em><\/span><\/a><\/span><\/p>\n<p><a href=\"https:\/\/www.phys.uaic.ro\/old\/wp-content\/uploads\/2024\/09\/sept-2024-licenta-taxa.pdf\" target=\"_blank\" rel=\"noopener\"><span style=\"color: #ff0000;\"><em><strong><span style=\"font-size: 18pt;\">Rezultate admitere septembrie licenta \u2013 TAXA \u2013 afisat 11 septembrie 2024<\/span><\/strong><\/em><\/span><\/a><\/p>\n<p><strong>Confirm\u0103ri:<\/strong><\/p>\n<ul>\n<li><strong>12 septembrie 2024<\/strong>, orele <strong>9:00 \u2013 15:00,<br \/>\n<\/strong><\/li>\n<li><strong>13 septembrie 2024<\/strong>, orele <strong>9:00 \u2013 12:00, la secretariatul Facult\u0103\u021bii (tel: 0232 201050).<\/strong><\/li>\n<\/ul>\n<p>&nbsp;<\/p>\n<p>Candida\u0163ii declara\u0163i <b>admi\u015fi<\/b> vor trebui \u00een perioada <strong>12-13 septembrie 2024<\/strong>:<\/p>\n<ul>\n<li><b>s\u0103 semneze contractul de studii;<\/b><\/li>\n<li><b>s\u0103 achite taxa de \u00eenmatriculare de 100 RON<\/b> (cei admi\u015fi la buget);<\/li>\n<li><strong>candida\u021bii admi\u0219i la tax\u0103 (doar cei care urmeaza a II-a facultate)\u00a0<\/strong> vor achita <b>30% din taxa sem.I: 500 RON<\/b>;<\/li>\n<li><b>s\u0103 completeze dosarul cu actele \u00een original<\/b> (diploma de bacalaureat \u015fi foaia matricol\u0103, dosar plic).<\/li>\n<\/ul>\n<p>\u00cen caz contrar se pierde calitatea de student.<\/p>\n<p>&nbsp;<\/p>\n<h3><strong>Perioada admiterii<\/strong><\/h3>\n<ul>\n<li><b>\u00censcriere \u0219i depunerea dosarelor<\/b>: <strong>6-9 septembrie 2024<\/strong> (online \u0219i fizic la secretariatul facult\u0103\u021bii)<\/li>\n<li><b>Selec\u021bia candida\u021bilor \u0219i afi\u0219area rezultatelor<\/b>: <strong>10-11 septembrie 2024<\/strong><\/li>\n<\/ul>\n<p>&nbsp;<\/p>\n<p><strong>Conturile de acces<\/strong>\u00a0pe platforma\u00a0<a href=\"http:\/\/eadmitere.uaic.ro\/\"><strong>eadmitere.uaic.ro<\/strong><\/a>\u00a0vor putea fi create p\u00e2n\u0103 cel t\u00e2rziu s\u00eemb\u0103t\u0103,\u00a0<strong>9 septembrie<\/strong>\u00a0<strong>2024<\/strong>, ora\u00a0<strong>12:00<\/strong>, completarea \u0219i finalizarea dosarelor put\u00e2ndu-se face p\u00e2n\u0103 la ora\u00a0<strong>13:oo<\/strong>.<\/p>\n<p>Deschide\u0163i pagina<strong><em>\u00a0<a href=\"https:\/\/eadmitere.uaic.ro\/\" target=\"_blank\" rel=\"noopener\">https:\/\/eadmitere.uaic.ro<\/a>\u00a0<\/em><\/strong>de pe site-ul universit\u0103\u021bii \u0219i urma\u021bi instruc\u021biunile de admitere \u00eensemn\u00e2nd achitarea taxei de admitere, scanarea (fotocopierea) actelor necesare si trimiterea lor \u00een contul creat. Informa\u021bii suplimentare pute\u021bi primi la\u00a0<em>fizica@uaic.ro<\/em>.<\/p>\n<p><strong>Sf\u0103tuim candida\u021bii s\u0103 bifeze cat mai multe din cele 5 specializ\u0103ri, \u00een ordinea pe care o doresc, (nu e necesar\u0103 nicio taxa suplimentar\u0103), \u00een a\u0219a fel \u00eenc\u00e2t s\u0103 \u00ee\u0219i maximizeze \u0219ansele de admitere. Ulterior, se poate face o cerere de transfer, \u00eenainte de \u00eenceperea anului universitar.<\/strong><\/p>\n<p><span style=\"color: #ff0000;\"><strong><span style=\"color: #000000;\">Num\u0103rul de locuri:<\/span><br \/>\n<\/strong><\/span><\/p>\n<div>\n<p><span style=\"color: #ff0000;\"><strong>Licen\u021b\u0103, Specializarea<\/strong> <\/span><strong><span style=\"color: #ff0000;\">Fizic\u0103 :<\/span> <\/strong><\/p>\n<\/div>\n<ul>\n<li>1 loc buget, domenii prioritare de dezvoltare<\/li>\n<li>1 loc buget, candida\u021bi proveni\u021bi din sistemul de protec\u021bie social\u0103<\/li>\n<li>1 loc buget, candida\u021bi cu cerin\u021be educa\u021bionale speciale\/dizabilit\u0103\u021bi<\/li>\n<li>1 loc buget, etnici ROMI<\/li>\n<li>24 locuri tax\u0103<\/li>\n<\/ul>\n<div>\n<div>\n<p><span style=\"color: #ff0000;\"><strong>Licen\u021b\u0103, Specializarea<\/strong>\u00a0<\/span><strong><span style=\"color: #ff0000;\">Fizic\u0103 (\u00een limba englez\u0103) :<\/span> <\/strong><\/p>\n<\/div>\n<ul>\n<li>38 locuri tax\u0103<\/li>\n<\/ul>\n<div>\n<p><span style=\"color: #ff0000;\"><strong>Licen\u021b\u0103, Specializarea<\/strong>\u00a0<\/span><strong><span style=\"color: #ff0000;\">Fizic\u0103 informatic\u0103 :<\/span> <\/strong><\/p>\n<\/div>\n<ul>\n<li>1 loc buget<\/li>\n<li>1 loc buget, absolven\u021bi de licee situate \u00een mediul RURAL<\/li>\n<li>5 locuri buget cu burs\u0103, rom\u00e2ni de pretutindeni<\/li>\n<li>16 locuri tax\u0103<\/li>\n<\/ul>\n<div>\n<p><span style=\"color: #ff0000;\"><strong>Licen\u021b\u0103, Specializarea<\/strong>\u00a0<strong>Fizic\u0103 medical\u0103 : <\/strong><\/span><\/p>\n<\/div>\n<ul>\n<li>2 loc buget<\/li>\n<li>14 locuri tax\u0103<\/li>\n<\/ul>\n<div>\n<p><span style=\"color: #ff0000;\"><strong>Licen\u021b\u0103, Specializarea<\/strong>\u00a0<\/span><strong><span style=\"color: #ff0000;\">Fizic\u0103 tehnologic\u0103 :<\/span> <\/strong><\/p>\n<\/div>\n<ul>\n<li>1 loc buget, domenii prioritare de dezvoltare<\/li>\n<li>21 locuri tax\u0103<\/li>\n<\/ul>\n<\/div>\n<p>&nbsp;<\/p>\n<p><a href=\"https:\/\/www.phys.uaic.ro\/old\/index.php\/conditii-de-admitere-si-taxe-la-licenta-2024\/\" target=\"_blank\" rel=\"noopener\">Condi\u021bii de admitere \u0219i taxe<\/a><\/p>\n<p><a href=\"https:\/\/www.phys.uaic.ro\/old\/index.php\/actele-necesare-la-licenta-iulie-2024\/\" target=\"_blank\" rel=\"noopener\">Actele necesare<\/a><\/p>\n<p>&nbsp;<\/p>\n<p><b>Informa\u021bii<\/b>\u00a0despre admitere:<\/p>\n<ul>\n<li style=\"list-style-type: none;\">\n<ul>\n<li>Tel: 0232 201050<\/li>\n<li>E-mail: fizica@uaic.ro<\/li>\n<li>Site-ul Facult\u0103\u021bii de Fizic\u0103:\u00a0<a href=\"https:\/\/www.phys.uaic.ro\/old\/\" target=\"_blank\" rel=\"noopener\">https:\/\/www.phys.uaic.ro\/old<\/a><\/li>\n<li>Site-ul universit\u0103\u021bii dedicat admiterii:\u00a0<a href=\"http:\/\/admitere.uaic.ro\/\" target=\"_blank\" rel=\"noopener\">http:\/\/admitere.uaic.ro\/<\/a><\/li>\n<\/ul>\n<\/li>\n<\/ul>\n<p>&nbsp;<\/p>\n<p>&nbsp;<\/p>\n<p><a href=\"https:\/\/admitere.uaic.ro\/wp-content\/uploads\/2024\/01\/Reg_Adm_LICENTA_2024-2025_aprobatSenatfinal.pdf\" target=\"_blank\" rel=\"noopener\"><em>Metodologie privind organizarea \u015fi desf\u0103\u015furarea admiterii \u00een ciclul de studii universitare de licen\u0163\u0103 pentru anul universitar 2024-2025<\/em><\/a><\/p>\n<p><em><a href=\"https:\/\/admitere.uaic.ro\/admitere-licenta\/lista-olimpiadelor-scolare\/\" target=\"_blank\" rel=\"noopener\">Anexa V \u2013 Lista olimpiadelor \u015fcolare \u0219i a concursurilor de nivel na\u0163ional \u015fi interna\u0163ional ai c\u0103ror laurea\u0163i, absolven\u0163i cu Diplom\u0103 de bacalaureat, au dreptul s\u0103 fie admi\u015fi, pe locuri finan\u0163ate de la buget, f\u0103r\u0103 sus\u0163inerea concursului de admitere la Universitatea \u201eAlexandru Ioan Cuza\u201d din Ia\u015fi pentru anul universitar 2024\/2025<\/a><\/em><\/p>\n<p><a href=\"https:\/\/www.phys.uaic.ro\/old\/wp-content\/uploads\/2022\/05\/L_02.-Anexa_INFORMARE-PRIVIND-PRELUCRAREA-INFORMATIILOR-2022.pdf\" target=\"_blank\" rel=\"noopener\"><em>Informare privind prelucrarea informa\u021biilor cu caracter personal<\/em><\/a><\/p>\n","protected":false},"excerpt":{"rendered":"<p>Rezultate admitere septembrie licenta \u2013 BUGET \u2013 afisat 11 septembrie 2024 Rezultate admitere septembrie licenta \u2013 TAXA \u2013 afisat 11 septembrie 2024 Confirm\u0103ri: 12 septembrie 2024, orele 9:00 \u2013 15:00, 13 septembrie 2024, orele 9:00 \u2013 12:00, la secretariatul Facult\u0103\u021bii (tel: 0232 201050). &nbsp; Candida\u0163ii declara\u0163i admi\u015fi vor trebui \u00een perioada 12-13 septembrie 2024: s\u0103 semneze contractul de\u2026 <span class=\"read-more\"><a href=\"https:\/\/www.phys.uaic.ro\/old\/index.php\/admitere-studii-licenta-septembrie-2024\/\">Read More &raquo;<\/a><\/span><\/p>\n","protected":false},"author":3,"featured_media":0,"parent":0,"menu_order":0,"comment_status":"closed","ping_status":"closed","template":"","meta":{"footnotes":""},"class_list":["post-22489","page","type-page","status-publish","hentry"],"_links":{"self":[{"href":"https:\/\/www.phys.uaic.ro\/old\/index.php\/wp-json\/wp\/v2\/pages\/22489","targetHints":{"allow":["GET"]}}],"collection":[{"href":"https:\/\/www.phys.uaic.ro\/old\/index.php\/wp-json\/wp\/v2\/pages"}],"about":[{"href":"https:\/\/www.phys.uaic.ro\/old\/index.php\/wp-json\/wp\/v2\/types\/page"}],"author":[{"embeddable":true,"href":"https:\/\/www.phys.uaic.ro\/old\/index.php\/wp-json\/wp\/v2\/users\/3"}],"replies":[{"embeddable":true,"href":"https:\/\/www.phys.uaic.ro\/old\/index.php\/wp-json\/wp\/v2\/comments?post=22489"}],"version-history":[{"count":0,"href":"https:\/\/www.phys.uaic.ro\/old\/index.php\/wp-json\/wp\/v2\/pages\/22489\/revisions"}],"wp:attachment":[{"href":"https:\/\/www.phys.uaic.ro\/old\/index.php\/wp-json\/wp\/v2\/media?parent=22489"}],"curies":[{"name":"wp","href":"https:\/\/api.w.org\/{rel}","templated":true}]}}