{"id":24071,"date":"2025-02-12T09:17:13","date_gmt":"2025-02-12T07:17:13","guid":{"rendered":"https:\/\/www.phys.uaic.ro\/?page_id=24071"},"modified":"2025-02-12T09:28:29","modified_gmt":"2025-02-12T07:28:29","slug":"appel-a-candidatures-je-publie-mon-article","status":"publish","type":"page","link":"https:\/\/www.phys.uaic.ro\/old\/index.php\/appel-a-candidatures-je-publie-mon-article\/","title":{"rendered":"Appel \u00e0 candidatures : &#8222;Je publie mon article!&#8221;"},"content":{"rendered":"<p><img loading=\"lazy\" decoding=\"async\" class=\"alignnone wp-image-24070\" src=\"https:\/\/www.phys.uaic.ro\/old\/wp-content\/uploads\/2025\/02\/Je-publie-mon-article-300x300.png\" alt=\"\" width=\"458\" height=\"458\" srcset=\"https:\/\/www.phys.uaic.ro\/old\/wp-content\/uploads\/2025\/02\/Je-publie-mon-article-300x300.png 300w, https:\/\/www.phys.uaic.ro\/old\/wp-content\/uploads\/2025\/02\/Je-publie-mon-article-150x150.png 150w, https:\/\/www.phys.uaic.ro\/old\/wp-content\/uploads\/2025\/02\/Je-publie-mon-article-665x665.png 665w, https:\/\/www.phys.uaic.ro\/old\/wp-content\/uploads\/2025\/02\/Je-publie-mon-article.png 715w\" sizes=\"auto, (max-width: 458px) 100vw, 458px\" \/><\/p>\n<p>Dans le cadre de l\u2019Universit\u00e9 d\u2019\u00e9t\u00e9 de la Francophonie organis\u00e9e \u00e0 Rabat (Maroc) par l\u2019Acad\u00e9mie internationale de la Francophonie scientifique (AIFS), fin novembre 2024, l\u2019AUF lance un dispositif international de pr\u00e9paration et d\u2019aide \u00e0 la publication scientifique. Il cherche \u00e0 d\u00e9velopper un vivier mondial de jeunes chercheurs publiant en langue fran\u00e7aise.<\/p>\n<p>En Phase 1, les doctorants des universit\u00e9s membres en\u00a0<a href=\"http:\/\/www.auf.org\/les_membres)\">Europe Centrale et Orientale<\/a>\u00a0sont appel\u00e9s \u00e0 r\u00e9pondre \u00e0 cet appel \u00e0 manifestation d\u2019int\u00e9r\u00eat. Les candidats retenus suivront un atelier de 12 heures autour de la m\u00e9thodologie de la Publication scientifique. \u00c0 l\u2019issue de l\u2019atelier, les participants pourront proposer un article qui sera soumis \u00e0 une r\u00e9vision en double aveugle.<\/p>\n<p>Deux laur\u00e9ats seront s\u00e9lectionn\u00e9s par r\u00e9gion pour passer \u00e0 la Phase 2. Ils seront accompagn\u00e9s par des experts dans l\u2019am\u00e9lioration de leur article et seront invit\u00e9s \u00e0 participer \u00e0 l\u2019Universit\u00e9 d\u2019\u00e9t\u00e9 de la Francophonie. \u00c0 cette occasion, ils pourront concourir pour que leur article soit s\u00e9lectionn\u00e9 puis publi\u00e9 dans l\u2019une des revues partenaires.<\/p>\n<p><strong>Contenu<\/strong><\/p>\n<ul>\n<li><strong><em>Module 1 \u2013 M\u00e9thodologie de la recherche scientifique (6h)<\/em><\/strong><\/li>\n<\/ul>\n<p>La recherche constitue un pr\u00e9alable \u00e0 toute r\u00e9daction d\u2019un article scientifique. Elle implique, entre autres, la constitution d\u2019une revue de litt\u00e9rature pertinente, la formulation d\u2019une question de recherche et d\u2019hypoth\u00e8ses, la gestion de la collecte des donn\u00e9es et leur analyse ainsi que le choix d\u2019une m\u00e9thodologie et d\u2019approches critiques\u2026 Actuellement, elle implique \u00e9galement la question de l\u2019\u00e9thique dans l\u2019utilisation des logiciels d\u2019intelligence artificielle. Ce module a pour objectif principal d\u2019outiller les participant.e.s d\u2019un dispositif de qualit\u00e9 pour produire une recherche de haut niveau selon les composantes d\u2019une pens\u00e9e scientifique critique.<\/p>\n<ul>\n<li><strong><em>Module 2 \u2013 M\u00e9thodologie de la r\u00e9daction scientifique (6h)<\/em><\/strong><\/li>\n<\/ul>\n<p>La production d\u2019un article scientifique fait appel \u00e0 des comp\u00e9tences m\u00e9thodologiques li\u00e9es aussi bien \u00e0 la conception qu\u2019\u00e0 la r\u00e9daction. Elle implique, entre autres, la planification de l\u2019article et de ses grandes parties (introduction, d\u00e9marche, analyse et interpr\u00e9tation, discussion, conclusion\u2026), l\u2019adoption d\u2019un style d\u2019\u00e9criture acad\u00e9mique, la mise en place d\u2019un abstract et le choix de mots-cl\u00e9s percutants, l\u2019adaptation aux normes de r\u00e9f\u00e9rencement et d\u2019\u00e9dition adopt\u00e9es par la charte \u00e9ditoriale de la revue vis\u00e9e\u2026 Actuellement, elle peut \u00e9galement prendre appui sur l\u2019intelligence artificielle afin d\u2019optimiser le processus d\u2019\u00e9criture (g\u00e9n\u00e9ration de tableaux, gestion des r\u00e9f\u00e9rences, lisibilit\u00e9 r\u00e9dactionnelle etc.). Ce module a pour objectif principal de permettre aux participant.e.s d\u2019acqu\u00e9rir des comp\u00e9tences aigues aux niveaux linguistique et critique qui leur facilitent la r\u00e9daction d\u2019un article scientifique.<\/p>\n<ul>\n<li><strong><em>Module 3 \u2013 Proc\u00e9dures de publication et de valorisation scientifique (6h)<\/em><\/strong><\/li>\n<\/ul>\n<p>La r\u00e9daction d\u2019un article scientifique ne se limite pas \u00e0 sa simple soumission ni \u00e0 sa publication. Sa valorisation constitue une \u00e9tape importante permettant d\u2019optimiser la visibilit\u00e9 et l\u2019impact de la recherche men\u00e9e. Ceci implique, entre autres, la mise en ad\u00e9quation de l\u2019article avec les demandes de r\u00e9vision, la pertinence de la promotion de l\u2019article sur les plateformes acad\u00e9miques, l\u2019optimisation de la pr\u00e9sence en ligne, la communication scientifique, la lecture des \u00e9valuations d\u2019impact\u2026 Actuellement, elle prend en compte \u00e9galement l\u2019intelligence artificielle dans la mise en place d\u2019une algorithmie d\u2019impact, entre autres. Ce module a pour objectif principal de doter les participant.e.s des outils n\u00e9cessaires \u00e0 leur visibilit\u00e9 scientifique, acad\u00e9mique et professionnelle.<\/p>\n<p><strong>Dur\u00e9e et lieu<\/strong><\/p>\n<p>En Phase 1, l\u2019atelier \u00ab\u00a0Publication scientifique\u00a0\u00bb sera dispens\u00e9 \u00e0 une date qui sera d\u00e9cid\u00e9e (entre l<strong>e 17 mars et le 11 avril 2025<\/strong>). Il se d\u00e9roulera simultan\u00e9ment en Albanie (\u00e0 Tirana), Arm\u00e9nie (\u00e0 Erevan), Bulgarie (\u00e0 Sofia), G\u00e9orgie (Tblissi), Moldova (\u00e0 Chi\u0219in\u0103u) et Roumanie (\u00e0 Bucarest).<\/p>\n<p>En Phase 2, pour les deux laur\u00e9at.e.s de l\u2019AUF-ECO, il est \u00e0 noter que l\u2019Universit\u00e9 d\u2019\u00e9t\u00e9 de la Francophonie se d\u00e9roulera\u00a0<strong>fin juillet 2025<\/strong>\u00a0et que les frais de transport et de s\u00e9jour seront pris en charge.<\/p>\n<p><strong>Crit\u00e8res d\u2019\u00e9ligibilit\u00e9<\/strong><\/p>\n<p>Au moment du d\u00e9p\u00f4t de leur candidature, les candidat.e.s doivent\u00a0:<\/p>\n<ul>\n<li>\u00eatre inscrits en cycle doctoral dans un \u00e9tablissement membre de l\u2019AUF<\/li>\n<li>d\u00e9montrer un engagement ant\u00e9rieur significatif en r\u00e9daction scientifique (formation, communication, publications\u2026)<\/li>\n<li>avoir une ma\u00eetrise avanc\u00e9e du fran\u00e7ais \u00e9crit, parl\u00e9 et lu<\/li>\n<\/ul>\n<p><strong>\u00a0<\/strong><br \/>\n<strong>Dossier de candidature<\/strong><br \/>\nLe dossier de candidature, pour \u00eatre recevable, doit comprendre la totalit\u00e9 des pi\u00e8ces suivantes :<\/p>\n<ul>\n<li>Lettre de motivation (1 page) et CV<\/li>\n<li>Lettre de soutien du directeur de th\u00e8se<\/li>\n<li>Projet original de publication autour d\u2019une th\u00e9matique pr\u00e9cis\u00e9e (1 page)<\/li>\n<\/ul>\n<p>Toutes les pi\u00e8ces constitutives du dossier doivent \u00eatre r\u00e9dig\u00e9es en langue fran\u00e7aise. L\u2019absence d\u2019un document entra\u00eene automatiquement l\u2019irrecevabilit\u00e9 du dossier. Tout autre document consid\u00e9r\u00e9 utile peut \u00eatre ajout\u00e9 au dossier.<\/p>\n<p><strong>\u00a0<\/strong><br \/>\n<strong>S\u00e9lection des candidatures<\/strong><br \/>\nEn Phase 1, les dossiers de candidatures doivent \u00eatre d\u00e9pos\u00e9 en ligne<strong>\u00a0avant 11 mars 2025<\/strong>\u00a0sur la\u00a0<a href=\"https:\/\/appels-propositions.auf.org\/appel-ateliers-publication-udef-2025-eco\">plateforme de candidature<\/a>.<br \/>\nLe processus de s\u00e9lection pour l\u2019atelier \u00ab\u00a0Publication scientifique\u00a0\u00bb se d\u00e9roule en trois \u00e9tapes :<br \/>\n1\/ V\u00e9rification de la conformit\u00e9 administrative des dossiers et de leur recevabilit\u00e9<br \/>\n2\/ \u00c9valuation des dossiers<br \/>\n3\/ S\u00e9lection des candidatures<\/p>\n<p>Veuillez noter qu\u2019une attention particuli\u00e8re sera accord\u00e9e aux candidatures proposant un projet d\u2019article traitant de l\u2019<u>Intelligence artificielle<\/u>\u00a0et de ses implications (\u00e9thiques, politiques, m\u00e9dicales, environnementales, \u00e9conomiques, \u00e9ducatives etc.).<\/p>\n<p>En Phase 2, la s\u00e9lection des deux laur\u00e9at.e.s pour l\u2019Universit\u00e9 d\u2019\u00e9t\u00e9 de la Francophonie est tributaire des r\u00e9visions des articles en double aveugle. Elle prend appui sur les membres sollicit\u00e9s lors du processus de s\u00e9lection pr\u00e9c\u00e9dent.<\/p>\n<p><strong>\u00a0<\/strong><\/p>\n<p><strong>Prise en charge<\/strong><\/p>\n<p>En Phase 1, pour l\u2019atelier \u00ab\u00a0Publication scientifique\u00a0\u00bb, l\u2019AUF, l\u2019AIFS et leurs partenaires prendront en charge\u00a0:<\/p>\n<ul>\n<li>Les frais de formation ;<\/li>\n<li>Les pauses caf\u00e9 ;<\/li>\n<li>Les frais de mentorat des laur\u00e9at.e.s jusqu\u2019en juillet 2025.<\/li>\n<\/ul>\n<p>En Phase 2, pour les deux laur\u00e9at.e.s retenu.e.s pour l\u2019Universit\u00e9 d\u2019\u00e9t\u00e9 de la Francophonie, l\u2019AUF, l\u2019AIFS et leurs partenaires prendront en charge les frais\u00a0:<\/p>\n<ul>\n<li>du billet d\u2019avion aller\/retour vers le lieu de l\u2019\u00e9cole d\u2019\u00e9t\u00e9<\/li>\n<li>du visa (si applicables)<\/li>\n<li>d\u2019h\u00e9bergement<\/li>\n<li>de restauration<\/li>\n<li>des activit\u00e9s culturelles et touristiques<\/li>\n<\/ul>\n<p>Les laur\u00e9at.e.s sont responsables de respecter les formalit\u00e9s d\u2019obtention du visa. Une lettre d\u2019invitation leur sera d\u00e9livr\u00e9e pour faciliter leurs d\u00e9marches.<\/p>\n<p><strong>\u00a0<\/strong><strong>Calendrier<\/strong><\/p>\n<p><strong>\u00a0<\/strong><strong>Phase 1<\/strong><br \/>\n11 f\u00e9vrier \u2013 11 mars\u00a02025 \u2013 Lancement de l\u2019appel \u00e0 candidature<br \/>\n11 mars 2025 \u2013 Cl\u00f4ture de l\u2019appel<br \/>\n17 mars-11 avril 2025 \u2013 Atelier \u00ab\u00a0Publication scientifique\u00a0\u00bb en Albanie (\u00e0 Tirana), Arm\u00e9nie (\u00e0 Erevan), Bulgarie (\u00e0 Sofia), G\u00e9orgie (Tblissi), Moldova (\u00e0 Chisinau) et Roumanie (\u00e0 Bucarest)\u00a0; pour chaque lieu, la date sera pr\u00e9cis\u00e9e apr\u00e8s la cl\u00f4ture de l\u2019appel<br \/>\n14 avril \u2013 5 mai 2025 \u2013 Soumission des articles<br \/>\n15 juin 2025 \u2013 Annonce des laur\u00e9ats<\/p>\n<p><strong>\u00a0<\/strong><strong>Phase 2<\/strong><br \/>\n16 juin \u2013 18 juillet \u2013 Mentorat des laur\u00e9ats<br \/>\nFin juillet 2025 \u2013 Universit\u00e9 d\u2019\u00e9t\u00e9 de la Francophonie<br \/>\n<strong>\u00a0<\/strong><\/p>\n<p><strong>Contact<\/strong><\/p>\n<p>Pour toute question relative \u00e0 l\u2019appel, merci de nous contacter dans une de nos implantations :<br \/>\nDirection r\u00e9gionale AUF \u2013 Europe Centrale et Orientale<br \/>\n13-19, Rue Alecu Russo, 7\u00e8me \u00e9tage, app. 14, Bucarest, Roumanie<br \/>\nCourriel :\u00a0<a href=\"mailto:recherche-innovation-eco@auf.org\">recherche-innovation-eco@auf.org<\/a><\/p>\n<p>&nbsp;<\/p>\n","protected":false},"excerpt":{"rendered":"<p>Dans le cadre de l\u2019Universit\u00e9 d\u2019\u00e9t\u00e9 de la Francophonie organis\u00e9e \u00e0 Rabat (Maroc) par l\u2019Acad\u00e9mie internationale de la Francophonie scientifique (AIFS), fin novembre 2024, l\u2019AUF lance un dispositif international de pr\u00e9paration et d\u2019aide \u00e0 la publication scientifique. Il cherche \u00e0 d\u00e9velopper un vivier mondial de jeunes chercheurs publiant en langue fran\u00e7aise. En Phase 1, les doctorants des universit\u00e9s\u2026 <span class=\"read-more\"><a href=\"https:\/\/www.phys.uaic.ro\/old\/index.php\/appel-a-candidatures-je-publie-mon-article\/\">Read More &raquo;<\/a><\/span><\/p>\n","protected":false},"author":4,"featured_media":0,"parent":0,"menu_order":0,"comment_status":"closed","ping_status":"closed","template":"","meta":{"footnotes":""},"class_list":["post-24071","page","type-page","status-publish","hentry"],"_links":{"self":[{"href":"https:\/\/www.phys.uaic.ro\/old\/index.php\/wp-json\/wp\/v2\/pages\/24071","targetHints":{"allow":["GET"]}}],"collection":[{"href":"https:\/\/www.phys.uaic.ro\/old\/index.php\/wp-json\/wp\/v2\/pages"}],"about":[{"href":"https:\/\/www.phys.uaic.ro\/old\/index.php\/wp-json\/wp\/v2\/types\/page"}],"author":[{"embeddable":true,"href":"https:\/\/www.phys.uaic.ro\/old\/index.php\/wp-json\/wp\/v2\/users\/4"}],"replies":[{"embeddable":true,"href":"https:\/\/www.phys.uaic.ro\/old\/index.php\/wp-json\/wp\/v2\/comments?post=24071"}],"version-history":[{"count":0,"href":"https:\/\/www.phys.uaic.ro\/old\/index.php\/wp-json\/wp\/v2\/pages\/24071\/revisions"}],"wp:attachment":[{"href":"https:\/\/www.phys.uaic.ro\/old\/index.php\/wp-json\/wp\/v2\/media?parent=24071"}],"curies":[{"name":"wp","href":"https:\/\/api.w.org\/{rel}","templated":true}]}}