{"id":24127,"date":"2025-02-20T14:28:01","date_gmt":"2025-02-20T12:28:01","guid":{"rendered":"https:\/\/www.phys.uaic.ro\/?page_id=24127"},"modified":"2025-04-16T10:50:41","modified_gmt":"2025-04-16T07:50:41","slug":"concursul-hurmuzescu-editia-2025","status":"publish","type":"page","link":"https:\/\/www.phys.uaic.ro\/old\/index.php\/concursul-hurmuzescu-editia-2025\/","title":{"rendered":"Concursul Hurmuzescu \u2013 edi\u021bia 2025"},"content":{"rendered":"<h3>Etapa na\u021bional\u0103: 4-6 aprilie Universitatea de Vest Timi\u0219oara<\/h3>\n<div class=\"xdj266r x11i5rnm xat24cr x1mh8g0r x1vvkbs x126k92a\">\n<p><a href=\"https:\/\/www.phys.uaic.ro\/old\/wp-content\/uploads\/2025\/04\/Anul-I-DH-2025-subiecte-si-bareme.pdf\">Subiecte \u0219i bareme anul I<\/a><\/p>\n<p><a href=\"https:\/\/www.phys.uaic.ro\/old\/wp-content\/uploads\/2025\/04\/Anul-II-DH-2025-subiecte-si-bareme.pdf\">Subiecte si bareme anul II<\/a><\/p>\n<h4 dir=\"auto\"><\/h4>\n<h4 dir=\"auto\">Rezultate &#8211; etapa na\u021bional\u0103 5 aprilie 2025<\/h4>\n<\/div>\n<div dir=\"auto\"><strong>Anul I<\/strong><\/div>\n<div dir=\"auto\"><\/div>\n<div class=\"x11i5rnm xat24cr x1mh8g0r x1vvkbs xtlvy1s x126k92a\">\n<div dir=\"auto\">ADRIAN BAERLE, premiul I;<\/div>\n<div dir=\"auto\">LUCA PRECOB, men\u021biune;<\/div>\n<\/div>\n<div dir=\"auto\"><\/div>\n<div dir=\"auto\"><strong>Anul II<\/strong><\/div>\n<div dir=\"auto\"><\/div>\n<div dir=\"auto\">RARE\u0218 S\u0102NDULACHE, premiul II;<\/div>\n<div dir=\"auto\">GEORGIAN B\u00ceSC\u0102, men\u021biune;<\/div>\n<div dir=\"auto\"><\/div>\n<div dir=\"auto\"><strong>Anul III<\/strong><\/div>\n<div dir=\"auto\"><\/div>\n<div dir=\"auto\">ALEXANDRA MIHAELA HRISCU, premiul II<\/div>\n<div class=\"x11i5rnm xat24cr x1mh8g0r x1vvkbs xtlvy1s x126k92a\"><\/div>\n<h4>Rezultate &#8211; etapa local\u0103 15 martie 2025<\/h4>\n<h5>Anul I<\/h5>\n<p>1.\u2060 \u2060BAERLE ADRIAN &#8211; 24,95 puncte &#8211; premiul I, calificat faza na\u021bional\u0103<br \/>\n2.\u2060 \u2060PRECOB LUCA ANDREI &#8211; 20.30 puncte &#8211; premiul II, calificat faza na\u021bional\u0103<br \/>\n3.\u2060 \u2060GU\u0218AN NICHITA &#8211; 13,70 puncte &#8211; premiul III<br \/>\n4.\u2060 \u2060PERNAI VLADIMIR &#8211; 7,20 puncte &#8211; men\u021biune<\/p>\n<h5>Anul II<\/h5>\n<p>1. S\u0102NDULACHE RARE\u0218 &#8211; 24,55 puncte &#8211; Premiul I, calificat faza na\u021bional\u0103<br \/>\n2. B\u00ceSC\u0102 GEORGIAN &#8211; 16,85 puncte &#8211; Premiul al II-lea, calificat faza na\u021bional\u0103<br \/>\n3. LUPA\u0218CU ALEXANDRU-MARIAN &#8211; 14,10 puncte &#8211; Premiul al III-lea<br \/>\n4. DORNEANU ALEXANDRU \u0218TEFAN &#8211; 13,95 puncte &#8211; Men\u021biunea I<br \/>\n5. VIZITEU ADRIAN-DRAGO\u0218 &#8211; 13,85 puncte &#8211; Men\u021biunea I<br \/>\n6. MARDARE MATEI-ALEXANDRU &#8211; 13,10 puncte &#8211; Men\u021biunea I<br \/>\n7. ANECUL\u0102ESEI DARIA &#8211; 12,75 puncte &#8211; Men\u021biunea II<br \/>\n8. ROBCIUC ALEXANDRA-ELENA &#8211; 11,20 puncte &#8211; Men\u021biunea II<br \/>\n9. RO\u0218U MIRUNA-MARIA &#8211; 10,80 puncte &#8211; Men\u021biunea II<br \/>\n10. GHEA\u021a\u0102U IOANA-RALUCA &#8211; 10,50 puncte &#8211; Men\u021biune II<\/p>\n<h5>Anul III<\/h5>\n<p>1. HRISCU ALEXANDRA MIHAELA &#8211; Premiul I, calificat\u0103 faza na\u021bional\u0103<br \/>\n2. NEDELCU LOREDANA &#8211; Premiul al II-lea, calificat\u0103 faza na\u021bional\u0103<br \/>\n3. VASILA\u0218 DRAGO\u0218-PETRIC\u0102 &#8211; Premiul al III-lea, calificat faza na\u021bional\u0103<br \/>\n4. RA\u021a\u0102 \u0218TEFANA-BIANCA &#8211; Men\u021biunea I<br \/>\n5. STANCU SUZANA &#8211; Men\u021biunea a II-a<\/p>\n<h4>Subiecte \u0219i bareme &#8211; etapa local\u0103 15 martie 2025<\/h4>\n<ul>\n<li><a href=\"https:\/\/www.phys.uaic.ro\/old\/wp-content\/uploads\/2025\/03\/2025_anul_I-_subiecte_locala.pdf\" target=\"_blank\" rel=\"noopener\">Subiecte anul I<\/a><\/li>\n<li><a href=\"https:\/\/www.phys.uaic.ro\/old\/wp-content\/uploads\/2025\/03\/2025_anul_I_bareme.pdf\" target=\"_blank\" rel=\"noopener\">Bareme anul I<\/a><\/li>\n<li><a href=\"https:\/\/www.phys.uaic.ro\/old\/wp-content\/uploads\/2025\/03\/2025_anul_II-_subiecte_locala.pdf\" target=\"_blank\" rel=\"noopener\">Subiecte anul II<\/a><\/li>\n<li><a href=\"https:\/\/www.phys.uaic.ro\/old\/wp-content\/uploads\/2025\/03\/2025_anul_II_barem_locala-1.pdf\" target=\"_blank\" rel=\"noopener\">Bareme anul II<\/a><\/li>\n<\/ul>\n<p><a href=\"https:\/\/www.phys.uaic.ro\/old\/wp-content\/uploads\/2023\/04\/Programa_DH_2023.pdf\">Tematica pentru Concursul Na\u0163ional Studen\u0163esc de Fizic\u0103 \u201cDragomir Hurmuzescu\u201d<\/a><\/p>\n<p>Etapa local\u0103: 15 martie 2025<\/p>\n<p>\u00censcriere pentru concurs: 10- 13 martie 2025, prin email la adresa <strong><em>fizica@uaic.ro<\/em>.<\/strong><\/p>\n<p>&#8211; Pentru studen\u021bii anilor I \u0219i II, concursul \u201eDragomir Hurmuzescu\u201d este dedicat rezolv\u0103rii de probleme de fizic\u0103 din domeniile fundamentale ale acesteia<br \/>\n(mecanic\u0103, electricitate \u015fi magnetism, fizic\u0103 molecular\u0103 \u0219i c\u0103ldur\u0103, optic\u0103) \u00een conformitate cu tematica de concurs. Proba de concurs este una teoretic\u0103, const\u00e2nd \u00een rezolvarea a 3 probleme. Durata probei este de 3 ore (180 min).<\/p>\n<p>&#8211; Pentru studen\u021bii anilor III, respectiv IV \u2013 Fizic\u0103 Tehnologic\u0103, concursul const\u0103 \u00een prezentarea oral\u0103 a rezultatelor activit\u0103\u021bii de cercetare a fiec\u0103rui concurent, pe o anumit\u0103 tem\u0103, de regul\u0103 aceea aleasa pentru lucrarea de licen\u021b\u0103 sau pentru proiectul de diplom\u0103. Prezentarea va fi \u00een format ppt sau pdf, iar durata va fi de maxim 15 minute, urmat\u0103 de maxim 5 minute pentru \u00eentreb\u0103ri.<\/p>\n<p>&nbsp;<\/p>\n<p>&nbsp;<\/p>\n","protected":false},"excerpt":{"rendered":"<p>Etapa na\u021bional\u0103: 4-6 aprilie Universitatea de Vest Timi\u0219oara Subiecte \u0219i bareme anul I Subiecte si bareme anul II Rezultate &#8211; etapa na\u021bional\u0103 5 aprilie 2025 Anul I ADRIAN BAERLE, premiul I; LUCA PRECOB, men\u021biune; Anul II RARE\u0218 S\u0102NDULACHE, premiul II; GEORGIAN B\u00ceSC\u0102, men\u021biune; Anul III ALEXANDRA MIHAELA HRISCU, premiul II Rezultate &#8211; etapa local\u0103 15 martie 2025 Anul\u2026 <span class=\"read-more\"><a href=\"https:\/\/www.phys.uaic.ro\/old\/index.php\/concursul-hurmuzescu-editia-2025\/\">Read More &raquo;<\/a><\/span><\/p>\n","protected":false},"author":4,"featured_media":0,"parent":0,"menu_order":0,"comment_status":"closed","ping_status":"closed","template":"","meta":{"footnotes":""},"class_list":["post-24127","page","type-page","status-publish","hentry"],"_links":{"self":[{"href":"https:\/\/www.phys.uaic.ro\/old\/index.php\/wp-json\/wp\/v2\/pages\/24127","targetHints":{"allow":["GET"]}}],"collection":[{"href":"https:\/\/www.phys.uaic.ro\/old\/index.php\/wp-json\/wp\/v2\/pages"}],"about":[{"href":"https:\/\/www.phys.uaic.ro\/old\/index.php\/wp-json\/wp\/v2\/types\/page"}],"author":[{"embeddable":true,"href":"https:\/\/www.phys.uaic.ro\/old\/index.php\/wp-json\/wp\/v2\/users\/4"}],"replies":[{"embeddable":true,"href":"https:\/\/www.phys.uaic.ro\/old\/index.php\/wp-json\/wp\/v2\/comments?post=24127"}],"version-history":[{"count":0,"href":"https:\/\/www.phys.uaic.ro\/old\/index.php\/wp-json\/wp\/v2\/pages\/24127\/revisions"}],"wp:attachment":[{"href":"https:\/\/www.phys.uaic.ro\/old\/index.php\/wp-json\/wp\/v2\/media?parent=24127"}],"curies":[{"name":"wp","href":"https:\/\/api.w.org\/{rel}","templated":true}]}}