{"id":24590,"date":"2025-05-13T12:05:54","date_gmt":"2025-05-13T09:05:54","guid":{"rendered":"https:\/\/www.phys.uaic.ro\/?page_id=24590"},"modified":"2025-05-14T14:31:43","modified_gmt":"2025-05-14T11:31:43","slug":"programul-euro-200-ajutor-financiar-pentru-studenti-in-vederea-achizitionarii-de-calculatoare","status":"publish","type":"page","link":"https:\/\/www.phys.uaic.ro\/old\/index.php\/programul-euro-200-ajutor-financiar-pentru-studenti-in-vederea-achizitionarii-de-calculatoare\/","title":{"rendered":"Programul \u201eEURO 200\u201d \u2013 ajutor financiar pentru studen\u021bi \u00een vederea achizi\u021bion\u0103rii de calculatoare"},"content":{"rendered":"<p><a href=\"https:\/\/www.phys.uaic.ro\/old\/wp-content\/uploads\/2025\/05\/Ordin-3746-calendar-EURO-200.pdf\" target=\"_blank\" rel=\"noopener\"><b>Ordinul 3746\/2025 privind aprobarea Calendarului pentru acordarea unui ajutor financiar \u00een vederea achizi\u0163ion\u0103rii de calculatoare pentru anul 2025<\/b><\/a><\/p>\n<p><a href=\"https:\/\/www.phys.uaic.ro\/old\/wp-content\/uploads\/2025\/05\/cerere-euro-200.pdf\"><em>cerere &#8211; euro 200<\/em><\/a><\/p>\n","protected":false},"excerpt":{"rendered":"<p>Ordinul 3746\/2025 privind aprobarea Calendarului pentru acordarea unui ajutor financiar \u00een vederea achizi\u0163ion\u0103rii de calculatoare pentru anul 2025 cerere &#8211; euro 200<\/p>\n","protected":false},"author":4,"featured_media":0,"parent":0,"menu_order":0,"comment_status":"closed","ping_status":"closed","template":"","meta":{"footnotes":""},"class_list":["post-24590","page","type-page","status-publish","hentry"],"_links":{"self":[{"href":"https:\/\/www.phys.uaic.ro\/old\/index.php\/wp-json\/wp\/v2\/pages\/24590","targetHints":{"allow":["GET"]}}],"collection":[{"href":"https:\/\/www.phys.uaic.ro\/old\/index.php\/wp-json\/wp\/v2\/pages"}],"about":[{"href":"https:\/\/www.phys.uaic.ro\/old\/index.php\/wp-json\/wp\/v2\/types\/page"}],"author":[{"embeddable":true,"href":"https:\/\/www.phys.uaic.ro\/old\/index.php\/wp-json\/wp\/v2\/users\/4"}],"replies":[{"embeddable":true,"href":"https:\/\/www.phys.uaic.ro\/old\/index.php\/wp-json\/wp\/v2\/comments?post=24590"}],"version-history":[{"count":0,"href":"https:\/\/www.phys.uaic.ro\/old\/index.php\/wp-json\/wp\/v2\/pages\/24590\/revisions"}],"wp:attachment":[{"href":"https:\/\/www.phys.uaic.ro\/old\/index.php\/wp-json\/wp\/v2\/media?parent=24590"}],"curies":[{"name":"wp","href":"https:\/\/api.w.org\/{rel}","templated":true}]}}