{"id":257,"date":"2018-02-14T15:14:11","date_gmt":"2018-02-14T15:14:11","guid":{"rendered":"http:\/\/www.phys.uaic.ro\/?page_id=257"},"modified":"2026-02-04T18:04:34","modified_gmt":"2026-02-04T16:04:34","slug":"grad-didactic-i","status":"publish","type":"page","link":"https:\/\/www.phys.uaic.ro\/old\/index.php\/alumni\/perfectionare\/grad-didactic-i\/","title":{"rendered":"Gradul didactic I"},"content":{"rendered":"<p><a href=\"https:\/\/www.phys.uaic.ro\/wp-content\/uploads\/2024\/06\/taxe_actualizate-grade-didactice.pdf\" target=\"_blank\" rel=\"noopener\"><strong><em>TAXE actualizate (conform Hot\u0103r\u00e2rii Senatului UAIC nr. 6\/24.11.2022)<\/em><\/strong><\/a><\/p>\n<p><!-- ++++++++++++++++++++++++++++++++++++++++++++++++++++++++++++++++++++++++++++++++++++ --><\/p>\n<h3><\/h3>\n<div id=\"grad-2022\" class=\"colorbox\" style=\"background-color: #e6e6e6;\">\n<h3>Colocviul de admitere februarie 2026, seria 2026-2028<\/h3>\n<p><strong>Depunerea cererilor \u0219i a chitan\u021belor<\/strong>\u00a0de c\u0103tre candida\u021bi la adresa de mail\u00a0fizica@uaic.ro\u00a0se va face \u00een perioada\u00a027-31 ianuarie 2026.<\/p>\n<p>Taxa de admitere (<strong>250 lei<\/strong>) se achit\u0103 la orice unitate BRD \u00een contul Universit\u0103\u021bii Alexandru Ioan Cuza din Ia\u0219i, cu urm\u0103toarele specifica\u021bii:<\/p>\n<ul>\n<li>Codul taxei: 105;<\/li>\n<li>Forma de \u0219colarizare: 01 (licen\u021b\u0103 zi);<\/li>\n<li>Zona: Facultatea de Fizic\u0103;<\/li>\n<\/ul>\n<p><strong>Colocviul de admitere<\/strong>\u00a0pentru gradul didactic I (seria 2026-2028) va avea loc vineri,\u00a0<span style=\"color: #ff0000;\"><strong>6\u00a0februarie 2026<\/strong><\/span><strong><span style=\"color: #ff0000;\">, online<\/span>, \u00eencep\u00e2nd cu ora 10:00<\/strong>. <a href=\"https:\/\/teams.microsoft.com\/l\/meetup-join\/19%3ameeting_MjJiNmJhNDktNmIyYi00YTZlLWExZDAtYzA4ZTA4ZmU0YzJj%40thread.v2\/0?context=%7b%22Tid%22%3a%224f4b266e-9807-41ec-bfe6-7bc9aa660ac0%22%2c%22Oid%22%3a%22fd22ba3c-cbc6-4a1b-8818-bdac8ec08938%22%7d\" target=\"_blank\" rel=\"noopener\"><strong>LINK conectare MsTeams<\/strong><\/a><\/p>\n<p><em><a href=\"https:\/\/www.phys.uaic.ro\/wp-content\/uploads\/2026\/01\/calendar-colocviu.pdf\" target=\"_blank\" rel=\"noopener\">Calendarul Colocviului de admitere la gradul didactic I<\/a><\/em><\/p>\n<p><em><a href=\"https:\/\/www.phys.uaic.ro\/wp-content\/uploads\/2026\/01\/Norme-privind-organizarea-si-desfasurarea-colocviului-de-admitere-la-gradul-didactic-I-in-invatamantul-preuniversitar-seria-2026-2028-site.pdf\" target=\"_blank\" rel=\"noopener\">Norme privind organizarea \u0219i desf\u0103\u0219urarea colocviului de admitere la gradul didactic I \u00een \u00eenv\u0103\u021b\u0103m\u00e2ntul preuniversitar, seria 2026-2028<\/a><\/em><\/p>\n<p><em><a href=\"https:\/\/www.phys.uaic.ro\/wp-content\/uploads\/2026\/01\/cerere-colocviu-grad-1-februarie-2026.pdf\" target=\"_blank\" rel=\"noopener\">Cerere pentru participarea la Colocviul de admitere la Gradul didactic I \u00een\u00a0 format pdf\u00a0<\/a><\/em><\/p>\n<\/div>\n<p><!-- ++++++++++++++++++++++++++++++++++++++++++++++++++++++++++++++++++++++++++++++++++++ --><\/p>\n<h3><\/h3>\n<div id=\"grad-2022\" class=\"colorbox\" style=\"background-color: #e6e6e6;\">\n<h3>Colocviul de admitere februarie 2025, seria 2025-2027<\/h3>\n<p><span style=\"color: #ff0000;\"><strong><a style=\"color: #ff0000;\" href=\"https:\/\/www.phys.uaic.ro\/wp-content\/uploads\/2025\/02\/Rezultate_colocviu_grd1_7feb2025.pdf\" target=\"_blank\" rel=\"noopener\">Rezultate colocviu admitere gradul I, sesiunea februarie 2025.<\/a><\/strong><\/span><\/p>\n<ul style=\"list-style-type: circle;\">\n<li><b>Depunerea cererilor \u0219i a chitan\u021belor<\/b> de c\u0103tre candida\u021bi la adresa de mail <span style=\"color: blue;\">fizica@uaic.ro<\/span> se va face \u00een perioada <span style=\"color: red;\">28-31 ianuarie 2025<\/span>;<\/li>\n<li>Taxa de admitere (<strong>250 lei<\/strong>) se achit\u0103 la orice unitate BRD \u00een contul Universit\u0103\u021bii Alexandru Ioan Cuza din Ia\u0219i, cu urm\u0103toarele specifica\u021bii:\n<ul>\n<li style=\"list-style-type: none;\">\n<ul>\n<li>Codul taxei: 105;<\/li>\n<li>Forma de \u0219colarizare: 01 (licen\u021b\u0103 zi);<\/li>\n<li>Zona: Facultatea de Fizic\u0103;<\/li>\n<\/ul>\n<\/li>\n<\/ul>\n<\/li>\n<li><b>Colocviului de admitere<\/b> pentru gradul didactic I (seria 2025-2027) va avea loc vineri, <strong><span style=\"color: #ff0000;\">7<\/span><span style=\"color: red;\"> februarie 2025<\/span>, online, \u00eencep\u00e2nd cu ora 10:00<\/strong>:\n<ul style=\"list-style-type: circle;\">\n<li>Coclocviu grad I &#8211; 7 februarie 2025<a href=\"https:\/\/uaic.webex.com\/uaic-ro\/j.php?MTID=m18db64230eb5a79b01bfde07a4457a03\" target=\"_blank\" rel=\"noopener\">https:\/\/uaic.webex.com\/uaic-ro\/j.php?MTID=m18db64230eb5a79b01bfde07a4457a03<\/a><br \/>\nvineri, 7 februarie 2025 09:55 | 2 ore | (UTC+02:00) Atena, Bucure\u015fti<\/li>\n<\/ul>\n<\/li>\n<\/ul>\n<ul style=\"list-style-type: circle;\">\n<li><em><a href=\"https:\/\/www.phys.uaic.ro\/wp-content\/uploads\/2025\/01\/Calendar-Colocviu-GI-2025-2027.docx.pdf\" target=\"_blank\" rel=\"noopener\">Calendarul Colocviului de admitere la gradul didactic I<\/a><\/em><\/li>\n<li><a href=\"https:\/\/www.phys.uaic.ro\/wp-content\/uploads\/2025\/01\/Norme_organizare_desfasurare_colocviu_gradul-I__2025.pdf\" target=\"_blank\" rel=\"noopener\"><em>Norme privind organizarea \u0219i desf\u0103\u0219urarea colocviului de admitere la gradul didactic I \u00een \u00eenv\u0103\u021b\u0103m\u00e2ntul preuniversitar, seria 2025-2027.<\/em><\/a><\/li>\n<li>Cerere pentru participarea la Colocviul de admitere la Gradul didactic I in <a href=\"https:\/\/www.phys.uaic.ro\/wp-content\/uploads\/2025\/01\/cerere-participare-colocviu-februarie-2025.pdf\" target=\"_blank\" rel=\"noopener\"><em>format pdf<\/em>\u00a0<\/a> si in <a href=\"https:\/\/www.phys.uaic.ro\/wp-content\/uploads\/2025\/01\/cerere-participare-colocviu-februarie-2025.docx\" target=\"_blank\" rel=\"noopener\"><em>format doc<\/em><\/a><\/li>\n<\/ul>\n<\/div>\n<p><!-- ++++++++++++++++++++++++++++++++++++++++++++++++++++++++++++++++++++++++++++++++++++ --><br \/>\n<!-- ++++++++++++++++++++++++++++++++++++++++++++++++++++++++++++++++++++++++++++++++++++ --><\/p>\n<div id=\"grad-2022\" class=\"colorbox\" style=\"background-color: #e6e6e6;\">\n<h3><em><a href=\"https:\/\/www.phys.uaic.ro\/wp-content\/uploads\/2025\/09\/rezultate-grad-1.pdf\" target=\"_blank\" rel=\"noopener\">Rezultatele evalu\u0103rii lucr\u0103rilor metodico-\u0219tiin\u021bifice depuse, seria 2024-2026<\/a><\/em><\/h3>\n<h3>Colocviul de admitere februarie 2024, seria 2024-2026<\/h3>\n<ul style=\"list-style-type: circle;\">\n<li><b>Depunerea cererilor \u0219i a chitan\u021belor<\/b> de c\u0103tre candida\u021bi la adresa de mail <span style=\"color: blue;\">fizica@uaic.ro<\/span> se va face \u00een perioada <span style=\"color: red;\">29-31 ianuarie 2024<\/span>;<\/li>\n<li>Taxa de admitere (<strong>250 lei<\/strong>) se achit\u0103 la orice unitate BRD \u00een contul Universit\u0103\u021bii Alexandru Ioan Cuza din Ia\u0219i, cu urm\u0103toarele specifica\u021bii:\n<ul>\n<li style=\"list-style-type: none;\">\n<ul>\n<li>Codul taxei: 105;<\/li>\n<li>Forma de \u0219colarizare: 01 (licen\u021b\u0103 zi);<\/li>\n<li>Zona: Facultatea de Fizic\u0103;<\/li>\n<\/ul>\n<\/li>\n<\/ul>\n<\/li>\n<li><b>Colocviului de admitere<\/b> pentru gradul didactic I (seria 2024-2026) va avea loc vineri, <span style=\"color: red;\">9 februarie 2024<\/span>, online, \u00eencep\u00e2nd cu ora 10:00. Pentru sus\u021binerea colocviului trebuie s\u0103 v\u0103 conecta\u021bi la platforma Cisco Webex la adresa<\/li>\n<\/ul>\n<p><a href=\"https:\/\/uaic.webex.com\/uaic\/j.php?MTID=m96e1e14c1f1aa8fff85118a091521119\">https:\/\/uaic.webex.com\/uaic\/j.php?MTID=m96e1e14c1f1aa8fff85118a091521119<\/a><\/p>\n<ul style=\"list-style-type: circle;\">\n<li><a href=\"https:\/\/www.phys.uaic.ro\/wp-content\/uploads\/2024\/01\/Norme_organizare_desfasurare_colocviu_gradul-I__2024-_site.pdf\">Norme privind organizarea \u0219i desf\u0103\u0219urarea colocviului de admitere la gradul didactic I \u00een \u00eenv\u0103\u021b\u0103m\u00e2ntul preuniversitar, seria 2024-2026<\/a><\/li>\n<li>Cerere pentru participarea la Colocviul de admitere la Gradul didactic I in <a href=\"https:\/\/www.phys.uaic.ro\/wp-content\/uploads\/2023\/01\/cerere-participare-colocviu-februarie-2022.pdf\" target=\"_blank\" rel=\"noopener\">format pdf\u00a0<\/a> si in <a href=\"https:\/\/www.phys.uaic.ro\/wp-content\/uploads\/2023\/01\/cerere-participare-colocviu-februarie-2022.docx\">format doc<\/a><\/li>\n<\/ul>\n<\/div>\n<p><!-- ++++++++++++++++++++++++++++++++++++++++++++++++++++++++++++++++++++++++++++++++++++ --><\/p>\n<h3><\/h3>\n<div id=\"grad-2022\" class=\"colorbox\" style=\"background-color: #e6e6e6;\">\n<h3>Colocviul de admitere februarie 2023, seria 2023-2025<\/h3>\n<ul>\n<li style=\"list-style-type: none;\">\n<ul>\n<li><b>Depunerea cererilor \u0219i a chitan\u021belor<\/b> de c\u0103tre candida\u021bi la adresa de mail <span style=\"color: blue;\">fizica@uaic.ro<\/span> se va face \u00een perioada <span style=\"color: red;\">25-31 ianuarie 2023<\/span>.<\/li>\n<\/ul>\n<\/li>\n<\/ul>\n<p>Taxa de admitere: 200 lei se achit\u0103 la orice unitate BRD \u00een contul Universit\u0103\u021bii Alexandru Ioan Cuza din Ia\u0219i, cu urm\u0103toarele specifica\u021bii:<\/p>\n<ul>\n<li style=\"list-style-type: none;\">\n<ul>\n<li style=\"list-style-type: none;\">\n<ul>\n<li>Codul taxei: 105;<\/li>\n<li>Forma de \u0219colarizare: 01 (licen\u021b\u0103 zi);<\/li>\n<li>Zona: Facultatea de Fizic\u0103.<\/li>\n<\/ul>\n<\/li>\n<\/ul>\n<\/li>\n<li><b>Colocviului de admitere<\/b> pentru gradul didactic I (seria 2023-2025) va avea loc vineri, <span style=\"color: red;\">10 februarie 2023<\/span>, online, \u00eencep\u00e2nd cu ora 9:00. Pentru sus\u021binerea colocviului trebuie s\u0103 v\u0103 conecta\u021bi la platforma Cisco Webex la adresa<\/li>\n<\/ul>\n<p><a href=\"https:\/\/uaic.webex.com\/uaic\/j.php?MTID=m4a2b34ef831422ec013a852b68e6a55c\"> https:\/\/uaic.webex.com\/uaic\/j.php?MTID=m4a2b34ef831422ec013a852b68e6a55c<\/a><\/p>\n<ul>\n<li><a href=\"https:\/\/www.uaic.ro\/wp-content\/uploads\/2022\/11\/Norme_organizare_desfasurare_colocviu_gradul-I__2023_site.pdf\" target=\"_blank\" rel=\"noopener\">Norme privind organizarea \u0219i desf\u0103\u0219urarea colocviului de admitere la gradul didactic I \u00een \u00eenv\u0103\u021b\u0103m\u00e2ntul preunniversitar, seria 2023-2025<\/a><\/li>\n<li>Cerere pentru participarea la Colocviul de admitere la Gradul didactic I in <a href=\"https:\/\/www.phys.uaic.ro\/wp-content\/uploads\/2023\/01\/cerere-participare-colocviu-februarie-2022.pdf\" target=\"_blank\" rel=\"noopener\">format pdf\u00a0<\/a> si in <a href=\"https:\/\/www.phys.uaic.ro\/wp-content\/uploads\/2023\/01\/cerere-participare-colocviu-februarie-2022.docx\">format doc<\/a><\/li>\n<\/ul>\n<\/div>\n<p><!-- ++++++++++++++++++++++++++++++++++++++++++++++++++++++++++++++++++++++++++++++++++++ --><\/p>\n<h3><\/h3>\n<div id=\"grad-2022\" class=\"colorbox\" style=\"background-color: #e6e6e6;\">\n<h3>Colocviul de admitere februarie 2022, seria 2022-2024<\/h3>\n<ul>\n<li style=\"list-style-type: none;\">\n<ul>\n<li><b>Depunerea cererilor \u0219i a chitan\u021belor<\/b> de c\u0103tre candida\u021bi la adresa de mail <span style=\"color: blue;\">fizica@uaic.ro<\/span> se va face \u00een perioada <span style=\"color: red;\">25-31 ianuarie 2022<\/span>.<\/li>\n<\/ul>\n<\/li>\n<\/ul>\n<p>Taxa de admitere: 200 lei se achit\u0103 la orice unitate BRD \u00een contul Universit\u0103\u021bii Alexandru Ioan Cuza din Ia\u0219i, cu urm\u0103toarele specifica\u021bii:<\/p>\n<ul>\n<li style=\"list-style-type: none;\">\n<ul>\n<li style=\"list-style-type: none;\">\n<ul>\n<li>Codul taxei: 105;<\/li>\n<li>Forma de \u0219colarizare: 01 (licen\u021b\u0103 zi);<\/li>\n<li>Zona: Facultatea de Fizic\u0103.<\/li>\n<\/ul>\n<\/li>\n<\/ul>\n<\/li>\n<li><b>Colocviului de admitere<\/b> pentru gradul didactic I (seria 2022-2024) va avea loc vineri, <span style=\"color: red;\">4 februarie 2022<\/span>, online, \u00eencep\u00e2nd cu ora 9:00. Pentru sus\u021binerea colocviului trebuie s\u0103 v\u0103 conecta\u021bi la platforma Cisco Webex la adresa<\/li>\n<\/ul>\n<p><a href=\"https:\/\/uaic.webex.com\/uaic\/j.php?MTID=m8c7a42ba2027dbb1e4795c91332e8c24\">https:\/\/uaic.webex.com\/uaic\/j.php?MTID=m8c7a42ba2027dbb1e4795c91332e8c24<\/a>.<\/p>\n<ul>\n<li><a href=\"http:\/\/www.phys.uaic.ro\/wp\/perfectionare\/grad-i\/februarie-2022\/norme-colocviu-admitere-grad-i-seria-2022-2024.pdf\">Norme privind organizarea \u0219i desf\u0103\u0219urarea colocviului de admitere la gradul didactic I \u00een \u00eenv\u0103\u021b\u0103m\u00e2ntul preunniversitar, seria 2022-2024<\/a> [icon name=&#8221;file-pdf&#8221; style=&#8221;solid&#8221; class=&#8221;&#8221; unprefixed_class=&#8221;&#8221;]<\/li>\n<li>Cerere pentru participarea la Colocviul de admitere la Gradul didactic I <a href=\"http:\/\/www.phys.uaic.ro\/wp\/perfectionare\/grad-i\/februarie-2022\/cerere-participare-colocviu-februarie-2022.pdf\">in format pdf<\/a> [icon name=&#8221;file-pdf&#8221; style=&#8221;solid&#8221; class=&#8221;&#8221; unprefixed_class=&#8221;&#8221;] si <a href=\"http:\/\/www.phys.uaic.ro\/wp\/perfectionare\/grad-i\/februarie-2022\/cerere-participare-colocviu-februarie-2022.docx\">in format doc<\/a> [icon name=&#8221;file-word&#8221; style=&#8221;solid&#8221; class=&#8221;&#8221; unprefixed_class=&#8221;&#8221;]<\/li>\n<li><a href=\"https:\/\/www.phys.uaic.ro\/wp-content\/uploads\/2022\/08\/Informatii_privind_depunerea___lucrarii_metodico-stiintifice-aug-2022.pdf\">\u00cen atentia candida\u021bilor inscri\u0219i \u00een seria 2020-2022 &#8211; Depunerea lucr\u0103rilor metodico-\u0219tiintifice\u00a0<\/a><\/li>\n<li><a href=\"https:\/\/www.phys.uaic.ro\/wp-content\/uploads\/2023\/06\/DECLARATIE-DE-AUTENCITATE-2021-2023.docx\">Declara\u021bie de autenticitate<\/a><\/li>\n<\/ul>\n<\/div>\n<p><!-- ++++++++++++++++++++++++++++++++++++++++++++++++++++++++++++++++++++++++++++++++++++ --><\/p>\n<h3><\/h3>\n<div id=\"grad-2022\" class=\"colorbox\" style=\"background-color: #e6e6e6;\">\n<h3>Colocviul de admitere februarie 2021 seria 2021-2023<\/h3>\n<ul>\n<li style=\"list-style-type: none;\">\n<ul>\n<li><b>Depunerea cererilor \u0219i a chitan\u021belor<\/b> de c\u0103tre candida\u021bi la adresa de mail <span style=\"color: blue;\">fizica@uaic.ro<\/span> se va face \u00een perioada <span style=\"color: red;\">25-28 ianuarie 2021<\/span>.<\/li>\n<\/ul>\n<\/li>\n<\/ul>\n<p>Taxa de admitere: 200 lei se achit\u0103 la orice unitate BRD \u00een contul Universit\u0103\u021bii Alexandru Ioan Cuza din Ia\u0219i, cu urm\u0103toarele specifica\u021bii:<\/p>\n<ul>\n<li style=\"list-style-type: none;\">\n<ul>\n<li style=\"list-style-type: none;\">\n<ul style=\"list-style-type: none;\">\n<li style=\"list-style-type: none;\">\n<ul>\n<li>Codul taxei: 105;<\/li>\n<li>Forma de \u0219colarizare: 01 (licen\u021b\u0103 zi);<\/li>\n<li>Zona: Facultatea de Fizic\u0103.<\/li>\n<\/ul>\n<\/li>\n<\/ul>\n<\/li>\n<li><b>Colocviului de admitere<\/b> pentru gradul didactic I (seria 2021-2023) va avea loc luni, <span style=\"color: red;\">1 februarie 2021<\/span>, online, \u00eencep\u00e2nd cu ora 10:00.<\/li>\n<li><a href=\"http:\/\/www.phys.uaic.ro\/wp\/perfectionare\/grad-i\/februarie-2021\/norme-colocviu-admitere-grad-i-seria-2021-2023.pdf\">Norme privind organizarea \u0219i desf\u0103\u0219urarea colocviului de admitere la gradul didactic I \u00een \u00eenv\u0103\u021b\u0103m\u00e2ntul preunniversitar, seria 2021-2023\u00a0<\/a><\/li>\n<li><a href=\"http:\/\/www.phys.uaic.ro\/wp\/perfectionare\/grad-i\/februarie-2021\/cerere-participare-colocviu-februarie-2021.pdf\">Cerere pentru participarea la Colocviul de admitere la Gradul didactic I<\/a><\/li>\n<\/ul>\n<\/li>\n<\/ul>\n<\/div>\n<p><!-- ++++++++++++++++++++++++++++++++++++++++++++++++++++++++++++++++++++++++++++++++++++ --><\/p>\n<div class=\"colorbox\" style=\"background-color: #e6e6e6;\">\n<h3>Seria 2017-2019<\/h3>\n<ul>\n<li><a href=\"http:\/\/www.phys.uaic.ro\/wp\/perfectionare\/grad-i\/august-2018\/depunere-lucrare-metodico-stiintifica-august-2018.pdf\">In atentia candidatilor inscrisi in seria 2017-2019 &#8211; Depunerea lucr\u0103rilor metodico-\u0219tiintifice<\/a> <img decoding=\"async\" style=\"vertical-align: top; width: 20px; height: 20px;\" src=\"http:\/\/www.phys.uaic.ro\/wp\/imagini\/pdf-icon.png\" alt=\"pdf\" \/><\/li>\n<li><a href=\"http:\/\/www.phys.uaic.ro\/wp\/perfectionare\/grad-i\/august-2018\/declaratie-autenticitate-august-2018.pdf\">Declaratie de autenticitate<\/a> <img decoding=\"async\" style=\"vertical-align: top; width: 20px; height: 20px;\" src=\"http:\/\/www.phys.uaic.ro\/wp\/imagini\/pdf-icon.png\" alt=\"pdf\" \/><\/li>\n<li><a href=\"http:\/\/www.phys.uaic.ro\/wp\/perfectionare\/grad-i\/august-2018\/cerere-amanare-depunere-lucrare-august-2018.pdf\">Cerere pentru amanarea depunerii lucrarii metodico-stiintifice<\/a> <img decoding=\"async\" style=\"vertical-align: top; width: 20px; height: 20px;\" src=\"http:\/\/www.phys.uaic.ro\/wp\/imagini\/pdf-icon.png\" alt=\"pdf\" \/><\/li>\n<\/ul>\n<\/div>\n<p>&nbsp;<\/p>\n<p><!-- ++++++++++++++++++++++++++++++++++++++++++++++++++++++++++++++++++++++++++++++++++++ --><\/p>\n<div class=\"colorbox\" style=\"background-color: #e6e6e6;\">\n<h3>Seria 2019-2021<\/h3>\n<ul>\n<li><a href=\"http:\/\/www.phys.uaic.ro\/wp\/perfectionare\/grad-i\/august-2020\/depunere-lucrare-metodico-stiintifica-august-2020.pdf\">\u00cen atentia candida\u021bilor inscri\u0219i \u00een seria 2019-2021 &#8211; Depunerea lucr\u0103rilor metodico-\u0219tiintifice<\/a> <img decoding=\"async\" style=\"vertical-align: top; width: 20px; height: 20px;\" src=\"http:\/\/www.phys.uaic.ro\/wp\/imagini\/pdf-icon.png\" alt=\"pdf\" \/><\/li>\n<li><a href=\"http:\/\/www.phys.uaic.ro\/wp\/perfectionare\/grad-i\/august-2020\/declaratie-autenticitate-grad-i-august-2020.pdf\">Declara\u021bie de autenticitate<\/a> <img decoding=\"async\" style=\"vertical-align: top; width: 20px; height: 20px;\" src=\"http:\/\/www.phys.uaic.ro\/wp\/imagini\/pdf-icon.png\" alt=\"pdf\" \/><\/li>\n<\/ul>\n<\/div>\n<p>&nbsp;<\/p>\n<p><!-- ++++++++++++++++++++++++++++++++++++++++++++++++++++++++++++++++++++++++++++++++++++ --><\/p>\n<div class=\"colorbox\" style=\"background-color: #e6e6e6;\">\n<h3>Colocviul de admitere ianuarie 2020 seria 2020-2022<\/h3>\n<ul>\n<li>Colocviul de admitere pentru gradul didactic I (seria 2020-2022) va avea loc joi, 23 ianuarie 2020, \u00een Laboratorul de Informatic\u0103, demisol, \u00eencep\u00e2nd cu ora 9:00.<\/li>\n<li><a href=\"http:\/\/www.phys.uaic.ro\/wp\/perfectionare\/grad-i\/ianuarie-2020\/metodologie-colocviu-admitere-grad-i-seria-2020-2022.pdf\">Metodologia privind organizarea \u0219i desf\u0103\u0219urarea colocviului de admitere la gradul didactic I, seria 2020-2022<\/a> <img decoding=\"async\" style=\"vertical-align: top; width: 20px; height: 20px;\" src=\"http:\/\/www.phys.uaic.ro\/wp\/imagini\/pdf-icon.png\" alt=\"pdf\" \/><\/li>\n<li><a href=\"http:\/\/www.phys.uaic.ro\/wp\/perfectionare\/grad-i\/ianuarie-2020\/cerere-participare-colocviu-ianuarie-2020.pdf\">Cerere pentru participarea la Colocviul de admitere la Gradul didactic I<\/a> <img decoding=\"async\" style=\"vertical-align: top; width: 20px; height: 20px;\" src=\"http:\/\/www.phys.uaic.ro\/wp\/imagini\/pdf-icon.png\" alt=\"pdf\" \/><\/li>\n<\/ul>\n<\/div>\n<p>&nbsp;<\/p>\n<p><!-- ++++++++++++++++++++++++++++++++++++++++++++++++++++++++++++++++++++++++++++++++++++ --><\/p>\n<div class=\"colorbox\" style=\"background-color: #e6e6e6;\">\n<h3>Seria 2018-2020<\/h3>\n<ul>\n<li><a href=\"http:\/\/www.phys.uaic.ro\/wp\/perfectionare\/grad-i\/august-2019\/depunere-lucrare-metodico-stiintifica-august-2019.pdf\">\u00cen atentia candida\u021bilor inscri\u0219i \u00een seria 2018-2020 &#8211; Depunerea lucr\u0103rilor metodico-\u0219tiintifice<\/a> <img decoding=\"async\" style=\"vertical-align: top; width: 20px; height: 20px;\" src=\"http:\/\/www.phys.uaic.ro\/wp\/imagini\/pdf-icon.png\" alt=\"pdf\" \/><\/li>\n<li><a href=\"http:\/\/www.phys.uaic.ro\/wp\/perfectionare\/grad-i\/august-2019\/declaratie-autenticitate-grad-i-august-2019.pdf\">Declara\u021bie de autenticitate<\/a> <img decoding=\"async\" style=\"vertical-align: top; width: 20px; height: 20px;\" src=\"http:\/\/www.phys.uaic.ro\/wp\/imagini\/pdf-icon.png\" alt=\"pdf\" \/><\/li>\n<\/ul>\n<\/div>\n<p>&nbsp;<\/p>\n<p><!-- ++++++++++++++++++++++++++++++++++++++++++++++++++++++++++++++++++++++++++++++++++++ --><\/p>\n<div class=\"colorbox\" style=\"background-color: #e6e6e6;\">\n<h3>Colocviului de admitere februarie 2019 seria 2019-2021<\/h3>\n<ul>\n<li><a href=\"http:\/\/www.phys.uaic.ro\/wp\/perfectionare\/grad-i\/februarie-2019\/in-atentia-candidatilor-inscrisi-februarie-2919.pdf\">\u00cen atentia candidatilor inscrisi la Gradul didactic I seria 2019-2021<\/a> <img decoding=\"async\" style=\"vertical-align: top; width: 20px; height: 20px;\" src=\"http:\/\/www.phys.uaic.ro\/wp\/imagini\/pdf-icon.png\" alt=\"pdf\" \/><\/li>\n<li><a href=\"http:\/\/www.phys.uaic.ro\/wp\/perfectionare\/grad-i\/februarie-2019\/desfasurare-colocviu-admitere-februarie-2919.pdf\">Preciz\u0103ri privind desf\u0103\u015furarea colocviului de admitere la Gradul didactic I seria 2019-2021<\/a> <img decoding=\"async\" style=\"vertical-align: top; width: 20px; height: 20px;\" src=\"http:\/\/www.phys.uaic.ro\/wp\/imagini\/pdf-icon.png\" alt=\"pdf\" \/><\/li>\n<li><a href=\"http:\/\/www.phys.uaic.ro\/wp\/perfectionare\/grad-i\/februarie-2019\/cerere-participare-colocviu-februarie-2919.pdf\">Cerere pentru participarea la Colocviul de admitere la Gradul didactic I<\/a> <img decoding=\"async\" style=\"vertical-align: top; width: 20px; height: 20px;\" src=\"http:\/\/www.phys.uaic.ro\/wp\/imagini\/pdf-icon.png\" alt=\"pdf\" \/><\/li>\n<li><a href=\"http:\/\/www.phys.uaic.ro\/wp\/perfectionare\/grad-i\/februarie-2019\/rezultate-colocviu-admitere-februarie-2919.pdf\">Rezultatele colocviul de admitere la gradul didactic I seria 2019-2021<\/a> <img decoding=\"async\" style=\"vertical-align: top; width: 20px; height: 20px;\" src=\"http:\/\/www.phys.uaic.ro\/wp\/imagini\/pdf-icon.png\" alt=\"pdf\" \/><\/li>\n<\/ul>\n<\/div>\n<p>&nbsp;<\/p>\n<p><!-- ++++++++++++++++++++++++++++++++++++++++++++++++++++++++++++++++++++++++++++++++++++ --><\/p>\n<div class=\"colorbox\" style=\"background-color: #e6e6e6;\">\n<h3>Seria 2017-2019<\/h3>\n<ul>\n<li><a href=\"http:\/\/www.phys.uaic.ro\/wp\/perfectionare\/grad-i\/august-2018\/depunere-lucrare-metodico-stiintifica-august-2018.pdf\">In atentia candidatilor inscrisi in seria 2017-2019 &#8211; Depunerea lucr\u0103rilor metodico-\u0219tiintifice<\/a> <img decoding=\"async\" style=\"vertical-align: top; width: 20px; height: 20px;\" src=\"http:\/\/www.phys.uaic.ro\/wp\/imagini\/pdf-icon.png\" alt=\"pdf\" \/><\/li>\n<li><a href=\"http:\/\/www.phys.uaic.ro\/wp\/perfectionare\/grad-i\/august-2018\/declaratie-autenticitate-august-2018.pdf\">Declaratie de autenticitate<\/a> <img decoding=\"async\" style=\"vertical-align: top; width: 20px; height: 20px;\" src=\"http:\/\/www.phys.uaic.ro\/wp\/imagini\/pdf-icon.png\" alt=\"pdf\" \/><\/li>\n<li><a href=\"http:\/\/www.phys.uaic.ro\/wp\/perfectionare\/grad-i\/august-2018\/cerere-amanare-depunere-lucrare-august-2018.pdf\">Cerere pentru amanarea depunerii lucrarii metodico-stiintifice<\/a> <img decoding=\"async\" style=\"vertical-align: top; width: 20px; height: 20px;\" src=\"http:\/\/www.phys.uaic.ro\/wp\/imagini\/pdf-icon.png\" alt=\"pdf\" \/><\/li>\n<\/ul>\n<\/div>\n<p>&nbsp;<\/p>\n<p><!-- ++++++++++++++++++++++++++++++++++++++++++++++++++++++++++++++++++++++++++++++++++++ --><\/p>\n<div class=\"colorbox\" style=\"background-color: #e6e6e6;\">\n<h3>Seria 2016-2018<\/h3>\n<ul>\n<li><a href=\"https:\/\/www.phys.uaic.ro\/index.php\/alumni\/perfectionare\/grad-didactic-i\/informatii-grad-i-2016-2018\/\">Informa\u0163ii referitoare la examenul de acordare a gradului didactic I seria 2016 \u2013 2018<\/a><\/li>\n<\/ul>\n<\/div>\n<p>&nbsp;<\/p>\n","protected":false},"excerpt":{"rendered":"<p>TAXE actualizate (conform Hot\u0103r\u00e2rii Senatului UAIC nr. 6\/24.11.2022) Colocviul de admitere februarie 2026, seria 2026-2028 Depunerea cererilor \u0219i a chitan\u021belor\u00a0de c\u0103tre candida\u021bi la adresa de mail\u00a0fizica@uaic.ro\u00a0se va face \u00een perioada\u00a027-31 ianuarie 2026. Taxa de admitere (250 lei) se achit\u0103 la orice unitate BRD \u00een contul Universit\u0103\u021bii Alexandru Ioan Cuza din Ia\u0219i, cu urm\u0103toarele specifica\u021bii: Codul taxei: 105; Forma\u2026 <span class=\"read-more\"><a href=\"https:\/\/www.phys.uaic.ro\/old\/index.php\/alumni\/perfectionare\/grad-didactic-i\/\">Read More &raquo;<\/a><\/span><\/p>\n","protected":false},"author":3,"featured_media":0,"parent":255,"menu_order":0,"comment_status":"closed","ping_status":"closed","template":"","meta":{"footnotes":""},"class_list":["post-257","page","type-page","status-publish","hentry"],"_links":{"self":[{"href":"https:\/\/www.phys.uaic.ro\/old\/index.php\/wp-json\/wp\/v2\/pages\/257","targetHints":{"allow":["GET"]}}],"collection":[{"href":"https:\/\/www.phys.uaic.ro\/old\/index.php\/wp-json\/wp\/v2\/pages"}],"about":[{"href":"https:\/\/www.phys.uaic.ro\/old\/index.php\/wp-json\/wp\/v2\/types\/page"}],"author":[{"embeddable":true,"href":"https:\/\/www.phys.uaic.ro\/old\/index.php\/wp-json\/wp\/v2\/users\/3"}],"replies":[{"embeddable":true,"href":"https:\/\/www.phys.uaic.ro\/old\/index.php\/wp-json\/wp\/v2\/comments?post=257"}],"version-history":[{"count":0,"href":"https:\/\/www.phys.uaic.ro\/old\/index.php\/wp-json\/wp\/v2\/pages\/257\/revisions"}],"up":[{"embeddable":true,"href":"https:\/\/www.phys.uaic.ro\/old\/index.php\/wp-json\/wp\/v2\/pages\/255"}],"wp:attachment":[{"href":"https:\/\/www.phys.uaic.ro\/old\/index.php\/wp-json\/wp\/v2\/media?parent=257"}],"curies":[{"name":"wp","href":"https:\/\/api.w.org\/{rel}","templated":true}]}}