{"id":25794,"date":"2025-11-03T14:29:20","date_gmt":"2025-11-03T12:29:20","guid":{"rendered":"https:\/\/www.phys.uaic.ro\/?page_id=25794"},"modified":"2025-11-03T14:29:20","modified_gmt":"2025-11-03T12:29:20","slug":"apel-la-candidaturi-pentru-mobilitati-de-formare-in-cadrul-programului-erasmus-an-academic-2025-2026","status":"publish","type":"page","link":"https:\/\/www.phys.uaic.ro\/old\/index.php\/apel-la-candidaturi-pentru-mobilitati-de-formare-in-cadrul-programului-erasmus-an-academic-2025-2026\/","title":{"rendered":"Apel la candidaturi pentru mobilitati de formare in cadrul Programului Erasmus+ an academic 2025-2026"},"content":{"rendered":"<p><em><a href=\"https:\/\/www.phys.uaic.ro\/old\/wp-content\/uploads\/2025\/11\/Apel-mobilitati-de-formare-Erasmus-KA131-DI-2025-2026.pdf\" target=\"_blank\" rel=\"noopener\">S-a lansat apelul la candidaturi pentru <strong>mobilit\u0103\u021bi de formare<\/strong> \u00een cadrul Proiectului Erasmus+ KA131-HED (\u021b\u0103ri participante la Program \u0219i \u021b\u0103ri ter\u021be neasociate la Program) pentru <strong>anul academic 2025-2026<\/strong><\/a><\/em><\/p>\n<p>Apelul la candidaturi \u0219i formularul <em>Mobility Agreement<\/em> <em>for Training<\/em> sunt disponibile \u0219i pe pagina web a UAIC, la <strong>sec\u021biunea Interna\u021bional<\/strong>.<\/p>\n<p><strong>Apelul este deschis p\u00e2n\u0103 la epuizarea locurilor\/fondurilor disponibile, iar selec\u021bia candida\u021bilor se va face pe principiul <em>primul venit, primul servit.<\/em><\/strong><\/p>\n<p><strong>\u00cen cadrul acestui apel, la nivelul UAIC, este disponibil un num\u0103r de 139 locuri pentru mobilit\u0103\u021bile de formare Erasmus+ \u00een \u021b\u0103ri participante la Program, iar, pentru mobilit\u0103\u021bile de formare \u00een \u021b\u0103ri ter\u021be neasociate la Program, finan\u021barea se va face \u00een limita fondurilor disponibile.<\/strong><\/p>\n<p><strong>Depunerea dosarelor <\/strong><strong>se face online, acces\u00e2nd formularele de candidatur\u0103 de pe pagina dedicat\u0103 mobilit\u0103\u021bilor de formare Erasmus+: <\/strong><\/p>\n<ul>\n<li><strong><a href=\"https:\/\/www.service4mobility.com\/europe\/BewerbungServlet?identifier=IASI02&amp;kz_bew_pers=L&amp;kz_bew_art=OUT&amp;aust_prog=STT&amp;sprache=en\">formular de candidatur\u0103 pentru mobilit\u0103\u021bi de formare \u00een \u021b\u0103ri participante la Program (UE)<\/a> <\/strong><\/li>\n<li><strong><a href=\"https:\/\/www.service4mobility.com\/europe\/BewerbungServlet?identifier=IASI02&amp;kz_bew_pers=L&amp;kz_bew_art=OUT&amp;aust_prog=STT&amp;sprache=en\">https:\/\/www.service4mobility.com\/europe\/BewerbungServlet?identifier=IASI02&amp;kz_bew_pers=L&amp;kz_bew_art=OUT&amp;aust_prog=STT&amp;sprache=en<\/a><\/strong><\/li>\n<li><strong><a href=\"https:\/\/www.service4mobility.com\/europe\/BewerbungServlet?identifier=IASI02&amp;kz_bew_pers=L&amp;kz_bew_art=OUT&amp;aust_prog=NONEUSTT&amp;sprache=en\">formular de candidatur\u0103 pentru mobilit\u0103\u021bi de formare \u00een \u021b\u0103ri terte neasociate la Program (NON-UE)<\/a><br \/>\n<\/strong><\/li>\n<li><strong><a href=\"https:\/\/www.service4mobility.com\/europe\/BewerbungServlet?identifier=IASI02&amp;kz_bew_pers=L&amp;kz_bew_art=OUT&amp;aust_prog=NONEUSTT&amp;sprache=en\">https:\/\/www.service4mobility.com\/europe\/BewerbungServlet?identifier=IASI02&amp;kz_bew_pers=L&amp;kz_bew_art=OUT&amp;aust_prog=NONEUSTT&amp;sprache=en<\/a> <\/strong><\/li>\n<\/ul>\n<p><strong>Instruc\u021biuni pentru folosirea platformei pe care se vor \u00eenc\u0103rca dosarele se reg\u0103sesc la urm\u0103toarea adres\u0103:<\/strong><\/p>\n<p><strong><a href=\"https:\/\/www.uaic.ro\/wp-content\/uploads\/2024\/03\/Demo-candidatura-formare-Mobility-Online.mp4\">https:\/\/www.uaic.ro\/wp-content\/uploads\/2024\/03\/Demo-candidatura-formare-Mobility-Online.mp4<\/a><\/strong><\/p>\n<p>Documentele din dosar se vor \u00eenc\u0103rca sub form\u0103 de fi\u0219iere <strong>PDF<\/strong>.<\/p>\n<p>Candidaturile se depun <strong>cu cel pu\u021bin 45 de zile calendaristice \u00eenainte<\/strong> de data de \u00eenceput a mobilit\u0103\u021bii.<\/p>\n<p>Termenul limit\u0103 de desf\u0103\u0219urare a mobilit\u0103\u021bilor este <strong>finalul anului academic 2025-2026 pentru mobilit\u0103\u021bi \u00een \u021b\u0103ri participante la Program \u0219i 31 iulie 2026 pentru mobilit\u0103\u021bi \u00een \u021b\u0103ri ter\u021be neasociate la Program.<\/strong><\/p>\n<p><a href=\"https:\/\/www.phys.uaic.ro\/old\/wp-content\/uploads\/2025\/11\/Training-Agreement-STT-Erasmus-KA131.docx\">Training Agreement (STT) Erasmus+ KA131<\/a><\/p>\n","protected":false},"excerpt":{"rendered":"<p>S-a lansat apelul la candidaturi pentru mobilit\u0103\u021bi de formare \u00een cadrul Proiectului Erasmus+ KA131-HED (\u021b\u0103ri participante la Program \u0219i \u021b\u0103ri ter\u021be neasociate la Program) pentru anul academic 2025-2026 Apelul la candidaturi \u0219i formularul Mobility Agreement for Training sunt disponibile \u0219i pe pagina web a UAIC, la sec\u021biunea Interna\u021bional. Apelul este deschis p\u00e2n\u0103 la epuizarea locurilor\/fondurilor disponibile, iar selec\u021bia\u2026 <span class=\"read-more\"><a href=\"https:\/\/www.phys.uaic.ro\/old\/index.php\/apel-la-candidaturi-pentru-mobilitati-de-formare-in-cadrul-programului-erasmus-an-academic-2025-2026\/\">Read More &raquo;<\/a><\/span><\/p>\n","protected":false},"author":4,"featured_media":0,"parent":0,"menu_order":0,"comment_status":"closed","ping_status":"closed","template":"","meta":{"footnotes":""},"class_list":["post-25794","page","type-page","status-publish","hentry"],"_links":{"self":[{"href":"https:\/\/www.phys.uaic.ro\/old\/index.php\/wp-json\/wp\/v2\/pages\/25794","targetHints":{"allow":["GET"]}}],"collection":[{"href":"https:\/\/www.phys.uaic.ro\/old\/index.php\/wp-json\/wp\/v2\/pages"}],"about":[{"href":"https:\/\/www.phys.uaic.ro\/old\/index.php\/wp-json\/wp\/v2\/types\/page"}],"author":[{"embeddable":true,"href":"https:\/\/www.phys.uaic.ro\/old\/index.php\/wp-json\/wp\/v2\/users\/4"}],"replies":[{"embeddable":true,"href":"https:\/\/www.phys.uaic.ro\/old\/index.php\/wp-json\/wp\/v2\/comments?post=25794"}],"version-history":[{"count":0,"href":"https:\/\/www.phys.uaic.ro\/old\/index.php\/wp-json\/wp\/v2\/pages\/25794\/revisions"}],"wp:attachment":[{"href":"https:\/\/www.phys.uaic.ro\/old\/index.php\/wp-json\/wp\/v2\/media?parent=25794"}],"curies":[{"name":"wp","href":"https:\/\/api.w.org\/{rel}","templated":true}]}}