{"id":4082,"date":"2018-05-31T07:51:29","date_gmt":"2018-05-31T07:51:29","guid":{"rendered":"http:\/\/www.phys.uaic.ro\/?page_id=4082"},"modified":"2018-05-31T08:41:54","modified_gmt":"2018-05-31T08:41:54","slug":"promotia-1988","status":"publish","type":"page","link":"https:\/\/www.phys.uaic.ro\/old\/index.php\/alumni\/intalniri\/promotia-1988\/","title":{"rendered":"Promo\u021bia 1988"},"content":{"rendered":"<h3>Scrisoare invita\u021bie adresat\u0103 profesorilor no\u0219tri<\/h3>\n<p>\u00cen anul acesta se \u00eemplinesc 30 de ani de c\u00e2nd am p\u0103r\u0103sit b\u0103ncile facult\u0103\u021bii. Dup\u0103 absolvire ne-am r\u0103sp\u00e2ndit, prin reparti\u021bii guvernamentale, \u00een toat\u0103 \u021bara, ocup\u00e2nd apoi pozi\u021bii importante \u00een \u00eenv\u0103\u021b\u0103m\u00e2ntul preuniversitar sau universitar, \u00een industrie sau \u00een alte domenii de activitate.<\/p>\n<p>Am fi deosebit de bucuro\u015fi dac\u0103 ne-a\u0163i onora cu prezen\u021ba dumneavoastr\u0103 la s\u0103rb\u0103torirea acestui eveniment important din via\u021ba noastr\u0103. De aceea, cu tot respectul, v\u0103 invit\u0103m s\u0103 participa\u021bi la \u00eent\u00e2lnirea care va avea loc \u00een ziua de<br \/>\n30 iunie 2018. Ne propunem urm\u0103torul program:<\/p>\n<ul>\n<li>Orele 11 \u2013 \u00cent\u00e2lnirea absolven\u021bilor la intrarea principal\u0103 a Universit\u0103\u021bii<\/li>\n<li>Orele 11.30 \u2013 \u00cent\u00e2lnirea absolven\u021bilor cu fo\u0219tii dasc\u0103li (Amf. IV-13)<\/li>\n<li>Orele 12.30 \u2013 Vizitarea unor laboratoare ale Facult\u0103\u021bii<\/li>\n<li>Orele 18 \u2013 Masa festiv\u0103  &#8211;  Motel Bucium Ia\u0219i<\/li>\n<\/ul>\n<p>\u00cen cei patru ani de facultate, parcur\u0219i acum mai bine de un sfert de secol, am crescut \u0219i ne-am des\u0103v\u00e2r\u0219it educa\u021bia sub \u00eendrumarea dumneavoastr\u0103. Am fost \u0219i r\u0103m\u00e2nem m\u00e2ndri de profesorii no\u0219tri.<\/p>\n<p>V\u0103 stim\u0103m \u0219i v\u0103 admir\u0103m pentru d\u0103ruirea dumneavoastr\u0103 \u0219i pentru felul \u00een care a\u0163i reu\u0219it s\u0103 ne transmite\u021bi cuno\u0219tin\u021bele de specialitate dar \u0219i modul de comportare \u00een societate \u0219i familie. De aceea, suntem m\u00e2ndri c\u0103 am absolvit Facultatea de Fizic\u0103 din Ia\u0219i. La r\u00e2ndul nostru, ne-am str\u0103duit \u0219i credem c\u0103 am reu\u0219it s\u0103 facem cinste acestei facult\u0103\u021bi \u0219i profesorilor ei.<\/p>\n<p>V\u0103 a\u0219tept\u0103m cu tot dragul \u0219i suntem convin\u0219i c\u0103 ne vom sim\u0163i bine \u00eempreun\u0103, ca o adev\u0103rat\u0103 familie.<\/p>\n<p style=\"padding: 0 0 0 300px;\">Promo\u0163ia 1988 a Facult\u0103\u021bii de Fizic\u0103 Ia\u0219i<\/p>\n<p>Va rug\u0103m s\u0103 confirmati prezenta d-voastr\u0103 la cursul festiv \u0219i masa festiv\u0103 pan\u0103 \u00een data de 8 iunie 2018, pe adresa de email: <span style=\"color: blue;\">domnicagliga@yahoo.com<\/span> sau telefonic 0746354913. V\u0103 mul\u021bumim.<\/p>\n","protected":false},"excerpt":{"rendered":"<p>Scrisoare invita\u021bie adresat\u0103 profesorilor no\u0219tri \u00cen anul acesta se \u00eemplinesc 30 de ani de c\u00e2nd am p\u0103r\u0103sit b\u0103ncile facult\u0103\u021bii. Dup\u0103 absolvire ne-am r\u0103sp\u00e2ndit, prin reparti\u021bii guvernamentale, \u00een toat\u0103 \u021bara, ocup\u00e2nd apoi pozi\u021bii importante \u00een \u00eenv\u0103\u021b\u0103m\u00e2ntul preuniversitar sau universitar, \u00een industrie sau \u00een alte domenii de activitate. Am fi deosebit de bucuro\u015fi dac\u0103 ne-a\u0163i onora cu prezen\u021ba dumneavoastr\u0103 la\u2026 <span class=\"read-more\"><a href=\"https:\/\/www.phys.uaic.ro\/old\/index.php\/alumni\/intalniri\/promotia-1988\/\">Read More &raquo;<\/a><\/span><\/p>\n","protected":false},"author":3,"featured_media":0,"parent":226,"menu_order":0,"comment_status":"closed","ping_status":"closed","template":"","meta":{"footnotes":""},"class_list":["post-4082","page","type-page","status-publish","hentry"],"_links":{"self":[{"href":"https:\/\/www.phys.uaic.ro\/old\/index.php\/wp-json\/wp\/v2\/pages\/4082","targetHints":{"allow":["GET"]}}],"collection":[{"href":"https:\/\/www.phys.uaic.ro\/old\/index.php\/wp-json\/wp\/v2\/pages"}],"about":[{"href":"https:\/\/www.phys.uaic.ro\/old\/index.php\/wp-json\/wp\/v2\/types\/page"}],"author":[{"embeddable":true,"href":"https:\/\/www.phys.uaic.ro\/old\/index.php\/wp-json\/wp\/v2\/users\/3"}],"replies":[{"embeddable":true,"href":"https:\/\/www.phys.uaic.ro\/old\/index.php\/wp-json\/wp\/v2\/comments?post=4082"}],"version-history":[{"count":0,"href":"https:\/\/www.phys.uaic.ro\/old\/index.php\/wp-json\/wp\/v2\/pages\/4082\/revisions"}],"up":[{"embeddable":true,"href":"https:\/\/www.phys.uaic.ro\/old\/index.php\/wp-json\/wp\/v2\/pages\/226"}],"wp:attachment":[{"href":"https:\/\/www.phys.uaic.ro\/old\/index.php\/wp-json\/wp\/v2\/media?parent=4082"}],"curies":[{"name":"wp","href":"https:\/\/api.w.org\/{rel}","templated":true}]}}