{"id":577,"date":"2018-02-16T20:10:00","date_gmt":"2018-02-16T20:10:00","guid":{"rendered":"http:\/\/www.phys.uaic.ro\/?page_id=577"},"modified":"2025-11-18T15:23:04","modified_gmt":"2025-11-18T13:23:04","slug":"planuri-invatamant-master","status":"publish","type":"page","link":"https:\/\/www.phys.uaic.ro\/old\/index.php\/studii\/planuri-invatamant-master\/","title":{"rendered":"Planuri de \u00eenv\u0103\u021b\u0103m\u00e2nt master"},"content":{"rendered":"<h3>Planuri de \u00eenv\u0103\u021b\u0103m\u00e2nt la specializarea <b>Fizic\u0103 medical\u0103 aplicat\u0103<\/b><\/h3>\n<ul>\n<li><a href=\"https:\/\/www.phys.uaic.ro\/wp-content\/uploads\/2024\/07\/plan-invatamant-fizica-medicala-aplicata-seria-2024-2026.pdf\" target=\"_blank\" rel=\"noopener\">Plan de \u00eenv\u0103\u021b\u0103m\u00e2nt &#8211; specializarea Fizic\u0103 medical\u0103 aplicat\u0103 &#8211; seria 2024-2026<\/a> <img loading=\"lazy\" decoding=\"async\" class=\"\" src=\"http:\/\/www.phys.uaic.ro\/wp\/imagini\/pdf-icon.png\" alt=\"pdf\" width=\"20\" height=\"20\" \/><\/li>\n<li><a href=\"https:\/\/www.phys.uaic.ro\/wp-content\/uploads\/2025\/11\/plan-invatamant-fizica-medicala-aplicata-seria-2025-2027.pdf\" target=\"_blank\" rel=\"noopener\">Plan de \u00eenv\u0103\u021b\u0103m\u00e2nt &#8211; specializarea Fizic\u0103 medical\u0103 aplicat\u0103 &#8211; seria 2025-2027<\/a> <img loading=\"lazy\" decoding=\"async\" class=\"\" src=\"http:\/\/www.phys.uaic.ro\/wp\/imagini\/pdf-icon.png\" alt=\"pdf\" width=\"20\" height=\"20\" \/><\/li>\n<\/ul>\n<p><!-- ---------------------------------------------------- --><\/p>\n<h3><\/h3>\n<h3>Planuri de \u00eenv\u0103\u021b\u0103m\u00e2nt la specializarea <b>Fizica pentru tehnologii avansate\/Physics for advanced technologies (\u00een limba englez\u0103)<\/b><\/h3>\n<ul><!--\n \t\n\n<li><a href=\"http:\/\/www.phys.uaic.ro\/wp\/studii\/planuri-invatamant-master\/plan-invatamant-master-tehnologii-avansate-2016-2018.pdf\">Plan de \u00eenv\u0103\u021b\u0103m\u00e2nt - specializarea Fizica pentru tehnologii avansate - seria 2016-2018<\/a> <img decoding=\"async\" style=\"vertical-align: top;width:20px;height:20px;\" src=\"http:\/\/www.phys.uaic.ro\/wp\/imagini\/pdf-icon.png\" alt=\"pdf\" \/><\/li>\n\n\n \t\n\n<li><a href=\"http:\/\/www.phys.uaic.ro\/wp\/studii\/planuri-invatamant-master\/plan-invatamant-master-tehnologii-avansate-2017-2019.pdf\">Plan de \u00eenv\u0103\u021b\u0103m\u00e2nt - specializarea Fizica pentru tehnologii avansate - seria 2017-2019<\/a> <img decoding=\"async\" style=\"vertical-align: top;width:20px;height:20px;\" src=\"http:\/\/www.phys.uaic.ro\/wp\/imagini\/pdf-icon.png\" alt=\"pdf\" \/><\/li>\n\n\n \t\n\n<li><a href=\"http:\/\/www.phys.uaic.ro\/wp\/studii\/planuri-invatamant-master\/plan-invatamant-master-tehnologii-avansate-2018-2020.pdf\">Plan de \u00eenv\u0103\u021b\u0103m\u00e2nt - specializarea Fizica pentru tehnologii avansate - seria 2018-2020<\/a> <img decoding=\"async\" style=\"vertical-align: top;width:20px;height:20px;\" src=\"http:\/\/www.phys.uaic.ro\/wp\/imagini\/pdf-icon.png\" alt=\"pdf\" \/><\/li>\n\n\n \t\n\n<li><a href=\"http:\/\/www.phys.uaic.ro\/wp\/studii\/planuri-invatamant-master\/plan-invatamant-master-tehnologii-avansate-2019-2021.pdf\">Plan de \u00eenv\u0103\u021b\u0103m\u00e2nt - specializarea Fizica pentru tehnologii avansate - seria 2019-2021<\/a> <img decoding=\"async\" style=\"vertical-align: top;width:20px;height:20px;\" src=\"http:\/\/www.phys.uaic.ro\/wp\/imagini\/pdf-icon.png\" alt=\"pdf\" \/><\/li>\n\n\n--><\/p>\n<li><a href=\"https:\/\/www.phys.uaic.ro\/wp-content\/uploads\/2024\/07\/plan-invatamant-fizica-pentru-tehnologii-avansate-seria-2024-2026.pdf\" target=\"_blank\" rel=\"noopener\">Plan de \u00eenv\u0103\u021b\u0103m\u00e2nt &#8211; specializarea Fizica pentru tehnologii avansate &#8211; seria 2024-2026<\/a> <img loading=\"lazy\" decoding=\"async\" class=\"\" src=\"http:\/\/www.phys.uaic.ro\/wp\/imagini\/pdf-icon.png\" alt=\"pdf\" width=\"20\" height=\"20\" \/><\/li>\n<li><a href=\"https:\/\/www.phys.uaic.ro\/wp-content\/uploads\/2025\/11\/plan-invatamant-fizica-pentru-tehnologii-avansate_-physics-for-advanced-technologies-seria-2025-2027.pdf\" target=\"_blank\" rel=\"noopener\">Plan de \u00eenv\u0103\u021b\u0103m\u00e2nt &#8211; specializarea Fizica pentru tehnologii avansate &#8211; seria 2025-2027<\/a> <img loading=\"lazy\" decoding=\"async\" class=\"\" src=\"http:\/\/www.phys.uaic.ro\/wp\/imagini\/pdf-icon.png\" alt=\"pdf\" width=\"20\" height=\"20\" \/><\/li>\n<\/ul>\n<p><!-- ---------------------------------------------------- --><\/p>\n<p><!-- ---------------------------------------------------- --><\/p>\n<h3><\/h3>\n<h3><b>Fizica energiilor \u00eenalte\/High Energy Physics (\u00een limba englez\u0103)<\/b><\/h3>\n<ul>\n<li>Plan de \u00eenv\u0103\u021b\u0103m\u00e2nt &#8211; specializarea Fizica energiilor \u00eenalte \/ High Energy Physics &#8211; seria 2024-2026 <img loading=\"lazy\" decoding=\"async\" class=\"\" src=\"http:\/\/www.phys.uaic.ro\/wp\/imagini\/pdf-icon.png\" alt=\"pdf\" width=\"19\" height=\"19\" \/><\/li>\n<\/ul>\n<p>&nbsp;<\/p>\n<h3>Planuri de \u00eenv\u0103\u021b\u0103m\u00e2nt la specializarea <b>Metode fizice aplicate \u00een kinetoterapie \u0219i recuperare medical\u0103<\/b><\/h3>\n<ul><!--\n \t\n\n<li><a href=\"http:\/\/www.phys.uaic.ro\/wp\/studii\/planuri-invatamant-master\/plan-invatamant-master-kinetoterapie-2016-2018.pdf\">Plan de \u00eenv\u0103\u021b\u0103m\u00e2nt - specializarea Metode fizice aplicate \u00een kinetoterapie \u0219i recuperare medical\u0103 - seria 2016-2018<\/a> <img decoding=\"async\" style=\"vertical-align: top;width:20px;height:20px;\" src=\"http:\/\/www.phys.uaic.ro\/wp\/imagini\/pdf-icon.png\" alt=\"pdf\" \/><\/li>\n\n\n \t\n\n<li><a href=\"http:\/\/www.phys.uaic.ro\/wp\/studii\/planuri-invatamant-master\/plan-invatamant-master-kinetoterapie-2017-2019.pdf\">Plan de \u00eenv\u0103\u021b\u0103m\u00e2nt - specializarea Metode fizice aplicate \u00een kinetoterapie \u0219i recuperare medical\u0103 - seria 2017-2019<\/a> <img decoding=\"async\" style=\"vertical-align: top;width:20px;height:20px;\" src=\"http:\/\/www.phys.uaic.ro\/wp\/imagini\/pdf-icon.png\" alt=\"pdf\" \/><\/li>\n\n\n \t\n\n<li><a href=\"http:\/\/www.phys.uaic.ro\/wp\/studii\/planuri-invatamant-master\/plan-invatamant-master-kinetoterapie-2018-2020.pdf\">Plan de \u00eenv\u0103\u021b\u0103m\u00e2nt - specializarea Metode fizice aplicate \u00een kinetoterapie \u0219i recuperare medical\u0103 - seria 2018-2020<\/a> <img decoding=\"async\" style=\"vertical-align: top;width:20px;height:20px;\" src=\"http:\/\/www.phys.uaic.ro\/wp\/imagini\/pdf-icon.png\" alt=\"pdf\" \/><\/li>\n\n\n \t\n\n<li><a href=\"http:\/\/www.phys.uaic.ro\/wp\/studii\/planuri-invatamant-master\/plan-invatamant-master-kinetoterapie-2019-2021.pdf\">Plan de \u00eenv\u0103\u021b\u0103m\u00e2nt - specializarea Metode fizice aplicate \u00een kinetoterapie \u0219i recuperare medical\u0103 - seria 2019-2021<\/a> <img decoding=\"async\" style=\"vertical-align: top;width:20px;height:20px;\" src=\"http:\/\/www.phys.uaic.ro\/wp\/imagini\/pdf-icon.png\" alt=\"pdf\" \/><\/li>\n\n\n--><\/p>\n<li><a href=\"https:\/\/www.phys.uaic.ro\/wp-content\/uploads\/2024\/07\/plan-invatamant-metode-fizice-aplicate-in-kinetoterapie-si-recuperare-medicala-seria-2024-2026.pdf\" target=\"_blank\" rel=\"noopener\">Plan de \u00eenv\u0103\u021b\u0103m\u00e2nt &#8211; specializarea Metode fizice aplicate \u00een kinetoterapie \u0219i recuperare medical\u0103 &#8211; seria 2024-2026<\/a> <img loading=\"lazy\" decoding=\"async\" class=\"\" src=\"http:\/\/www.phys.uaic.ro\/wp\/imagini\/pdf-icon.png\" alt=\"pdf\" width=\"19\" height=\"19\" \/><\/li>\n<li><a href=\"https:\/\/www.phys.uaic.ro\/wp-content\/uploads\/2025\/11\/plan-invatamant-metode-fizice-aplicate-in-kintetoterapie-si-recuperare-medicala-seria-2025-2027.pdf\" target=\"_blank\" rel=\"noopener\">Plan de \u00eenv\u0103\u021b\u0103m\u00e2nt &#8211; specializarea Metode fizice aplicate \u00een kinetoterapie \u0219i recuperare medical\u0103 &#8211; seria 2025-2027 <\/a><img loading=\"lazy\" decoding=\"async\" class=\"\" src=\"http:\/\/www.phys.uaic.ro\/wp\/imagini\/pdf-icon.png\" alt=\"pdf\" width=\"19\" height=\"19\" \/><\/li>\n<\/ul>\n<p><!-- ---------------------------------------------------- --><\/p>\n<h3><\/h3>\n<h3>Planuri de \u00eenv\u0103\u021b\u0103m\u00e2nt la specializarea <b>Optic\u0103 \u015fi optometrie<\/b><\/h3>\n<ul><!--\n \t\n\n<li><a href=\"http:\/\/www.phys.uaic.ro\/wp\/studii\/planuri-invatamant-master\/plan-invatamant-master-optica-optometrie-2021-2023.pdf\">Plan de \u00eenv\u0103\u021b\u0103m\u00e2nt - specializarea Optic\u0103 \u015fi optometrie - seria 2018-2020<\/a> <img decoding=\"async\" style=\"vertical-align: top;width:20px;height:20px;\" src=\"http:\/\/www.phys.uaic.ro\/wp\/imagini\/pdf-icon.png\" alt=\"pdf\" \/><\/li>\n\n\n \t\n\n<li><a href=\"http:\/\/www.phys.uaic.ro\/wp\/studii\/planuri-invatamant-master\/plan-invatamant-master-optica-optometrie-2021-2023.pdf\">Plan de \u00eenv\u0103\u021b\u0103m\u00e2nt - specializarea Optic\u0103 \u015fi optometrie - seria 2019-2021<\/a> <img decoding=\"async\" style=\"vertical-align: top;width:20px;height:20px;\" src=\"http:\/\/www.phys.uaic.ro\/wp\/imagini\/pdf-icon.png\" alt=\"pdf\" \/><\/li>\n\n\n--><\/p>\n<li><a href=\"https:\/\/www.phys.uaic.ro\/wp-content\/uploads\/2024\/07\/plan-invatamant-optica-si-optometrie-seria-2024-2026.pdf\" target=\"_blank\" rel=\"noopener\">Plan de \u00eenv\u0103\u021b\u0103m\u00e2nt &#8211; specializarea Optic\u0103 \u015fi optometrie &#8211; seria 2024-2026<\/a> <img loading=\"lazy\" decoding=\"async\" class=\"\" src=\"http:\/\/www.phys.uaic.ro\/wp\/imagini\/pdf-icon.png\" alt=\"pdf\" width=\"21\" height=\"21\" \/><\/li>\n<li><a href=\"https:\/\/www.phys.uaic.ro\/wp-content\/uploads\/2025\/11\/plan-invatamant-optica-si-optometrie-seria-2025-2027.pdf\" target=\"_blank\" rel=\"noopener\">Plan de \u00eenv\u0103\u021b\u0103m\u00e2nt &#8211; specializarea Optic\u0103 \u015fi optometrie &#8211; seria 2025-2027<\/a> <img loading=\"lazy\" decoding=\"async\" class=\"\" src=\"http:\/\/www.phys.uaic.ro\/wp\/imagini\/pdf-icon.png\" alt=\"pdf\" width=\"21\" height=\"21\" \/><\/li>\n<\/ul>\n<h3><\/h3>\n<h3>Planuri de \u00eenv\u0103\u021b\u0103m\u00e2nt la specializarea <b>Fizic\u0103 aplicat\u0103 \u00een tehnologii smart \u0219i comunica\u021bii<\/b><\/h3>\n<ul>\n<li><a href=\"https:\/\/www.phys.uaic.ro\/wp-content\/uploads\/2024\/07\/plan-invatamant-fizica-aplicata-in-tehnologii-smart-si-comunicatii-seria-2024-2026.pdf\" target=\"_blank\" rel=\"noopener\">Plan de \u00eenv\u0103\u021b\u0103m\u00e2nt &#8211; specializarea Fizic\u0103 aplicat\u0103 \u00een tehnologii smart \u0219i comunica\u021bii &#8211; seria 2024-2026<\/a> <img loading=\"lazy\" decoding=\"async\" class=\"\" src=\"http:\/\/www.phys.uaic.ro\/wp\/imagini\/pdf-icon.png\" alt=\"pdf\" width=\"19\" height=\"19\" \/><\/li>\n<li><a href=\"https:\/\/www.phys.uaic.ro\/wp-content\/uploads\/2025\/11\/plan-invatamant-fizica-aplicata-in-tehnologii-smart-si-comunicatii-seria-2025-2027.pdf\" target=\"_blank\" rel=\"noopener\">Plan de \u00eenv\u0103\u021b\u0103m\u00e2nt &#8211; specializarea Fizic\u0103 aplicat\u0103 \u00een tehnologii smart \u0219i comunica\u021bii &#8211; seria 2025-2027 <img loading=\"lazy\" decoding=\"async\" class=\"\" src=\"http:\/\/www.phys.uaic.ro\/wp\/imagini\/pdf-icon.png\" alt=\"pdf\" width=\"19\" height=\"19\" \/><\/a><\/li>\n<\/ul>\n<p>&nbsp;<\/p>\n<h3>Planuri de \u00eenv\u0103\u021b\u0103m\u00e2nt la specializarea <b>Fizic\u0103 aplicat\u0103 \u00een tehnologiile informa\u021biei \u0219i comunica\u021bii (B\u0103l\u021bi &#8211; R.Moldova)<br \/>\n<\/b><\/h3>\n<ul><!--\n \t\n\n<li><a href=\"http:\/\/www.phys.uaic.ro\/wp\/studii\/planuri-invatamant-master\/plan-invatamant-master-tehnologii-informa\u021bie-2016-2018.pdf\">Plan de \u00eenv\u0103\u021b\u0103m\u00e2nt - specializarea Fizic\u0103 aplicat\u0103 \u00een tehnologiile informa\u021biei \u0219i comunica\u021bii - seria 2016-2018<\/a> <img decoding=\"async\" src=\"http:\/\/www.phys.uaic.ro\/wp\/imagini\/pdf-icon.png\" alt=\"pdf\" \/><\/li>\n\n\n \t\n\n<li><a href=\"http:\/\/www.phys.uaic.ro\/wp\/studii\/planuri-invatamant-master\/plan-invatamant-master-tehnologii-informa\u021bie-2017-2019.pdf\">Plan de \u00eenv\u0103\u021b\u0103m\u00e2nt - specializarea Fizic\u0103 aplicat\u0103 \u00een tehnologiile informa\u021biei \u0219i comunica\u021bii - seria 2017-2019<\/a> <img decoding=\"async\" src=\"http:\/\/www.phys.uaic.ro\/wp\/imagini\/pdf-icon.png\" alt=\"pdf\" \/><\/li>\n\n\n \t\n\n<li><a href=\"http:\/\/www.phys.uaic.ro\/wp\/studii\/planuri-invatamant-master\/plan-invatamant-master-tehnologii-informa\u021bie-2018-2020.pdf\">Plan de \u00eenv\u0103\u021b\u0103m\u00e2nt - specializarea Fizic\u0103 aplicat\u0103 \u00een tehnologiile informa\u021biei \u0219i comunica\u021bii - seria 2018-2020<\/a> <img decoding=\"async\" src=\"http:\/\/www.phys.uaic.ro\/wp\/imagini\/pdf-icon.png\" alt=\"pdf\" \/><\/li>\n\n\n \t\n\n<li><a href=\"http:\/\/www.phys.uaic.ro\/wp\/studii\/planuri-invatamant-master\/plan-invatamant-master-tehnologii-informa\u021bie-2019-2021.pdf\">Plan de \u00eenv\u0103\u021b\u0103m\u00e2nt - specializarea Fizic\u0103 aplicat\u0103 \u00een tehnologiile informa\u021biei \u0219i comunica\u021bii - seria 2019-2021<\/a> <img decoding=\"async\" src=\"http:\/\/www.phys.uaic.ro\/wp\/imagini\/pdf-icon.png\" alt=\"pdf\" \/><\/li>\n\n\n--><\/p>\n<li><a href=\"https:\/\/www.phys.uaic.ro\/wp-content\/uploads\/2024\/07\/plan-invatamant-fizica-aplicata-in-tehnologiile-informatiei-si-comunicatii-_balti-_-r_-moldova_-seria-2024-2026.pdf\" target=\"_blank\" rel=\"noopener\">Plan de \u00eenv\u0103\u021b\u0103m\u00e2nt &#8211; specializarea Fizic\u0103 aplicat\u0103 \u00een tehnologiile informa\u021biei \u0219i comunica\u021bii &#8211; seria 2024-2026<\/a> <img loading=\"lazy\" decoding=\"async\" class=\"\" src=\"http:\/\/www.phys.uaic.ro\/wp\/imagini\/pdf-icon.png\" alt=\"pdf\" width=\"19\" height=\"19\" \/><\/li>\n<li><a href=\"https:\/\/www.phys.uaic.ro\/wp-content\/uploads\/2025\/11\/plan-invatamant-fizica-aplicata-in-tehnologiile-informatiei-si-comunicatii-seria-2025-2027.pdf\" target=\"_blank\" rel=\"noopener\">Plan de \u00eenv\u0103\u021b\u0103m\u00e2nt &#8211; specializarea Fizic\u0103 aplicat\u0103 \u00een tehnologiile informa\u021biei \u0219i comunica\u021bii &#8211; seria 2025-2027\u00a0<\/a><img loading=\"lazy\" decoding=\"async\" class=\"\" src=\"http:\/\/www.phys.uaic.ro\/wp\/imagini\/pdf-icon.png\" alt=\"pdf\" width=\"19\" height=\"19\" \/><\/li>\n<\/ul>\n","protected":false},"excerpt":{"rendered":"<p>Planuri de \u00eenv\u0103\u021b\u0103m\u00e2nt la specializarea Fizic\u0103 medical\u0103 aplicat\u0103 Plan de \u00eenv\u0103\u021b\u0103m\u00e2nt &#8211; specializarea Fizic\u0103 medical\u0103 aplicat\u0103 &#8211; seria 2024-2026 Plan de \u00eenv\u0103\u021b\u0103m\u00e2nt &#8211; specializarea Fizic\u0103 medical\u0103 aplicat\u0103 &#8211; seria 2025-2027 Planuri de \u00eenv\u0103\u021b\u0103m\u00e2nt la specializarea Fizica pentru tehnologii avansate\/Physics for advanced technologies (\u00een limba englez\u0103) Plan de \u00eenv\u0103\u021b\u0103m\u00e2nt &#8211; specializarea Fizica pentru tehnologii avansate &#8211; seria 2024-2026 Plan\u2026 <span class=\"read-more\"><a href=\"https:\/\/www.phys.uaic.ro\/old\/index.php\/studii\/planuri-invatamant-master\/\">Read More &raquo;<\/a><\/span><\/p>\n","protected":false},"author":3,"featured_media":0,"parent":60,"menu_order":0,"comment_status":"closed","ping_status":"closed","template":"","meta":{"footnotes":""},"class_list":["post-577","page","type-page","status-publish","hentry"],"_links":{"self":[{"href":"https:\/\/www.phys.uaic.ro\/old\/index.php\/wp-json\/wp\/v2\/pages\/577","targetHints":{"allow":["GET"]}}],"collection":[{"href":"https:\/\/www.phys.uaic.ro\/old\/index.php\/wp-json\/wp\/v2\/pages"}],"about":[{"href":"https:\/\/www.phys.uaic.ro\/old\/index.php\/wp-json\/wp\/v2\/types\/page"}],"author":[{"embeddable":true,"href":"https:\/\/www.phys.uaic.ro\/old\/index.php\/wp-json\/wp\/v2\/users\/3"}],"replies":[{"embeddable":true,"href":"https:\/\/www.phys.uaic.ro\/old\/index.php\/wp-json\/wp\/v2\/comments?post=577"}],"version-history":[{"count":0,"href":"https:\/\/www.phys.uaic.ro\/old\/index.php\/wp-json\/wp\/v2\/pages\/577\/revisions"}],"up":[{"embeddable":true,"href":"https:\/\/www.phys.uaic.ro\/old\/index.php\/wp-json\/wp\/v2\/pages\/60"}],"wp:attachment":[{"href":"https:\/\/www.phys.uaic.ro\/old\/index.php\/wp-json\/wp\/v2\/media?parent=577"}],"curies":[{"name":"wp","href":"https:\/\/api.w.org\/{rel}","templated":true}]}}