{"id":6722,"date":"2019-06-02T23:05:56","date_gmt":"2019-06-02T23:05:56","guid":{"rendered":"http:\/\/www.phys.uaic.ro\/?page_id=6722"},"modified":"2019-06-24T09:51:21","modified_gmt":"2019-06-24T09:51:21","slug":"numar-locuri-licenta-iulie-2019","status":"publish","type":"page","link":"https:\/\/www.phys.uaic.ro\/old\/index.php\/admitere\/admitere-licenta\/admitere-licenta-iulie-2019\/organizare-admitere-licenta-iulie-2019\/numar-locuri-licenta-iulie-2019\/","title":{"rendered":"Num\u0103rul de locuri la licen\u021b\u0103 iulie 2019"},"content":{"rendered":"<p>&nbsp;<\/p>\n<table style=\"border: 1px solid black; color: black; font-size: 12px;\">\n<tr>\n<td style=\"border: 1px solid black;\" rowspan=\"3\">Domeniul de licen\u0163\u0103<\/td>\n<td style=\"border: 1px solid black;\" rowspan=\"3\">Specializarea \/ Programul de studii universitare de licen\u0163\u0103<\/td>\n<td style=\"border: 1px solid black; text-align: center;\" colspan=\"5\">RO<\/td>\n<td style=\"border: 1px solid black; text-align: center; background-color: #e6e6e6;\" colspan=\"3\">RP<\/td>\n<\/tr>\n<tr>\n<td style=\"border: 1px solid black; text-align: center;\" colspan=\"4\">B<\/td>\n<td style=\"border: 1px solid black; text-align: center;\" rowspan=\"2\">TX<\/td>\n<td style=\"border: 1px solid black; text-align: center; background-color: #e6e6e6;\" rowspan=\"2\">BB<\/td>\n<td style=\"border: 1px solid black; text-align: center; background-color: #e6e6e6;\" rowspan=\"2\">BFB<\/td>\n<td style=\"border: 1px solid black; text-align: center; background-color: #e6e6e6;\" rowspan=\"2\">TX<\/td>\n<\/tr>\n<tr>\n<td style=\"border: 1px solid black; text-align: center;\">r.s.<\/td>\n<td style=\"border: 1px solid black; text-align: center;\">d.p.<\/td>\n<td style=\"border: 1px solid black; text-align: center;\">m.r.<\/td>\n<td style=\"border: 1px solid black; text-align: center;\">c.d.<\/td>\n<\/tr>\n<tr>\n<td style=\"border: 1px solid black;\" rowspan=\"4\">Fizic\u0103<\/td>\n<td style=\"border: 1px solid black;\">Fizic\u0103<\/td>\n<td style=\"border: 1px solid black; text-align: center; font-size: 14px;\">4<\/td>\n<td style=\"border: 1px solid black; text-align: center; font-size: 14px;\">1<\/td>\n<td style=\"border: 1px solid black; text-align: center; font-size: 14px;\">0<\/td>\n<td style=\"border: 1px solid black; text-align: center; font-size: 14px;\">2<\/td>\n<td style=\"border: 1px solid black; text-align: center; font-size: 14px;\">2<\/td>\n<td style=\"border: 1px solid black; text-align: center; background-color: #e6e6e6; font-size: 14px;\">0<\/td>\n<td style=\"border: 1px solid black; text-align: center; background-color: #e6e6e6; font-size: 14px;\">1<\/td>\n<td style=\"border: 1px solid black; text-align: center; background-color: #e6e6e6; font-size: 14px;\">1<\/td>\n<\/tr>\n<tr>\n<td style=\"border: 1px solid black;\">Fizic\u0103 informatic\u0103<\/td>\n<td style=\"border: 1px solid black; text-align: center; font-size: 14px;\">8<\/td>\n<td style=\"border: 1px solid black; text-align: center; font-size: 14px;\">4<\/td>\n<td style=\"border: 1px solid black; text-align: center; font-size: 14px;\">0<\/td>\n<td style=\"border: 1px solid black; text-align: center; font-size: 14px;\">0<\/td>\n<td style=\"border: 1px solid black; text-align: center; font-size: 14px;\">3<\/td>\n<td style=\"border: 1px solid black; text-align: center; background-color: #e6e6e6; font-size: 14px;\">1<\/td>\n<td style=\"border: 1px solid black; text-align: center; background-color: #e6e6e6; font-size: 14px;\">1<\/td>\n<td style=\"border: 1px solid black; text-align: center; background-color: #e6e6e6; font-size: 14px;\">1<\/td>\n<\/tr>\n<tr>\n<td style=\"border: 1px solid black;\">Biofizic\u0103<\/td>\n<td style=\"border: 1px solid black; text-align: center; font-size: 14px;\">5<\/td>\n<td style=\"border: 1px solid black; text-align: center; font-size: 14px;\">2<\/td>\n<td style=\"border: 1px solid black; text-align: center; font-size: 14px;\">0<\/td>\n<td style=\"border: 1px solid black; text-align: center; font-size: 14px;\">0<\/td>\n<td style=\"border: 1px solid black; text-align: center; font-size: 14px;\">2<\/td>\n<td style=\"border: 1px solid black; text-align: center; background-color: #e6e6e6; font-size: 14px;\">0<\/td>\n<td style=\"border: 1px solid black; text-align: center; background-color: #e6e6e6; font-size: 14px;\">0<\/td>\n<td style=\"border: 1px solid black; text-align: center; background-color: #e6e6e6; font-size: 14px;\">1<\/td>\n<\/tr>\n<tr>\n<td style=\"border: 1px solid black;\">Fizic\u0103 medical\u0103<\/td>\n<td style=\"border: 1px solid black; text-align: center; font-size: 14px;\">8<\/td>\n<td style=\"border: 1px solid black; text-align: center; font-size: 14px;\">4<\/td>\n<td style=\"border: 1px solid black; text-align: center; font-size: 14px;\">0<\/td>\n<td style=\"border: 1px solid black; text-align: center; font-size: 14px;\">0<\/td>\n<td style=\"border: 1px solid black; text-align: center; font-size: 14px;\">3<\/td>\n<td style=\"border: 1px solid black; text-align: center; background-color: #e6e6e6; font-size: 14px;\">0<\/td>\n<td style=\"border: 1px solid black; text-align: center; background-color: #e6e6e6; font-size: 14px;\">1<\/td>\n<td style=\"border: 1px solid black; text-align: center; background-color: #e6e6e6; font-size: 14px;\">3<\/td>\n<\/tr>\n<tr>\n<td style=\"border: 1px solid black;\" rowspan=\"2\">\u015etiin\u0163e inginere\u015fti aplicate<\/td>\n<td style=\"border: 1px solid black;\">Fizic\u0103 tehnologic\u0103 (Ia\u0219i)<\/td>\n<td style=\"border: 1px solid black; text-align: center; font-size: 14px;\">6<\/td>\n<td style=\"border: 1px solid black; text-align: center; font-size: 14px;\">4<\/td>\n<td style=\"border: 1px solid black; text-align: center; font-size: 14px;\">0<\/td>\n<td style=\"border: 1px solid black; text-align: center; font-size: 14px;\">0<\/td>\n<td style=\"border: 1px solid black; text-align: center; font-size: 14px;\">2<\/td>\n<td style=\"border: 1px solid black; text-align: center; background-color: #e6e6e6; font-size: 14px;\">0<\/td>\n<td style=\"border: 1px solid black; text-align: center; background-color: #e6e6e6; font-size: 14px;\">1<\/td>\n<td style=\"border: 1px solid black; text-align: center; background-color: #e6e6e6; font-size: 14px;\">1<\/td>\n<\/tr>\n<tr>\n<td style=\"border: 1px solid black;\">Fizic\u0103 tehnologic\u0103 (B\u0103l\u021bi)<\/td>\n<td style=\"border: 1px solid black; text-align: center; font-size: 14px;\">0<\/td>\n<td style=\"border: 1px solid black; text-align: center; font-size: 14px;\">0<\/td>\n<td style=\"border: 1px solid black; text-align: center; font-size: 14px;\">0<\/td>\n<td style=\"border: 1px solid black; text-align: center; font-size: 14px;\">0<\/td>\n<td style=\"border: 1px solid black; text-align: center; font-size: 14px;\">0<\/td>\n<td style=\"border: 1px solid black; text-align: center; background-color: #e6e6e6; font-size: 14px;\">24<\/td>\n<td style=\"border: 1px solid black; text-align: center; background-color: #e6e6e6; font-size: 14px;\">0<\/td>\n<td style=\"border: 1px solid black; text-align: center; background-color: #e6e6e6; font-size: 14px;\">0<\/td>\n<\/tr>\n<\/table>\n<p>Legend\u0103:<\/p>\n<ul style=\"list-style-type: none;\">\n<li>r. s. = locuri repartizate statistic<\/li>\n<li>d. p. =  domenii prioritare de dezvoltare a Rom\u00e2niei<\/li>\n<li>m. r. = licee din mediul rural<\/li>\n<li>c. d. = formarea de cadre didactice<\/li>\n<li>B = buget<\/li>\n<li>TX = tax\u0103<\/li>\n<li>BB = buget cu burs\u0103<\/li>\n<li>BFB = buget f\u0103r\u0103 burs\u0103<\/li>\n<li>RO = candida\u021bi rom\u00e2ni, din uniunea european\u0103, confedera\u021bia elve\u021bian\u0103 \u0219i spa\u021biul economic european<\/li>\n<li>RP = rom\u00e2ni de pretutindeni<\/li>\n<\/ul>\n","protected":false},"excerpt":{"rendered":"<p>&nbsp; Domeniul de licen\u0163\u0103 Specializarea \/ Programul de studii universitare de licen\u0163\u0103 RO RP B TX BB BFB TX r.s. d.p. m.r. c.d. Fizic\u0103 Fizic\u0103 4 1 0 2 2 0 1 1 Fizic\u0103 informatic\u0103 8 4 0 0 3 1 1 1 Biofizic\u0103 5 2 0 0 2 0 0 1 Fizic\u0103 medical\u0103 8 4 0 0\u2026 <span class=\"read-more\"><a href=\"https:\/\/www.phys.uaic.ro\/old\/index.php\/admitere\/admitere-licenta\/admitere-licenta-iulie-2019\/organizare-admitere-licenta-iulie-2019\/numar-locuri-licenta-iulie-2019\/\">Read More &raquo;<\/a><\/span><\/p>\n","protected":false},"author":3,"featured_media":0,"parent":6720,"menu_order":0,"comment_status":"closed","ping_status":"closed","template":"","meta":{"footnotes":""},"class_list":["post-6722","page","type-page","status-publish","hentry"],"_links":{"self":[{"href":"https:\/\/www.phys.uaic.ro\/old\/index.php\/wp-json\/wp\/v2\/pages\/6722","targetHints":{"allow":["GET"]}}],"collection":[{"href":"https:\/\/www.phys.uaic.ro\/old\/index.php\/wp-json\/wp\/v2\/pages"}],"about":[{"href":"https:\/\/www.phys.uaic.ro\/old\/index.php\/wp-json\/wp\/v2\/types\/page"}],"author":[{"embeddable":true,"href":"https:\/\/www.phys.uaic.ro\/old\/index.php\/wp-json\/wp\/v2\/users\/3"}],"replies":[{"embeddable":true,"href":"https:\/\/www.phys.uaic.ro\/old\/index.php\/wp-json\/wp\/v2\/comments?post=6722"}],"version-history":[{"count":0,"href":"https:\/\/www.phys.uaic.ro\/old\/index.php\/wp-json\/wp\/v2\/pages\/6722\/revisions"}],"up":[{"embeddable":true,"href":"https:\/\/www.phys.uaic.ro\/old\/index.php\/wp-json\/wp\/v2\/pages\/6720"}],"wp:attachment":[{"href":"https:\/\/www.phys.uaic.ro\/old\/index.php\/wp-json\/wp\/v2\/media?parent=6722"}],"curies":[{"name":"wp","href":"https:\/\/api.w.org\/{rel}","templated":true}]}}