{"id":6742,"date":"2019-06-03T19:46:40","date_gmt":"2019-06-03T19:46:40","guid":{"rendered":"http:\/\/www.phys.uaic.ro\/?page_id=6742"},"modified":"2019-07-31T14:08:15","modified_gmt":"2019-07-31T14:08:15","slug":"rezultate-confirmate-admitere-licenta-iulie-2019","status":"publish","type":"page","link":"https:\/\/www.phys.uaic.ro\/old\/index.php\/admitere\/admitere-licenta\/admitere-licenta-iulie-2019\/rezultate-confirmate-admitere-licenta-iulie-2019\/","title":{"rendered":"Rezultate admitere la licen\u021b\u0103 dup\u0103 confirmarea locurilor iulie 2019"},"content":{"rendered":"<ul>\n<li><a href=\"http:\/\/www.phys.uaic.ro\/wp\/admitere\/iulie-2019\/rezultate-confirmate-buget-alfabetic-licenta-iulie-2019.pdf\">Rezultatele generale ale concursului de admitere: admi\u0219i, cu finan\u021bare de la buget &#8211; ordona\u021bi dup\u0103 nume \u0219i prenume, de la A la Z<\/a> <img decoding=\"async\" style=\"vertical-align: top; width: 20px; height: 20px;\" src=\"http:\/\/www.phys.uaic.ro\/wp\/imagini\/pdf-icon.png\" alt=\"pdf\" \/><\/li>\n<\/ul>\n<ul>\n<li><a href=\"http:\/\/www.phys.uaic.ro\/wp\/admitere\/iulie-2019\/rezultate-confirmate-taxe-alfabetic-licenta-iulie-2019.pdf\">Rezultatele generale ale concursului de admitere: admi\u0219i, cu finan\u021bare din taxe &#8211; ordona\u021bi dup\u0103 nume \u0219i prenume, de la A la Z<\/a> <img decoding=\"async\" style=\"vertical-align: top; width: 20px; height: 20px;\" src=\"http:\/\/www.phys.uaic.ro\/wp\/imagini\/pdf-icon.png\" alt=\"pdf\" \/><\/li>\n<\/ul>\n<ul>\n<li><a href=\"http:\/\/www.phys.uaic.ro\/wp\/admitere\/iulie-2019\/lista-confirmate-buget-licenta-iulie-2019.pdf\">Lista candida\u0163ilor admi\u0219i, cu finan\u0163are de la buget &#8211; ordona\u0163i dup\u0103 media general\u0103, descresc\u0103tor<\/a> <img decoding=\"async\" style=\"vertical-align: top; width: 20px; height: 20px;\" src=\"http:\/\/www.phys.uaic.ro\/wp\/imagini\/pdf-icon.png\" alt=\"pdf\" \/><\/li>\n<\/ul>\n","protected":false},"excerpt":{"rendered":"<p>Rezultatele generale ale concursului de admitere: admi\u0219i, cu finan\u021bare de la buget &#8211; ordona\u021bi dup\u0103 nume \u0219i prenume, de la A la Z Rezultatele generale ale concursului de admitere: admi\u0219i, cu finan\u021bare din taxe &#8211; ordona\u021bi dup\u0103 nume \u0219i prenume, de la A la Z Lista candida\u0163ilor admi\u0219i, cu finan\u0163are de la buget &#8211; ordona\u0163i dup\u0103 media general\u0103,\u2026 <span class=\"read-more\"><a href=\"https:\/\/www.phys.uaic.ro\/old\/index.php\/admitere\/admitere-licenta\/admitere-licenta-iulie-2019\/rezultate-confirmate-admitere-licenta-iulie-2019\/\">Read More &raquo;<\/a><\/span><\/p>\n","protected":false},"author":3,"featured_media":0,"parent":6718,"menu_order":0,"comment_status":"closed","ping_status":"closed","template":"","meta":{"footnotes":""},"class_list":["post-6742","page","type-page","status-publish","hentry"],"_links":{"self":[{"href":"https:\/\/www.phys.uaic.ro\/old\/index.php\/wp-json\/wp\/v2\/pages\/6742","targetHints":{"allow":["GET"]}}],"collection":[{"href":"https:\/\/www.phys.uaic.ro\/old\/index.php\/wp-json\/wp\/v2\/pages"}],"about":[{"href":"https:\/\/www.phys.uaic.ro\/old\/index.php\/wp-json\/wp\/v2\/types\/page"}],"author":[{"embeddable":true,"href":"https:\/\/www.phys.uaic.ro\/old\/index.php\/wp-json\/wp\/v2\/users\/3"}],"replies":[{"embeddable":true,"href":"https:\/\/www.phys.uaic.ro\/old\/index.php\/wp-json\/wp\/v2\/comments?post=6742"}],"version-history":[{"count":0,"href":"https:\/\/www.phys.uaic.ro\/old\/index.php\/wp-json\/wp\/v2\/pages\/6742\/revisions"}],"up":[{"embeddable":true,"href":"https:\/\/www.phys.uaic.ro\/old\/index.php\/wp-json\/wp\/v2\/pages\/6718"}],"wp:attachment":[{"href":"https:\/\/www.phys.uaic.ro\/old\/index.php\/wp-json\/wp\/v2\/media?parent=6742"}],"curies":[{"name":"wp","href":"https:\/\/api.w.org\/{rel}","templated":true}]}}