{"id":737,"date":"2018-02-17T23:26:20","date_gmt":"2018-02-17T23:26:20","guid":{"rendered":"http:\/\/www.phys.uaic.ro\/?page_id=737"},"modified":"2020-12-02T12:27:54","modified_gmt":"2020-12-02T12:27:54","slug":"cc-iparc","status":"publish","type":"page","link":"https:\/\/www.phys.uaic.ro\/old\/index.php\/cercetare\/centre-grupuri-cercetare\/cc-iparc\/","title":{"rendered":"Centrul de cercet\u0103ri avansate \u00een fizica plasmei din Ia\u0219i \u2013 IPARC"},"content":{"rendered":"<p><b>Coordonator<\/b><\/p>\n<ul>\n<li><a href=\"https:\/\/www.phys.uaic.ro\/index.php\/organizare\/personal-didactic\/lucel-sirghi\">Prof. Dr. habil. Lucel S\u00ceRGHI<\/a> (conduc\u0103tor doctorat)<\/li>\n<\/ul>\n<p><b>Membri permanen\u021bi<\/b><\/p>\n<ul>\n<li><a href=\"https:\/\/www.phys.uaic.ro\/index.php\/organizare\/personal-didactic\/gabriela-borcia\">Prof. Dr. habil. Gabriela BORCIA<\/a> (conduc\u0103tor doctorat)<\/li>\n<li><a href=\"https:\/\/www.phys.uaic.ro\/index.php\/organizare\/personal-didactic\/ionut-cristian-topala\">Conf. Dr. habil. Ionu\u021b Cristian TOPAL\u0102<\/a> (conduc\u0103tor doctorat)<\/li>\n<li><a href=\"https:\/\/www.phys.uaic.ro\/index.php\/organizare\/personal-didactic\/claudiu-costin\">Conf Dr. Claudiu COSTIN<\/a><\/li>\n<li><a href=\"https:\/\/www.phys.uaic.ro\/index.php\/organizare\/personal-didactic\/catalin-agheorghiesei\">Lect. Dr. C\u0103t\u0103lin AGHEORGHIESEI<\/a><\/li>\n<li><a href=\"https:\/\/www.phys.uaic.ro\/index.php\/organizare\/personal-didactic\/silvia-alina-chiper\">Lect. Dr. Silvia Alina CHIPER<\/a><\/li>\n<li><a href=\"https:\/\/www.phys.uaic.ro\/index.php\/organizare\/personal-didactic\/valentin-pohoata\">Lect. Dr. Valentin POHOA\u021a\u0102<\/a><\/li>\n<li><a href=\"https:\/\/www.phys.uaic.ro\/index.php\/organizare\/personal-didactic\/radu-paul-apetrei\">Lect. Dr. Radu Paul APETREI<\/a><\/li>\n<li><a href=\"https:\/\/www.phys.uaic.ro\/index.php\/organizare\/personal-didactic\/laura-velicu\">Lect. Dr. Laura VELICU<\/a><\/li>\n<\/ul>\n<p><b>Colaboratori<\/b> din cadrul Institutului de Cercet\u0103ri Interdisciplinare \u2013 ICI UAIC<\/p>\n<ul>\n<li>C.S.II Dr. Vasile TIRON<\/li>\n<li>C.S.III Dr. Ilarion MIH\u0102IL\u0102<\/li>\n<li>C.S.III Dr. Marius DOBROMIR<\/li>\n<\/ul>\n<p><b>Doctoranzi<\/b><\/p>\n<ul>\n<li>Drd. Alexandra BE\u0218LEAG\u0102<\/li>\n<li>Drd. Adina DASC\u0102LU<\/li>\n<li>Drd. Veronica CHIRIAC<\/li>\n<li>Drd. Cristina GERBER<\/li>\n<li>Drd. Crengu\u0163a BACAOANU<\/li>\n<li>Drd. Sabina TEODOROFF-ONESIM<\/li>\n<li>Drd. Gabriela \u021aIFUI<\/li>\n<li>Drd. Emma B\u00ceRLEANU<\/li>\n<li>Drd. Iustina HATESCU<\/li>\n<li>Drd. Roxana CIOBANU<\/li>\n<li>Drd. M\u0103d\u0103lina ALBU<\/li>\n<li>Drd. Bianca TATARCAN<\/li>\n<\/ul>\n<p><b>Membri onorifici<\/b><\/p>\n<ul>\n<li>Prof. Dr. Gheorghe POPA (conduc\u0103tor doctorat)<\/li>\n<li>Prof. Dr. Nicoleta DUMITRA\u0218CU (conduc\u0103tor doctorat)<\/li>\n<li>Prof. Dr. Dumitru LUCA (conduc\u0103tor doctorat)<\/li>\n<li>Conf. Dr. Dumitru ALEXANDROAEI<\/li>\n<li>Lect. Dr. Viorel ANI\u021aA<\/li>\n<li>Lect. Dr. Sorin TALA\u0218MAN<\/li>\n<\/ul>\n<p>Pagina web: <a href=\"http:\/\/www.plasma.uaic.ro\">http:\/\/www.plasma.uaic.ro<\/a><\/p>\n","protected":false},"excerpt":{"rendered":"<p>Coordonator Prof. Dr. habil. Lucel S\u00ceRGHI (conduc\u0103tor doctorat) Membri permanen\u021bi Prof. Dr. habil. Gabriela BORCIA (conduc\u0103tor doctorat) Conf. Dr. habil. Ionu\u021b Cristian TOPAL\u0102 (conduc\u0103tor doctorat) Conf Dr. Claudiu COSTIN Lect. Dr. C\u0103t\u0103lin AGHEORGHIESEI Lect. Dr. Silvia Alina CHIPER Lect. Dr. Valentin POHOA\u021a\u0102 Lect. Dr. Radu Paul APETREI Lect. Dr. Laura VELICU Colaboratori din cadrul Institutului de Cercet\u0103ri Interdisciplinare\u2026 <span class=\"read-more\"><a href=\"https:\/\/www.phys.uaic.ro\/old\/index.php\/cercetare\/centre-grupuri-cercetare\/cc-iparc\/\">Read More &raquo;<\/a><\/span><\/p>\n","protected":false},"author":3,"featured_media":0,"parent":136,"menu_order":0,"comment_status":"closed","ping_status":"closed","template":"","meta":{"footnotes":""},"class_list":["post-737","page","type-page","status-publish","hentry"],"_links":{"self":[{"href":"https:\/\/www.phys.uaic.ro\/old\/index.php\/wp-json\/wp\/v2\/pages\/737","targetHints":{"allow":["GET"]}}],"collection":[{"href":"https:\/\/www.phys.uaic.ro\/old\/index.php\/wp-json\/wp\/v2\/pages"}],"about":[{"href":"https:\/\/www.phys.uaic.ro\/old\/index.php\/wp-json\/wp\/v2\/types\/page"}],"author":[{"embeddable":true,"href":"https:\/\/www.phys.uaic.ro\/old\/index.php\/wp-json\/wp\/v2\/users\/3"}],"replies":[{"embeddable":true,"href":"https:\/\/www.phys.uaic.ro\/old\/index.php\/wp-json\/wp\/v2\/comments?post=737"}],"version-history":[{"count":0,"href":"https:\/\/www.phys.uaic.ro\/old\/index.php\/wp-json\/wp\/v2\/pages\/737\/revisions"}],"up":[{"embeddable":true,"href":"https:\/\/www.phys.uaic.ro\/old\/index.php\/wp-json\/wp\/v2\/pages\/136"}],"wp:attachment":[{"href":"https:\/\/www.phys.uaic.ro\/old\/index.php\/wp-json\/wp\/v2\/media?parent=737"}],"curies":[{"name":"wp","href":"https:\/\/api.w.org\/{rel}","templated":true}]}}