{"id":8845,"date":"2020-07-06T08:42:51","date_gmt":"2020-07-06T08:42:51","guid":{"rendered":"https:\/\/www.phys.uaic.ro\/?page_id=8845"},"modified":"2020-08-21T20:51:04","modified_gmt":"2020-08-21T20:51:04","slug":"conditii-admitere-taxe-licenta-iulie-2020","status":"publish","type":"page","link":"https:\/\/www.phys.uaic.ro\/old\/index.php\/admitere\/admitere-licenta\/admitere-licenta-iulie-2020\/organizare-admitere-licenta-iulie-2020\/conditii-admitere-taxe-licenta-iulie-2020\/","title":{"rendered":"Condi\u021bii de admitere \u0219i taxe la licen\u021b\u0103 iulie 2020"},"content":{"rendered":"<ul>\n<li><b>Condi\u0163iile de admitere<\/b>\n<ul>\n<li>Pentru domeniul <i>Fizic\u0103<\/i>: <b>Media de la bacalaureat<\/b> (100%)<br \/>\nCriteriu de departajare a candidatilor cu aceea\u015fi medie: nota la proba Fizic\u0103 sau Matematic\u0103\/Informatica\/Biologie din cadrul examenului de bacalaureat, \u00een func\u021bie de prima op\u021biune\n      <\/li>\n<li>Pentru domeniul <i>\u015etiin\u0163e inginere\u015fti aplicate<\/i>: <b>Media de la bacalaureat<\/b> (100%)<br \/>\nCriteriu de departajare a candidatilor cu aceea\u015fi medie: nota la proba Fizic\u0103 sau Matematic\u0103\/Informatic\u0103 din cadrul examenului de bacalaureat\n      <\/li>\n<li><a href=\"conditii-admitere-olimpici-licenta-iulie-2020\">Pentru <b><i>olimpici<\/i><\/b><\/a><\/li>\n<\/ul>\n<\/li>\n<\/ul>\n<ul>\n<li><b>Tax\u0103 de \u00eenscriere<\/b>\n<ul>\n<li>120 lei<br \/>\nNu se percepe tax\u0103 de \u00eenscriere pentru candida\u021bii cu premii la concursuri \u015fcolare agreate, care \u00ee\u015fi depun actele \u00een original la Facultatea de Fizic\u0103.<br \/>\nPlata taxei se poate efectua doar la BRD. \u00cen acest caz specifica\u021bi urmatoarele informa\u021bii:<\/p>\n<ul>\n<li>Cod IBAN: RO68 BRDE 240 SV 895 344 524 00;<\/li>\n<li>Cod tax\u0103 \u0219colarizare: 28 (Tax\u0103 admitere);<\/li>\n<li>Cod form\u0103 \u00eenv\u0103t\u0103m\u00e2nt: 01 (Licen\u021b\u0103 zi);<\/li>\n<li>Cod Facultatea de Fizic\u0103: 1261.<\/li>\n<\/ul>\n<\/li>\n<\/ul>\n<p><a href=\"http:\/\/www.phys.uaic.ro\/wp\/admitere\/plata-taxa-\u00eenscriere.pdf\">Informa\u021bii despre plata taxei de \u00eenscriere<\/a> <img decoding=\"async\" style=\"vertical-align: top; width: 20px; height: 20px;\" src=\"http:\/\/www.phys.uaic.ro\/wp\/imagini\/pdf-icon.png\" alt=\"pdf\" \/>\n   <\/li>\n<\/ul>\n<ul>\n<li><b>Tax\u0103 de \u015fcolarizare<\/b> pentru anul I, an universitar 2020 \u2013 2021:\n<ul>\n<li>3.000 lei<\/li>\n<\/ul>\n<\/li>\n<\/ul>\n","protected":false},"excerpt":{"rendered":"<p>Condi\u0163iile de admitere Pentru domeniul Fizic\u0103: Media de la bacalaureat (100%) Criteriu de departajare a candidatilor cu aceea\u015fi medie: nota la proba Fizic\u0103 sau Matematic\u0103\/Informatica\/Biologie din cadrul examenului de bacalaureat, \u00een func\u021bie de prima op\u021biune Pentru domeniul \u015etiin\u0163e inginere\u015fti aplicate: Media de la bacalaureat (100%) Criteriu de departajare a candidatilor cu aceea\u015fi medie: nota la proba Fizic\u0103 sau\u2026 <span class=\"read-more\"><a href=\"https:\/\/www.phys.uaic.ro\/old\/index.php\/admitere\/admitere-licenta\/admitere-licenta-iulie-2020\/organizare-admitere-licenta-iulie-2020\/conditii-admitere-taxe-licenta-iulie-2020\/\">Read More &raquo;<\/a><\/span><\/p>\n","protected":false},"author":3,"featured_media":0,"parent":8837,"menu_order":0,"comment_status":"closed","ping_status":"closed","template":"","meta":{"footnotes":""},"class_list":["post-8845","page","type-page","status-publish","hentry"],"_links":{"self":[{"href":"https:\/\/www.phys.uaic.ro\/old\/index.php\/wp-json\/wp\/v2\/pages\/8845","targetHints":{"allow":["GET"]}}],"collection":[{"href":"https:\/\/www.phys.uaic.ro\/old\/index.php\/wp-json\/wp\/v2\/pages"}],"about":[{"href":"https:\/\/www.phys.uaic.ro\/old\/index.php\/wp-json\/wp\/v2\/types\/page"}],"author":[{"embeddable":true,"href":"https:\/\/www.phys.uaic.ro\/old\/index.php\/wp-json\/wp\/v2\/users\/3"}],"replies":[{"embeddable":true,"href":"https:\/\/www.phys.uaic.ro\/old\/index.php\/wp-json\/wp\/v2\/comments?post=8845"}],"version-history":[{"count":0,"href":"https:\/\/www.phys.uaic.ro\/old\/index.php\/wp-json\/wp\/v2\/pages\/8845\/revisions"}],"up":[{"embeddable":true,"href":"https:\/\/www.phys.uaic.ro\/old\/index.php\/wp-json\/wp\/v2\/pages\/8837"}],"wp:attachment":[{"href":"https:\/\/www.phys.uaic.ro\/old\/index.php\/wp-json\/wp\/v2\/media?parent=8845"}],"curies":[{"name":"wp","href":"https:\/\/api.w.org\/{rel}","templated":true}]}}