{"id":9618,"date":"2020-08-22T00:14:05","date_gmt":"2020-08-22T00:14:05","guid":{"rendered":"https:\/\/www.phys.uaic.ro\/?page_id=9618"},"modified":"2021-08-11T11:47:11","modified_gmt":"2021-08-11T11:47:11","slug":"numar-locuri-master-septembrie-2020","status":"publish","type":"page","link":"https:\/\/www.phys.uaic.ro\/old\/index.php\/admitere\/admitere-master\/admitere-master-septembrie-2020\/organizare-admitere-master-septembrie-2020\/numar-locuri-master-septembrie-2020\/","title":{"rendered":"Num\u0103rul de locuri la master septembrie 2020"},"content":{"rendered":"<p>&nbsp;<\/p>\n<table style=\"border: 1px solid black; color: black; font-size: 10px;\">\n<tbody>\n<tr>\n<td style=\"border: 1px solid black;\" rowspan=\"2\">Domeniul de master<\/td>\n<td style=\"border: 1px solid black;\" rowspan=\"2\">Specializarea\/Programul de studii universitare de master<\/td>\n<td style=\"border: 1px solid black; text-align: center;\" rowspan=\"2\">Limba de predare<\/td>\n<td style=\"border: 1px solid black; text-align: center;\" rowspan=\"2\">Forma de invatamant<\/td>\n<td style=\"border: 1px solid black; text-align: center;\" rowspan=\"2\">Numar credite<\/td>\n<td style=\"border: 1px solid black; text-align: center;\" colspan=\"2\">Numar locuri<\/td>\n<\/tr>\n<tr>\n<td style=\"border: 1px solid black; text-align: center;\">Buget<\/td>\n<td style=\"border: 1px solid black; text-align: center;\">Taxa<\/td>\n<\/tr>\n<tr>\n<td style=\"border: 1px solid black; font-size: 13px;\" rowspan=\"4\">Fizic\u0103<\/td>\n<td style=\"border: 1px solid black; font-size: 13px;\">Fizic\u0103 pentru tehnologii avansate<\/td>\n<td style=\"border: 1px solid black; text-align: center;\">Englez\u0103<\/td>\n<td style=\"border: 1px solid black; text-align: center;\">IF<\/td>\n<td style=\"border: 1px solid black; text-align: center;\">120<\/td>\n<td style=\"border: 1px solid black; font-size: 14px; text-align: center;\" rowspan=\"2\">1<\/td>\n<td style=\"border: 1px solid black; font-size: 14px; text-align: center;\" rowspan=\"2\">6<\/td>\n<\/tr>\n<tr>\n<td style=\"border: 1px solid black; font-size: 13px;\">Biofizic\u0103 \u0219i Fizic\u0103 medical\u0103<\/td>\n<td style=\"border: 1px solid black; text-align: center;\">Englez\u0103<\/td>\n<td style=\"border: 1px solid black; text-align: center;\">IF<\/td>\n<td style=\"border: 1px solid black; text-align: center;\">120<\/td>\n<\/tr>\n<tr>\n<td style=\"border: 1px solid black; font-size: 13px;\">Metode fizice aplicate \u00een kinetoterapie \u0219i recuparere medical\u0103<\/td>\n<td style=\"border: 1px solid black; text-align: center;\">Romana<\/td>\n<td style=\"border: 1px solid black; text-align: center;\">IF<\/td>\n<td style=\"border: 1px solid black; text-align: center;\">120<\/td>\n<td style=\"border: 1px solid black; font-size: 14px; text-align: center;\" rowspan=\"3\">0<\/td>\n<td style=\"border: 1px solid black; font-size: 14px; text-align: center;\" rowspan=\"3\">20<\/td>\n<\/tr>\n<tr>\n<td style=\"border: 1px solid black; font-size: 13px;\">Optic\u0103 \u0219i optometrie<\/td>\n<td style=\"border: 1px solid black; text-align: center;\">Romana<\/td>\n<td style=\"border: 1px solid black; text-align: center;\">IF<\/td>\n<td style=\"border: 1px solid black; text-align: center;\">120<\/td>\n<\/tr>\n<tr>\n<td style=\"border: 1px solid black;\"><\/td>\n<td style=\"border: 1px solid black; font-size: 13px;\">\u0218tiin\u021be (interdisciplinar, cu domeniile: Biologie \u0219i Chimie)<\/td>\n<td style=\"border: 1px solid black; text-align: center;\">Romana<\/td>\n<td style=\"border: 1px solid black; text-align: center;\">IF<\/td>\n<td style=\"border: 1px solid black; text-align: center;\">120<\/td>\n<\/tr>\n<\/tbody>\n<\/table>\n","protected":false},"excerpt":{"rendered":"<p>&nbsp; Domeniul de master Specializarea\/Programul de studii universitare de master Limba de predare Forma de invatamant Numar credite Numar locuri Buget Taxa Fizic\u0103 Fizic\u0103 pentru tehnologii avansate Englez\u0103 IF 120 1 6 Biofizic\u0103 \u0219i Fizic\u0103 medical\u0103 Englez\u0103 IF 120 Metode fizice aplicate \u00een kinetoterapie \u0219i recuparere medical\u0103 Romana IF 120 0 20 Optic\u0103 \u0219i optometrie Romana IF 120\u2026 <span class=\"read-more\"><a href=\"https:\/\/www.phys.uaic.ro\/old\/index.php\/admitere\/admitere-master\/admitere-master-septembrie-2020\/organizare-admitere-master-septembrie-2020\/numar-locuri-master-septembrie-2020\/\">Read More &raquo;<\/a><\/span><\/p>\n","protected":false},"author":3,"featured_media":0,"parent":9586,"menu_order":0,"comment_status":"closed","ping_status":"closed","template":"","meta":{"footnotes":""},"class_list":["post-9618","page","type-page","status-publish","hentry"],"_links":{"self":[{"href":"https:\/\/www.phys.uaic.ro\/old\/index.php\/wp-json\/wp\/v2\/pages\/9618","targetHints":{"allow":["GET"]}}],"collection":[{"href":"https:\/\/www.phys.uaic.ro\/old\/index.php\/wp-json\/wp\/v2\/pages"}],"about":[{"href":"https:\/\/www.phys.uaic.ro\/old\/index.php\/wp-json\/wp\/v2\/types\/page"}],"author":[{"embeddable":true,"href":"https:\/\/www.phys.uaic.ro\/old\/index.php\/wp-json\/wp\/v2\/users\/3"}],"replies":[{"embeddable":true,"href":"https:\/\/www.phys.uaic.ro\/old\/index.php\/wp-json\/wp\/v2\/comments?post=9618"}],"version-history":[{"count":0,"href":"https:\/\/www.phys.uaic.ro\/old\/index.php\/wp-json\/wp\/v2\/pages\/9618\/revisions"}],"up":[{"embeddable":true,"href":"https:\/\/www.phys.uaic.ro\/old\/index.php\/wp-json\/wp\/v2\/pages\/9586"}],"wp:attachment":[{"href":"https:\/\/www.phys.uaic.ro\/old\/index.php\/wp-json\/wp\/v2\/media?parent=9618"}],"curies":[{"name":"wp","href":"https:\/\/api.w.org\/{rel}","templated":true}]}}